{"id":99883,"date":"2024-12-15T11:11:26","date_gmt":"2024-12-15T11:11:26","guid":{"rendered":"https:\/\/www.otiumhome.fi\/?p=99883"},"modified":"2025-06-06T15:43:46","modified_gmt":"2025-06-06T15:43:46","slug":"konsolipoyta-noain-a-muotoiset-jalat-120x30x75-cm","status":"publish","type":"product","link":"https:\/\/www.otiumhome.fi\/index.php\/tuote\/konsolipoyta-noain-a-muotoiset-jalat-120x30x75-cm\/","title":{"rendered":"konsolip\u00f6yt\u00e4 NOAIN A-muotoiset jalat 120x30x75 cm"},"content":{"rendered":"<p>P\u00e4ivit\u00e4 asuintilasi massiivim\u00e4ntypuukonsolip\u00f6yd\u00e4ll\u00e4, joka on suunniteltu yhdist\u00e4m\u00e4\u00e4n aitoa vetovoimaa ja k\u00e4yt\u00e4nn\u00f6llisyytt\u00e4.<\/p>\n<\/p>\n<ul>\n<li>Vakaa ja kest\u00e4v\u00e4 materiaali: Massiivim\u00e4ntypuu tunnetaan lujuudestaan ja kest\u00e4vyydest\u00e4\u00e4n.<\/li>\n<li>K\u00e4yt\u00e4nn\u00f6llinen p\u00f6yt\u00e4taso: Eteisen p\u00f6yd\u00e4n tukeva p\u00f6yt\u00e4levy sopii t\u00e4ydellisesti valokuvakehysten, juomien, lehtien ja muiden koriste-esineiden sijoittamiseen.<\/li>\n<li>Tukevat p\u00f6yd\u00e4n jalat: Puiset A-muotoiset jalat eiv\u00e4t vain tarjoa rustiikkista estetiikkaa, vaan tarjoavat my\u00f6s poikkeuksellista tukea ja vakautta p\u00f6yd\u00e4lle.<\/li>\n<li>Monipuolinen k\u00e4ytt\u00f6: Eteisen p\u00f6yt\u00e4 tarjoaa k\u00e4yt\u00e4nn\u00f6llist\u00e4 toimivuutta, k\u00e4ytettiinp\u00e4 sit\u00e4 sis\u00e4\u00e4ntulon j\u00e4rjest\u00e4j\u00e4n\u00e4, esittelypinnana sisustukseen tai ty\u00f6tilaksi k\u00e4yt\u00e4v\u00e4ss\u00e4 tai olohuoneessa. Sen vankka runko ja maalaismainen muotoilu tekev\u00e4t siit\u00e4 t\u00e4ydellisen istuvuuden erilaisiin tiloihin yhdist\u00e4en k\u00e4yt\u00e4nn\u00f6llisyyden ja luonnollisen vieh\u00e4tyksen.<\/li>\n<li>Helppo huoltaa: Sile\u00e4n pinnan ansiosta sis\u00e4\u00e4ntulop\u00f6yt\u00e4 on helppo puhdistaa kostealla liinalla ja vaatii v\u00e4hemm\u00e4n huoltoa.<\/li>\n<\/ul>\n<ul>\n<li>P\u00f6yt\u00e4levyn v\u00e4ri: Natural<\/li>\n<li>P\u00f6yd\u00e4n jalkojen v\u00e4ri: Musta<\/li>\n<li>Materiaali: T\u00e4ysi m\u00e4nty<\/li>\n<li>Kokonaismitat: 120 x 30 x 75 cm (L x S x K)<\/li>\n<li>Pohjatyyppi: A-muotoiset jalat<\/li>\n<li>Alueen nimi: NOAIN<\/li>\n<li>Asennus vaaditaan: Kyll\u00e4<\/li>\n<\/ul>\n","protected":false},"excerpt":{"rendered":"<ul>\n<li>P\u00f6yt\u00e4levyn v\u00e4ri: Natural<\/li>\n<li>P\u00f6yd\u00e4n jalkojen v\u00e4ri: Musta<\/li>\n<li>Materiaali: T\u00e4ysi m\u00e4nty<\/li>\n<li>Kokonaismitat: 120 x 30 x 75 cm (L x S x K)<\/li>\n<li>Pohjatyyppi: A-muotoiset jalat<\/li>\n<li>Alueen nimi: NOAIN<\/li>\n<li>Asennus vaaditaan: Kyll\u00e4<\/li>\n<\/ul>\n","protected":false},"featured_media":10000099883,"comment_status":"closed","ping_status":"closed","template":"","meta":[],"product_brand":[],"product_cat":[84,8559,8533],"product_tag":[],"class_list":{"0":"post-99883","1":"product","2":"type-product","3":"status-publish","4":"has-post-thumbnail","6":"product_cat-huonekalut","7":"product_cat-konsolipoydat","8":"product_cat-sivupoydat","10":"first","11":"instock","12":"taxable","13":"shipping-taxable","14":"purchasable","15":"product-type-simple"},"_links":{"self":[{"href":"https:\/\/www.otiumhome.fi\/index.php\/wp-json\/wp\/v2\/product\/99883","targetHints":{"allow":["GET"]}}],"collection":[{"href":"https:\/\/www.otiumhome.fi\/index.php\/wp-json\/wp\/v2\/product"}],"about":[{"href":"https:\/\/www.otiumhome.fi\/index.php\/wp-json\/wp\/v2\/types\/product"}],"replies":[{"embeddable":true,"href":"https:\/\/www.otiumhome.fi\/index.php\/wp-json\/wp\/v2\/comments?post=99883"}],"wp:featuredmedia":[{"embeddable":true,"href":"https:\/\/www.otiumhome.fi\/index.php\/wp-json\/"}],"wp:attachment":[{"href":"https:\/\/www.otiumhome.fi\/index.php\/wp-json\/wp\/v2\/media?parent=99883"}],"wp:term":[{"taxonomy":"product_brand","embeddable":true,"href":"https:\/\/www.otiumhome.fi\/index.php\/wp-json\/wp\/v2\/product_brand?post=99883"},{"taxonomy":"product_cat","embeddable":true,"href":"https:\/\/www.otiumhome.fi\/index.php\/wp-json\/wp\/v2\/product_cat?post=99883"},{"taxonomy":"product_tag","embeddable":true,"href":"https:\/\/www.otiumhome.fi\/index.php\/wp-json\/wp\/v2\/product_tag?post=99883"}],"curies":[{"name":"wp","href":"https:\/\/api.w.org\/{rel}","templated":true}]}}