{"id":99853,"date":"2024-12-15T11:11:22","date_gmt":"2024-12-15T11:11:22","guid":{"rendered":"https:\/\/www.otiumhome.fi\/?p=99853"},"modified":"2025-10-05T00:27:40","modified_gmt":"2025-10-05T00:27:40","slug":"kokoontaittuva-rahi-musta-alumiini-ja-textilene","status":"publish","type":"product","link":"https:\/\/www.otiumhome.fi\/index.php\/tuote\/kokoontaittuva-rahi-musta-alumiini-ja-textilene\/","title":{"rendered":"Kokoontaittuva rahi musta alumiini ja textilene"},"content":{"rendered":"<p>T\u00e4ss\u00e4 jalkarahissa on tyylik\u00e4s ja ajaton muotoilu ja se on erinomainen lis\u00e4 puutarhasi kalustukseen.<\/p>\n<\/p>\n<p>Alumiinirunko tekee jalkarahista eritt\u00e4in lujatekoisen ja kest\u00e4v\u00e4n. Materiaali on pehme\u00e4 koskettaa ja s\u00e4\u00e4nkest\u00e4v\u00e4, sopien siis ulkok\u00e4ytt\u00f6\u00f6n. Sen kevyen rakenteen ansiosta t\u00e4t\u00e4 jalkarahia on helppo siirrell\u00e4 ja taittaa kokoon, kun se ei ole k\u00e4yt\u00f6ss\u00e4.<\/p>\n<\/p>\n<p>Nosta jalkasi yl\u00f6s t\u00e4lle mukavalle ja k\u00e4yt\u00e4nn\u00f6lliselle jalkarahille, kun rentoudut puutarhassasi!<\/p>\n<ul>\n<li>V\u00e4ri: musta<\/li>\n<li>Materiaali: Alumiinirunko + tekstiili<\/li>\n<li>Mitat: 41 x 49,5 x 38 cm (L x S x K)<\/li>\n<li>Mitat (Kokoontaitettuna): 56 x 49,5 x 9 cm (P x L x K)<\/li>\n<li>S\u00e4\u00e4nkest\u00e4v\u00e4<\/li>\n<li>Tukeva ja kest\u00e4v\u00e4<\/li>\n<li>Tekstiili: Polyesteri: 30%, Polyvinyylikloridi: 70%<\/li>\n<\/ul>\n<p> Enint\u00e4\u00e4n 110 kg per istuin.<\/p>\n","protected":false},"excerpt":{"rendered":"<ul>\n<li>V\u00e4ri: musta<\/li>\n<li>Materiaali: Alumiinirunko + tekstiili<\/li>\n<li>Mitat: 41 x 49,5 x 38 cm (L x S x K)<\/li>\n<li>Mitat (Kokoontaitettuna): 56 x 49,5 x 9 cm (P x L x K)<\/li>\n<li>S\u00e4\u00e4nkest\u00e4v\u00e4<\/li>\n<li>Tukeva ja kest\u00e4v\u00e4<\/li>\n<li>Tekstiili: Polyesteri: 30%, Polyvinyylikloridi: 70%<\/li>\n<\/ul>\n","protected":false},"featured_media":10000099853,"comment_status":"closed","ping_status":"closed","template":"","meta":[],"product_brand":[],"product_cat":[84,8558],"product_tag":[],"class_list":{"0":"post-99853","1":"product","2":"type-product","3":"status-publish","4":"has-post-thumbnail","6":"product_cat-huonekalut","7":"product_cat-kokoontaitettavat-tuolit-jakkarat","9":"first","10":"outofstock","11":"taxable","12":"shipping-taxable","13":"purchasable","14":"product-type-simple"},"_links":{"self":[{"href":"https:\/\/www.otiumhome.fi\/index.php\/wp-json\/wp\/v2\/product\/99853","targetHints":{"allow":["GET"]}}],"collection":[{"href":"https:\/\/www.otiumhome.fi\/index.php\/wp-json\/wp\/v2\/product"}],"about":[{"href":"https:\/\/www.otiumhome.fi\/index.php\/wp-json\/wp\/v2\/types\/product"}],"replies":[{"embeddable":true,"href":"https:\/\/www.otiumhome.fi\/index.php\/wp-json\/wp\/v2\/comments?post=99853"}],"wp:featuredmedia":[{"embeddable":true,"href":"https:\/\/www.otiumhome.fi\/index.php\/wp-json\/"}],"wp:attachment":[{"href":"https:\/\/www.otiumhome.fi\/index.php\/wp-json\/wp\/v2\/media?parent=99853"}],"wp:term":[{"taxonomy":"product_brand","embeddable":true,"href":"https:\/\/www.otiumhome.fi\/index.php\/wp-json\/wp\/v2\/product_brand?post=99853"},{"taxonomy":"product_cat","embeddable":true,"href":"https:\/\/www.otiumhome.fi\/index.php\/wp-json\/wp\/v2\/product_cat?post=99853"},{"taxonomy":"product_tag","embeddable":true,"href":"https:\/\/www.otiumhome.fi\/index.php\/wp-json\/wp\/v2\/product_tag?post=99853"}],"curies":[{"name":"wp","href":"https:\/\/api.w.org\/{rel}","templated":true}]}}