{"id":99851,"date":"2024-12-15T11:11:22","date_gmt":"2024-12-15T11:11:22","guid":{"rendered":"https:\/\/www.otiumhome.fi\/?p=99851"},"modified":"2025-06-06T15:43:43","modified_gmt":"2025-06-06T15:43:43","slug":"ruokapoydan-tuolit-taitettavat-4-kpl-corona-valk-taysi-manty","status":"publish","type":"product","link":"https:\/\/www.otiumhome.fi\/index.php\/tuote\/ruokapoydan-tuolit-taitettavat-4-kpl-corona-valk-taysi-manty\/","title":{"rendered":"Ruokap\u00f6yd\u00e4n tuolit taitettavat 4 kpl Corona valk. t\u00e4ysi m\u00e4nty"},"content":{"rendered":"<p>N\u00e4m\u00e4 tyylikk\u00e4\u00e4t puiset ruokap\u00f6yd\u00e4n tuolit ovat ajaton lis\u00e4 sisustukseesi.<\/p>\n<\/p>\n<ul>\n<li>Tukeva ja pitk\u00e4ik\u00e4inen: Ruokap\u00f6yd\u00e4n tuoli on valmistettu kest\u00e4v\u00e4st\u00e4 m\u00e4nnyst\u00e4 ja teknisest\u00e4 puusta, mik\u00e4 tekee siit\u00e4 tukevan ja pitk\u00e4ik\u00e4isen.<\/li>\n<li>Mukava jalkatuki: Integroitu jalkatuki tarjoaa lis\u00e4\u00e4 tukea ja mukavuutta.<\/li>\n<li>Kokoontaittuva muotoilu: Istuin voidaan taittaa helposti kokoon k\u00e4tev\u00e4\u00e4 s\u00e4ilytyst\u00e4 ja kuljetusta varten.<\/li>\n<li>Helppo hoitaa: Sile\u00e4n pinnan ansiosta ruokatuoli on helppo puhdistaa kostealla liinalla ja se tarvitsee vain v\u00e4h\u00e4ist\u00e4 huoltoa.<\/li>\n<li>Laaja k\u00e4ytt\u00f6: Ruokap\u00f6yd\u00e4n tuoleissa on minimalistinen muotoilu, joka sopii talosi mihin tahansa huoneeseen. Niit\u00e4 voidaan k\u00e4ytt\u00e4\u00e4 keitti\u00f6ss\u00e4, ruokasalissa, olohuoneessa, jne.<\/li>\n<\/ul>\n<ul>\n<li>V\u00e4ri: Hunajavahanruskea ja valkoinen<\/li>\n<li>Materiaali: T\u00e4ysi m\u00e4nty ja tekninen puu<\/li>\n<li>Mitat (avattuna): 40 x 47 x 71,5 cm (L x S x K)<\/li>\n<li>Mitat (taitettuna): 84,5 x 40 x 7,5 cm (P x L x K)<\/li>\n<li>Istuimen leveys: 35 cm<\/li>\n<li>Istuimen syvyys: 35 cm<\/li>\n<li>Istuimen korkeus maasta: 43 cm<\/li>\n<li>Selk\u00e4nojan korkeus maasta: 69 cm<\/li>\n<li>Maksimikantavuus (per istuin): 110 kg<\/li>\n<li>Kokoontaitettava<\/li>\n<li>Mallisto: Corona<\/li>\n<li>Asennus vaaditaan: Kyll\u00e4<\/li>\n<li><strong>Toimitus sis\u00e4lt\u00e4\u00e4:<\/strong><\/li>\n<li>4 x kokoontaitettava tuoli<\/li>\n<\/ul>\n","protected":false},"excerpt":{"rendered":"<ul>\n<li>V\u00e4ri: Hunajavahanruskea ja valkoinen<\/li>\n<li>Materiaali: T\u00e4ysi m\u00e4nty ja tekninen puu<\/li>\n<li>Mitat (avattuna): 40 x 47 x 71,5 cm (L x S x K)<\/li>\n<li>Mitat (taitettuna): 84,5 x 40 x 7,5 cm (P x L x K)<\/li>\n<li>Istuimen leveys: 35 cm<\/li>\n<li>Istuimen syvyys: 35 cm<\/li>\n<li>Istuimen korkeus maasta: 43 cm<\/li>\n<li>Selk\u00e4nojan korkeus maasta: 69 cm<\/li>\n<li>Maksimikantavuus (per istuin): 110 kg<\/li>\n<li>Kokoontaitettava<\/li>\n<li>Mallisto: Corona<\/li>\n<li>Asennus vaaditaan: Kyll\u00e4<\/li>\n<li><strong>Toimitus sis\u00e4lt\u00e4\u00e4:<\/strong><\/li>\n<li>4 x kokoontaitettava tuoli<\/li>\n<\/ul>\n","protected":false},"featured_media":10000099851,"comment_status":"closed","ping_status":"closed","template":"","meta":[],"product_brand":[],"product_cat":[84,8558],"product_tag":[],"class_list":{"0":"post-99851","1":"product","2":"type-product","3":"status-publish","4":"has-post-thumbnail","6":"product_cat-huonekalut","7":"product_cat-kokoontaitettavat-tuolit-jakkarat","9":"first","10":"instock","11":"taxable","12":"shipping-taxable","13":"purchasable","14":"product-type-simple"},"_links":{"self":[{"href":"https:\/\/www.otiumhome.fi\/index.php\/wp-json\/wp\/v2\/product\/99851","targetHints":{"allow":["GET"]}}],"collection":[{"href":"https:\/\/www.otiumhome.fi\/index.php\/wp-json\/wp\/v2\/product"}],"about":[{"href":"https:\/\/www.otiumhome.fi\/index.php\/wp-json\/wp\/v2\/types\/product"}],"replies":[{"embeddable":true,"href":"https:\/\/www.otiumhome.fi\/index.php\/wp-json\/wp\/v2\/comments?post=99851"}],"wp:featuredmedia":[{"embeddable":true,"href":"https:\/\/www.otiumhome.fi\/index.php\/wp-json\/"}],"wp:attachment":[{"href":"https:\/\/www.otiumhome.fi\/index.php\/wp-json\/wp\/v2\/media?parent=99851"}],"wp:term":[{"taxonomy":"product_brand","embeddable":true,"href":"https:\/\/www.otiumhome.fi\/index.php\/wp-json\/wp\/v2\/product_brand?post=99851"},{"taxonomy":"product_cat","embeddable":true,"href":"https:\/\/www.otiumhome.fi\/index.php\/wp-json\/wp\/v2\/product_cat?post=99851"},{"taxonomy":"product_tag","embeddable":true,"href":"https:\/\/www.otiumhome.fi\/index.php\/wp-json\/wp\/v2\/product_tag?post=99851"}],"curies":[{"name":"wp","href":"https:\/\/api.w.org\/{rel}","templated":true}]}}