{"id":99839,"date":"2024-12-15T11:11:21","date_gmt":"2024-12-15T11:11:21","guid":{"rendered":"https:\/\/www.otiumhome.fi\/?p=99839"},"modified":"2025-12-14T06:21:39","modified_gmt":"2025-12-14T06:21:39","slug":"sailytysjakkara-taysi-tiikki","status":"publish","type":"product","link":"https:\/\/www.otiumhome.fi\/index.php\/tuote\/sailytysjakkara-taysi-tiikki\/","title":{"rendered":"S\u00e4ilytysjakkara t\u00e4ysi tiikki"},"content":{"rendered":"<p>Lujatekoinen s\u00e4ilytysjakkara on ajaton lis\u00e4 kodin sisustukseen. Rustiikkinen mosaiikkimuotoilu on takuulla erottuva!<\/p>\n<\/p>\n<p>Kompaktia jakkaraa voidaan k\u00e4ytt\u00e4\u00e4 lis\u00e4ksi y\u00f6p\u00f6yt\u00e4n\u00e4, jossa voi s\u00e4ilytt\u00e4\u00e4 kirjat, aikakauslehdet ja muut tarpeelliset esineet. Integroitu s\u00e4ilytystila pit\u00e4\u00e4 tavarat j\u00e4rjestyksess\u00e4 ja k\u00e4den ulottuvilla. Siin\u00e4 on lis\u00e4ksi vakaa pinta, jolle voi asettaa juomat, maljakot, hedelm\u00e4korit tai muut koriste-esineet. Eritt\u00e4in kest\u00e4v\u00e4st\u00e4 tiikist\u00e4 valmistettu huonekalu on ik\u00e4\u00e4ntynytt\u00e4, uunikuivattu ja hienohiottu eritt\u00e4in sile\u00e4n ulkomuodon takaamiseksi. Tiikki tunnetaan poikkeuksellisesta vankkuudestaan ja s\u00e4\u00e4nkest\u00e4vyydest\u00e4\u00e4n, joten t\u00e4m\u00e4 tuote on erinomainen valinta, jos kaipaat pitk\u00e4ik\u00e4ist\u00e4 puutarhahuonekalua.<\/p>\n<\/p>\n<p>T\u00e4rke\u00e4 huomio: V\u00e4rit ja pintakuviot saattavat vaihdella kappaleesta toiseen tehden jokaisesta kappaleesta ainutlaatuisen ja hieman erilaisen kuin muut; toimitus on satunnainen.<\/p>\n<ul>\n<li>V\u00e4ri: luonnollinen puunv\u00e4ri<\/li>\n<li>Materiaali: t\u00e4ysi tiikkipuu<\/li>\n<li>Mitat: 40 x 40 x 45 cm (P x L x K)<\/li>\n<li>S\u00e4ilytystilaa suojaa kansi<\/li>\n<\/ul>\n","protected":false},"excerpt":{"rendered":"<ul>\n<li>V\u00e4ri: luonnollinen puunv\u00e4ri<\/li>\n<li>Materiaali: t\u00e4ysi tiikkipuu<\/li>\n<li>Mitat: 40 x 40 x 45 cm (P x L x K)<\/li>\n<li>S\u00e4ilytystilaa suojaa kansi<\/li>\n<\/ul>\n","protected":false},"featured_media":10000099839,"comment_status":"closed","ping_status":"closed","template":"","meta":[],"product_brand":[],"product_cat":[84,8558],"product_tag":[],"class_list":{"0":"post-99839","1":"product","2":"type-product","3":"status-publish","4":"has-post-thumbnail","6":"product_cat-huonekalut","7":"product_cat-kokoontaitettavat-tuolit-jakkarat","9":"first","10":"instock","11":"taxable","12":"shipping-taxable","13":"purchasable","14":"product-type-simple"},"_links":{"self":[{"href":"https:\/\/www.otiumhome.fi\/index.php\/wp-json\/wp\/v2\/product\/99839","targetHints":{"allow":["GET"]}}],"collection":[{"href":"https:\/\/www.otiumhome.fi\/index.php\/wp-json\/wp\/v2\/product"}],"about":[{"href":"https:\/\/www.otiumhome.fi\/index.php\/wp-json\/wp\/v2\/types\/product"}],"replies":[{"embeddable":true,"href":"https:\/\/www.otiumhome.fi\/index.php\/wp-json\/wp\/v2\/comments?post=99839"}],"wp:featuredmedia":[{"embeddable":true,"href":"https:\/\/www.otiumhome.fi\/index.php\/wp-json\/"}],"wp:attachment":[{"href":"https:\/\/www.otiumhome.fi\/index.php\/wp-json\/wp\/v2\/media?parent=99839"}],"wp:term":[{"taxonomy":"product_brand","embeddable":true,"href":"https:\/\/www.otiumhome.fi\/index.php\/wp-json\/wp\/v2\/product_brand?post=99839"},{"taxonomy":"product_cat","embeddable":true,"href":"https:\/\/www.otiumhome.fi\/index.php\/wp-json\/wp\/v2\/product_cat?post=99839"},{"taxonomy":"product_tag","embeddable":true,"href":"https:\/\/www.otiumhome.fi\/index.php\/wp-json\/wp\/v2\/product_tag?post=99839"}],"curies":[{"name":"wp","href":"https:\/\/api.w.org\/{rel}","templated":true}]}}