{"id":99795,"date":"2024-12-15T11:11:16","date_gmt":"2024-12-15T11:11:16","guid":{"rendered":"https:\/\/www.otiumhome.fi\/?p=99795"},"modified":"2025-06-06T15:43:42","modified_gmt":"2025-06-06T15:43:42","slug":"tapetointipoytasarja-3-kpl-kokoontaitettava-korkeussaadettava","status":"publish","type":"product","link":"https:\/\/www.otiumhome.fi\/index.php\/tuote\/tapetointipoytasarja-3-kpl-kokoontaitettava-korkeussaadettava\/","title":{"rendered":"Tapetointip\u00f6yt\u00e4sarja 3 kpl kokoontaitettava korkeuss\u00e4\u00e4dett\u00e4v\u00e4"},"content":{"rendered":"<p>T\u00e4h\u00e4n tapetointip\u00f6yt\u00e4sarjaan kuuluu 3 korkeuss\u00e4\u00e4dett\u00e4v\u00e4\u00e4 p\u00f6yt\u00e4\u00e4. Se sopii ihanteellisesti moneen eri k\u00e4ytt\u00f6tarkoitukseen kuten tapetin liister\u00f6intiin, kodin sisustukseen, taideprojekteihin, materiaalien mittaukseen ja moneen muuhun!  <\/p>\n<\/p>\n<p>Helposti puhdistettavaa MDF-p\u00f6yt\u00e4levy\u00e4 tukee rautajalat ja vahvat sek\u00e4 kevyet alumiinituet, joten p\u00f6yt\u00e4sarja on todella kest\u00e4v\u00e4 ja vakaa. Sen enimm\u00e4iskantavuus on 30 kg ja p\u00f6ytien korkeus on s\u00e4\u00e4dett\u00e4viss\u00e4: 73 \/ 80 \/ 87 \/ 94 cm.<\/p>\n<\/p>\n<p>N\u00e4m\u00e4 3 p\u00f6yt\u00e4\u00e4 voidaan kiinnitt\u00e4\u00e4 toisiinsa toimitukseen sis\u00e4ltyvill\u00e4 koukuilla. Kaikki 3 p\u00f6yt\u00e4\u00e4 ovat kokoontaitettavia, ja ne on helppo s\u00e4ilytt\u00e4\u00e4 silloin kun niit\u00e4 ei k\u00e4ytet\u00e4.    <\/p>\n<ul>\n<div>\n<div>\n<li>Sis\u00e4lt\u00e4\u00e4 3 kokoontaitettavaa p\u00f6yt\u00e4\u00e4<\/li>\n<li>P\u00f6yt\u00e4levyn koko: 100 x 60 cm<\/li>\n<li>S\u00e4\u00e4dett\u00e4v\u00e4 korkeus: 73\/80\/87\/94 cm<\/li>\n<li>MDF-p\u00f6yt\u00e4levy + alumiini- &amp; rautajalat<\/li>\n<li>V\u00e4ri: musta<\/li>\n<li>Enimm\u00e4iskantavuus: 30 kg <\/li>\n<li>Kytket\u00e4\u00e4n koukuilla<\/li>\n<\/div>\n<\/div>\n<\/ul>\n","protected":false},"excerpt":{"rendered":"<ul>\n<div>\n<div>\n<li>Sis\u00e4lt\u00e4\u00e4 3 kokoontaitettavaa p\u00f6yt\u00e4\u00e4<\/li>\n<li>P\u00f6yt\u00e4levyn koko: 100 x 60 cm<\/li>\n<li>S\u00e4\u00e4dett\u00e4v\u00e4 korkeus: 73\/80\/87\/94 cm<\/li>\n<li>MDF-p\u00f6yt\u00e4levy + alumiini- &amp; rautajalat<\/li>\n<li>V\u00e4ri: musta<\/li>\n<li>Enimm\u00e4iskantavuus: 30 kg <\/li>\n<li>Kytket\u00e4\u00e4n koukuilla<\/li>\n<\/div>\n<\/div>\n<\/ul>\n","protected":false},"featured_media":10000099795,"comment_status":"closed","ping_status":"closed","template":"","meta":[],"product_brand":[],"product_cat":[84,8557],"product_tag":[],"class_list":{"0":"post-99795","1":"product","2":"type-product","3":"status-publish","4":"has-post-thumbnail","6":"product_cat-huonekalut","7":"product_cat-kokoontaitettavat-poydat","9":"first","10":"instock","11":"taxable","12":"shipping-taxable","13":"purchasable","14":"product-type-simple"},"_links":{"self":[{"href":"https:\/\/www.otiumhome.fi\/index.php\/wp-json\/wp\/v2\/product\/99795","targetHints":{"allow":["GET"]}}],"collection":[{"href":"https:\/\/www.otiumhome.fi\/index.php\/wp-json\/wp\/v2\/product"}],"about":[{"href":"https:\/\/www.otiumhome.fi\/index.php\/wp-json\/wp\/v2\/types\/product"}],"replies":[{"embeddable":true,"href":"https:\/\/www.otiumhome.fi\/index.php\/wp-json\/wp\/v2\/comments?post=99795"}],"wp:featuredmedia":[{"embeddable":true,"href":"https:\/\/www.otiumhome.fi\/index.php\/wp-json\/"}],"wp:attachment":[{"href":"https:\/\/www.otiumhome.fi\/index.php\/wp-json\/wp\/v2\/media?parent=99795"}],"wp:term":[{"taxonomy":"product_brand","embeddable":true,"href":"https:\/\/www.otiumhome.fi\/index.php\/wp-json\/wp\/v2\/product_brand?post=99795"},{"taxonomy":"product_cat","embeddable":true,"href":"https:\/\/www.otiumhome.fi\/index.php\/wp-json\/wp\/v2\/product_cat?post=99795"},{"taxonomy":"product_tag","embeddable":true,"href":"https:\/\/www.otiumhome.fi\/index.php\/wp-json\/wp\/v2\/product_tag?post=99795"}],"curies":[{"name":"wp","href":"https:\/\/api.w.org\/{rel}","templated":true}]}}