{"id":99616,"date":"2024-12-15T10:51:41","date_gmt":"2024-12-15T10:51:41","guid":{"rendered":"https:\/\/www.otiumhome.fi\/?p=99616"},"modified":"2025-06-06T15:41:04","modified_gmt":"2025-06-06T15:41:04","slug":"l-muotoinen-kulmapoyta-sonoma-tammi-120x140x75-cm-tekninen-puu","status":"publish","type":"product","link":"https:\/\/www.otiumhome.fi\/index.php\/tuote\/l-muotoinen-kulmapoyta-sonoma-tammi-120x140x75-cm-tekninen-puu\/","title":{"rendered":"L-muotoinen kulmap\u00f6yt\u00e4 Sonoma-tammi 120x140x75 cm tekninen puu"},"content":{"rendered":"<p>T\u00e4m\u00e4 moderni L-muotoinen kulmap\u00f6yt\u00e4, jossa on liukuva n\u00e4pp\u00e4imist\u00f6alusta ja 2 avointa hylly\u00e4, on todella k\u00e4yt\u00e4nn\u00f6llinen ja siit\u00e4 tulee varmasti toimistosi tai ty\u00f6huoneesi keskipiste.<\/p>\n<\/p>\n<p>Laadukkaasta teknisest\u00e4 puusta valmistettu toimistop\u00f6yt\u00e4 on eritt\u00e4in vahva, tukeva, vakaa ja kest\u00e4\u00e4 k\u00e4yt\u00f6ss\u00e4 vuosia. Suuri ty\u00f6taso tarjoaa runsaasti tilaa tietokoneen, kannettavan tietokoneen tai valokuvakehysten, koriste-esineiden, ruukkukasvien ja vastaavien sijoittamiseen. Siin\u00e4 on kaksi avointa hylly\u00e4, joille voit laittaa kirjoja, kansioita ja asiakirjoja.<\/p>\n<\/p>\n<p>P\u00f6yt\u00e4 on helppo koota.<\/p>\n<ul>\n<li>V\u00e4ri: Sonoma-tammi<\/li>\n<li>Materiaali: tekninen puu<\/li>\n<li>Kokonaismitat: 120 x 140 x 75 cm (P x L x K)<\/li>\n<li>Ulosvedett\u00e4v\u00e4 n\u00e4pp\u00e4imist\u00f6alusta<\/li>\n<li>2 avointa hylly\u00e4<\/li>\n<li>Asennus vaaditaan: kyll\u00e4<\/li>\n<\/ul>\n","protected":false},"excerpt":{"rendered":"<ul>\n<li>V\u00e4ri: Sonoma-tammi<\/li>\n<li>Materiaali: tekninen puu<\/li>\n<li>Kokonaismitat: 120 x 140 x 75 cm (P x L x K)<\/li>\n<li>Ulosvedett\u00e4v\u00e4 n\u00e4pp\u00e4imist\u00f6alusta<\/li>\n<li>2 avointa hylly\u00e4<\/li>\n<li>Asennus vaaditaan: kyll\u00e4<\/li>\n<\/ul>\n","protected":false},"featured_media":10000099616,"comment_status":"closed","ping_status":"closed","template":"","meta":[],"product_brand":[],"product_cat":[84,8551],"product_tag":[],"class_list":{"0":"post-99616","1":"product","2":"type-product","3":"status-publish","4":"has-post-thumbnail","6":"product_cat-huonekalut","7":"product_cat-kirjoituspoydat","9":"first","10":"instock","11":"taxable","12":"shipping-taxable","13":"purchasable","14":"product-type-simple"},"_links":{"self":[{"href":"https:\/\/www.otiumhome.fi\/index.php\/wp-json\/wp\/v2\/product\/99616","targetHints":{"allow":["GET"]}}],"collection":[{"href":"https:\/\/www.otiumhome.fi\/index.php\/wp-json\/wp\/v2\/product"}],"about":[{"href":"https:\/\/www.otiumhome.fi\/index.php\/wp-json\/wp\/v2\/types\/product"}],"replies":[{"embeddable":true,"href":"https:\/\/www.otiumhome.fi\/index.php\/wp-json\/wp\/v2\/comments?post=99616"}],"wp:featuredmedia":[{"embeddable":true,"href":"https:\/\/www.otiumhome.fi\/index.php\/wp-json\/"}],"wp:attachment":[{"href":"https:\/\/www.otiumhome.fi\/index.php\/wp-json\/wp\/v2\/media?parent=99616"}],"wp:term":[{"taxonomy":"product_brand","embeddable":true,"href":"https:\/\/www.otiumhome.fi\/index.php\/wp-json\/wp\/v2\/product_brand?post=99616"},{"taxonomy":"product_cat","embeddable":true,"href":"https:\/\/www.otiumhome.fi\/index.php\/wp-json\/wp\/v2\/product_cat?post=99616"},{"taxonomy":"product_tag","embeddable":true,"href":"https:\/\/www.otiumhome.fi\/index.php\/wp-json\/wp\/v2\/product_tag?post=99616"}],"curies":[{"name":"wp","href":"https:\/\/api.w.org\/{rel}","templated":true}]}}