{"id":99516,"date":"2024-12-15T10:45:45","date_gmt":"2024-12-15T10:45:45","guid":{"rendered":"https:\/\/www.otiumhome.fi\/?p=99516"},"modified":"2025-06-06T15:41:05","modified_gmt":"2025-06-06T15:41:05","slug":"tyopoyta-valkoinen-80x50x84-cm","status":"publish","type":"product","link":"https:\/\/www.otiumhome.fi\/index.php\/tuote\/tyopoyta-valkoinen-80x50x84-cm\/","title":{"rendered":"Ty\u00f6p\u00f6yt\u00e4 valkoinen 80x50x84 cm"},"content":{"rendered":"<p>T\u00e4m\u00e4 tyylik\u00e4s kirjoitusp\u00f6yt\u00e4 modernilla ja k\u00e4yt\u00e4nn\u00f6llisell\u00e4 muotoilulla on loistava lis\u00e4 toimistoosi, ty\u00f6huoneeseesi tai muuhun ty\u00f6tilaan.<\/p>\n<\/p>\n<p>T\u00e4m\u00e4 kompakti ty\u00f6p\u00f6yt\u00e4 on erinomainen apu t\u00f6iss\u00e4si tai opinnoissasi k\u00e4yt\u00e4nn\u00f6llisen suunnittelunsa ansiosta. Sen taka- ja sivulevy yhdess\u00e4 pienten osastojen kanssa est\u00e4v\u00e4t kyni\u00e4 ja pieni\u00e4 esineit\u00e4 putoamasta ja auttavat pit\u00e4m\u00e4\u00e4n p\u00f6yd\u00e4n j\u00e4rjestyksess\u00e4 ja siistin\u00e4. Lis\u00e4ksi t\u00e4m\u00e4 p\u00f6yt\u00e4 voi toimia my\u00f6s t\u00e4ydellisen\u00e4 kirjoitusp\u00f6yt\u00e4n\u00e4, ty\u00f6asemana jne.<\/p>\n<\/p>\n<p>T\u00e4m\u00e4 kirjoitusp\u00f6yt\u00e4 on valmistettu ensiluokkaisesta teknisest\u00e4 puusta ja sit\u00e4 tukevat jauhemaalatut ter\u00e4sjalat, mik\u00e4 varmistaa vuosien k\u00e4yt\u00f6n. Kulmap\u00f6yt\u00e4 on helppo koota.<\/p>\n<ul>\n<li>V\u00e4ri: valkoinen<\/li>\n<li>Materiaali: Tekninen puu + jauhemaalattu ter\u00e4s<\/li>\n<li>Koko: 80 x 50 x 84 cm (L x S x K)<\/li>\n<li>X:n muotoisilla jaloilla<\/li>\n<li>Korotetulla takaosalla, sivulaudalla ja pienill\u00e4 osastoilla<\/li>\n<\/ul>\n","protected":false},"excerpt":{"rendered":"<ul>\n<li>V\u00e4ri: valkoinen<\/li>\n<li>Materiaali: Tekninen puu + jauhemaalattu ter\u00e4s<\/li>\n<li>Koko: 80 x 50 x 84 cm (L x S x K)<\/li>\n<li>X:n muotoisilla jaloilla<\/li>\n<li>Korotetulla takaosalla, sivulaudalla ja pienill\u00e4 osastoilla<\/li>\n<\/ul>\n","protected":false},"featured_media":10000099516,"comment_status":"closed","ping_status":"closed","template":"","meta":[],"product_brand":[],"product_cat":[84,8551],"product_tag":[],"class_list":{"0":"post-99516","1":"product","2":"type-product","3":"status-publish","4":"has-post-thumbnail","6":"product_cat-huonekalut","7":"product_cat-kirjoituspoydat","9":"first","10":"instock","11":"taxable","12":"shipping-taxable","13":"purchasable","14":"product-type-simple"},"_links":{"self":[{"href":"https:\/\/www.otiumhome.fi\/index.php\/wp-json\/wp\/v2\/product\/99516","targetHints":{"allow":["GET"]}}],"collection":[{"href":"https:\/\/www.otiumhome.fi\/index.php\/wp-json\/wp\/v2\/product"}],"about":[{"href":"https:\/\/www.otiumhome.fi\/index.php\/wp-json\/wp\/v2\/types\/product"}],"replies":[{"embeddable":true,"href":"https:\/\/www.otiumhome.fi\/index.php\/wp-json\/wp\/v2\/comments?post=99516"}],"wp:featuredmedia":[{"embeddable":true,"href":"https:\/\/www.otiumhome.fi\/index.php\/wp-json\/"}],"wp:attachment":[{"href":"https:\/\/www.otiumhome.fi\/index.php\/wp-json\/wp\/v2\/media?parent=99516"}],"wp:term":[{"taxonomy":"product_brand","embeddable":true,"href":"https:\/\/www.otiumhome.fi\/index.php\/wp-json\/wp\/v2\/product_brand?post=99516"},{"taxonomy":"product_cat","embeddable":true,"href":"https:\/\/www.otiumhome.fi\/index.php\/wp-json\/wp\/v2\/product_cat?post=99516"},{"taxonomy":"product_tag","embeddable":true,"href":"https:\/\/www.otiumhome.fi\/index.php\/wp-json\/wp\/v2\/product_tag?post=99516"}],"curies":[{"name":"wp","href":"https:\/\/api.w.org\/{rel}","templated":true}]}}