{"id":99237,"date":"2024-12-15T10:11:00","date_gmt":"2024-12-15T10:11:00","guid":{"rendered":"https:\/\/www.otiumhome.fi\/?p=99237"},"modified":"2025-06-06T15:42:25","modified_gmt":"2025-06-06T15:42:25","slug":"kulmatyopoyta-harmaa-sonoma-200x50x76-cm-tekninen-puu","status":"publish","type":"product","link":"https:\/\/www.otiumhome.fi\/index.php\/tuote\/kulmatyopoyta-harmaa-sonoma-200x50x76-cm-tekninen-puu\/","title":{"rendered":"Kulmaty\u00f6p\u00f6yt\u00e4 harmaa Sonoma 200x50x76 cm tekninen puu"},"content":{"rendered":"<p>Tyylik\u00e4s ja moderni kulmap\u00f6yt\u00e4 on k\u00e4yt\u00e4nn\u00f6llinen lis\u00e4 opiskelu- tai ty\u00f6skentelyalueellesi!<\/p>\n<\/p>\n<ul>\n<li>Kest\u00e4v\u00e4 materiaali: Tekninen puu on poikkeuksellisen laadukasta ja sile\u00e4pintaista. Se on luja, vakaa ja kosteudelle vastustuskykyinen. Teknisest\u00e4 puusta valmistettu toimistop\u00f6yt\u00e4 on helppo puhdistaa kostealla liinalla.<\/li>\n<li>Runsaasti s\u00e4ilytystilaa: T\u00e4m\u00e4 p\u00f6yt\u00e4 tarjoaa s\u00e4ilytystilaa suurilla avolokeroillaan, joissa voit s\u00e4ilytt\u00e4\u00e4 opiskelutarvikkeita, kuten kirjoja, kansioita ja muita tarpeellisia tavaroita k\u00e4den ulottuvilla.<\/li>\n<li>K\u00e4\u00e4nnett\u00e4v\u00e4 muotoilu: T\u00e4ss\u00e4 toimistop\u00f6yd\u00e4ss\u00e4 on erottuva k\u00e4\u00e4nnett\u00e4v\u00e4 muotoilu. Se voidaan s\u00e4\u00e4t\u00e4\u00e4 kulmap\u00f6yd\u00e4ksi sopimaan erilaisiin asetelmiin.<\/li>\n<li>Laajasti k\u00e4ytett\u00e4v\u00e4: T\u00e4m\u00e4 tietokonep\u00f6yt\u00e4 on t\u00e4ydellinen mihin tahansa ahtaaseen toimistoon, opiskelija-asuntoon, tilarajoitettuun taloon tai tilasi hallintaan!<\/li>\n<\/ul>\n<p>Varoitus:<\/p>\n<ul>\n<li>Kaatumisen est\u00e4miseksi on t\u00e4t\u00e4 tuotetta k\u00e4ytett\u00e4v\u00e4 mukana toimitetun sein\u00e4kiinnityslaitteen kanssa.<\/li>\n<\/ul>\n<p>Huomioi:<\/p>\n<ul>\n<li>Jokaisen tuotteen mukana on laatikossa kokoonpano-ohje helppoa asennusta varten.<\/li>\n<\/ul>\n<ul>\n<li>V\u00e4ri: harmaa Sonoma<\/li>\n<li>Materiaali: tekninen puu<\/li>\n<li>Mitat: 200 x 50 x 76 cm (P x L x K)<\/li>\n<li>Mitat (nurkkap\u00f6yt\u00e4n\u00e4): 120 x 120 x 76 cm (P x L x K)<\/li>\n<li>Legal Documents:\n<p><span>Lis\u00e4tietoja huonekalujesi kaatumisen est\u00e4misest\u00e4 voit l\u00f6yt\u00e4\u00e4 <span style=\"text-decoration: underline\"><strong><a title=\"https:\/\/bit.ly\/3bVwkQp\" href=\"https:\/\/bit.ly\/3bVwkQp\" target=\"_blank\">t\u00e4\u00e4lt\u00e4<\/a><\/strong><\/span><\/span><\/p>\n<\/li>\n<\/ul>\n","protected":false},"excerpt":{"rendered":"<ul>\n<li>V\u00e4ri: harmaa Sonoma<\/li>\n<li>Materiaali: tekninen puu<\/li>\n<li>Mitat: 200 x 50 x 76 cm (P x L x K)<\/li>\n<li>Mitat (nurkkap\u00f6yt\u00e4n\u00e4): 120 x 120 x 76 cm (P x L x K)<\/li>\n<li>Legal Documents:\n<p><span>Lis\u00e4tietoja huonekalujesi kaatumisen est\u00e4misest\u00e4 voit l\u00f6yt\u00e4\u00e4 <span style=\"text-decoration: underline\"><strong><a title=\"https:\/\/bit.ly\/3bVwkQp\" href=\"https:\/\/bit.ly\/3bVwkQp\" target=\"_blank\">t\u00e4\u00e4lt\u00e4<\/a><\/strong><\/span><\/span><\/p>\n<\/li>\n<\/ul>\n","protected":false},"featured_media":10000099237,"comment_status":"closed","ping_status":"closed","template":"","meta":[],"product_brand":[],"product_cat":[84,8551],"product_tag":[],"class_list":{"0":"post-99237","1":"product","2":"type-product","3":"status-publish","4":"has-post-thumbnail","6":"product_cat-huonekalut","7":"product_cat-kirjoituspoydat","9":"first","10":"instock","11":"taxable","12":"shipping-taxable","13":"purchasable","14":"product-type-simple"},"_links":{"self":[{"href":"https:\/\/www.otiumhome.fi\/index.php\/wp-json\/wp\/v2\/product\/99237","targetHints":{"allow":["GET"]}}],"collection":[{"href":"https:\/\/www.otiumhome.fi\/index.php\/wp-json\/wp\/v2\/product"}],"about":[{"href":"https:\/\/www.otiumhome.fi\/index.php\/wp-json\/wp\/v2\/types\/product"}],"replies":[{"embeddable":true,"href":"https:\/\/www.otiumhome.fi\/index.php\/wp-json\/wp\/v2\/comments?post=99237"}],"wp:featuredmedia":[{"embeddable":true,"href":"https:\/\/www.otiumhome.fi\/index.php\/wp-json\/"}],"wp:attachment":[{"href":"https:\/\/www.otiumhome.fi\/index.php\/wp-json\/wp\/v2\/media?parent=99237"}],"wp:term":[{"taxonomy":"product_brand","embeddable":true,"href":"https:\/\/www.otiumhome.fi\/index.php\/wp-json\/wp\/v2\/product_brand?post=99237"},{"taxonomy":"product_cat","embeddable":true,"href":"https:\/\/www.otiumhome.fi\/index.php\/wp-json\/wp\/v2\/product_cat?post=99237"},{"taxonomy":"product_tag","embeddable":true,"href":"https:\/\/www.otiumhome.fi\/index.php\/wp-json\/wp\/v2\/product_tag?post=99237"}],"curies":[{"name":"wp","href":"https:\/\/api.w.org\/{rel}","templated":true}]}}