{"id":99154,"date":"2024-12-15T10:10:50","date_gmt":"2024-12-15T10:10:50","guid":{"rendered":"https:\/\/www.otiumhome.fi\/?p=99154"},"modified":"2025-06-06T15:42:12","modified_gmt":"2025-06-06T15:42:12","slug":"tyopoyta-vanhaa-puuta-1025x35x75-cm-suunniteltu-puu","status":"publish","type":"product","link":"https:\/\/www.otiumhome.fi\/index.php\/tuote\/tyopoyta-vanhaa-puuta-1025x35x75-cm-suunniteltu-puu\/","title":{"rendered":"Ty\u00f6p\u00f6yt\u00e4 vanhaa puuta 102,5x35x75 cm suunniteltu puu"},"content":{"rendered":"<p>T\u00e4m\u00e4 tyylik\u00e4s ja moderni ty\u00f6p\u00f6yt\u00e4 on k\u00e4yt\u00e4nn\u00f6llinen lis\u00e4 opiskelu- tai ty\u00f6skentelyalueellesi!<\/p>\n<\/p>\n<ul>\n<li>Vakaa ja kest\u00e4v\u00e4 materiaali: Tekninen puu on kest\u00e4v\u00e4 ja vakaa materiaali, jonka sile\u00e4 pinta kest\u00e4\u00e4 kosteutta, v\u00e4\u00e4ntymist\u00e4 ja halkeilua, joten se on luotettava valinta erilaisiin projekteihin.<\/li>\n<li>Runsaasti s\u00e4ilytystilaa: Toimistop\u00f6yd\u00e4ss\u00e4 on avoimia lokeroita, jotka tarjoavat laajat s\u00e4ilytysvaihtoehdot kaikille toimistosi t\u00e4rkeille tavaroille ja auttavat pit\u00e4m\u00e4\u00e4n ty\u00f6tilasi j\u00e4rjestyksess\u00e4 ja sotkuttomana.<\/li>\n<li>Helppo huoltaa: Sile\u00e4n pinnan ansiosta kirjoitusp\u00f6yt\u00e4 on helppo puhdistaa kuivalla ja pehme\u00e4ll\u00e4 liinalla ja vaatii v\u00e4hemm\u00e4n huoltoa.<\/li>\n<li>Laajat sovellukset: Ty\u00f6p\u00f6yt\u00e4 sopii t\u00e4ydellisesti mihin tahansa ahtaaseen toimistoon, asuntolaan, rajalliseen taloon tai vaikka haluat vain hallita tilaasi!<\/li>\n<\/ul>\n<ul>\n<li>V\u00e4ri: Vanha puu<\/li>\n<li>Materiaali: Tekninen puu<\/li>\n<li>Mitat: 102,5 x 35 x 75 cm (P x L x K)<\/li>\n<li>4 hylly\u00e4<\/li>\n<li>Asennus vaaditaan: Kyll\u00e4<\/li>\n<\/ul>\n","protected":false},"excerpt":{"rendered":"<ul>\n<li>V\u00e4ri: Vanha puu<\/li>\n<li>Materiaali: Tekninen puu<\/li>\n<li>Mitat: 102,5 x 35 x 75 cm (P x L x K)<\/li>\n<li>4 hylly\u00e4<\/li>\n<li>Asennus vaaditaan: Kyll\u00e4<\/li>\n<\/ul>\n","protected":false},"featured_media":10000099154,"comment_status":"closed","ping_status":"closed","template":"","meta":[],"product_brand":[],"product_cat":[84,8551],"product_tag":[],"class_list":{"0":"post-99154","1":"product","2":"type-product","3":"status-publish","4":"has-post-thumbnail","6":"product_cat-huonekalut","7":"product_cat-kirjoituspoydat","9":"first","10":"instock","11":"taxable","12":"shipping-taxable","13":"purchasable","14":"product-type-simple"},"_links":{"self":[{"href":"https:\/\/www.otiumhome.fi\/index.php\/wp-json\/wp\/v2\/product\/99154","targetHints":{"allow":["GET"]}}],"collection":[{"href":"https:\/\/www.otiumhome.fi\/index.php\/wp-json\/wp\/v2\/product"}],"about":[{"href":"https:\/\/www.otiumhome.fi\/index.php\/wp-json\/wp\/v2\/types\/product"}],"replies":[{"embeddable":true,"href":"https:\/\/www.otiumhome.fi\/index.php\/wp-json\/wp\/v2\/comments?post=99154"}],"wp:featuredmedia":[{"embeddable":true,"href":"https:\/\/www.otiumhome.fi\/index.php\/wp-json\/"}],"wp:attachment":[{"href":"https:\/\/www.otiumhome.fi\/index.php\/wp-json\/wp\/v2\/media?parent=99154"}],"wp:term":[{"taxonomy":"product_brand","embeddable":true,"href":"https:\/\/www.otiumhome.fi\/index.php\/wp-json\/wp\/v2\/product_brand?post=99154"},{"taxonomy":"product_cat","embeddable":true,"href":"https:\/\/www.otiumhome.fi\/index.php\/wp-json\/wp\/v2\/product_cat?post=99154"},{"taxonomy":"product_tag","embeddable":true,"href":"https:\/\/www.otiumhome.fi\/index.php\/wp-json\/wp\/v2\/product_tag?post=99154"}],"curies":[{"name":"wp","href":"https:\/\/api.w.org\/{rel}","templated":true}]}}