{"id":99101,"date":"2024-12-15T10:10:44","date_gmt":"2024-12-15T10:10:44","guid":{"rendered":"https:\/\/www.otiumhome.fi\/?p=99101"},"modified":"2025-06-06T15:42:25","modified_gmt":"2025-06-06T15:42:25","slug":"tyopoyta-110x50x75-cm-kierratetty-tayspuu","status":"publish","type":"product","link":"https:\/\/www.otiumhome.fi\/index.php\/tuote\/tyopoyta-110x50x75-cm-kierratetty-tayspuu\/","title":{"rendered":"Ty\u00f6p\u00f6yt\u00e4 110x50x75 cm kierr\u00e4tetty t\u00e4yspuu"},"content":{"rendered":"<p>Klassinen puinen ty\u00f6p\u00f6yt\u00e4 huokuu vintage vieh\u00e4tysvoimaa ja on huomiota her\u00e4tt\u00e4v\u00e4 lis\u00e4 kotiin tai toimistoon.<\/p>\n<\/p>\n<p>Kirjoitusp\u00f6yt\u00e4 on k\u00e4sintehty kierr\u00e4tetyst\u00e4 t\u00e4yspuusta, joka tarkoittaa, ett\u00e4 jokainen huonekalu on yksil\u00f6llinen ja hieman toisista poikkeava. Kierr\u00e4tetty t\u00e4yspuu on vakaata, kest\u00e4v\u00e4\u00e4 ja kaunista. Kulumisen merkit ja n\u00e4kyv\u00e4t puukuviot antavat jokaiselle kappaleelle oman historiansa ja huomiota her\u00e4tt\u00e4v\u00e4n ulkomuodon. T\u00e4ytt\u00e4 akaasiapuuta oleva p\u00f6yd\u00e4nrunko antaa lis\u00e4ns\u00e4 ty\u00f6p\u00f6yd\u00e4n vakaudelle. Siin\u00e4 on kaksi vetolaatikkoa, jotka tarjoavat runsaasti s\u00e4ilytystilaa esineidesi j\u00e4rjestyksess\u00e4 ja ulottuvilla pit\u00e4miseen. Sit\u00e4 voidaan k\u00e4ytt\u00e4\u00e4 konsolip\u00f6yt\u00e4n\u00e4, eteisaulan p\u00f6yt\u00e4n\u00e4, sivup\u00f6yt\u00e4n\u00e4, jne.<\/p>\n<\/p>\n<p>T\u00e4rke\u00e4 huomio: V\u00e4rit saattavat vaihdella kappaleittain, tehden jokaisesta kappaleesta ainutlaatuisen. Toimitus on sattumanvarainen.<\/p>\n<ul>\n<li>Materiaali: luonnollisesti viimeistelty kierr\u00e4tetty t\u00e4yspuu ja t\u00e4ysi akaasiapuu<\/li>\n<li>Mitat: 110 x 50 x 75 cm (P x L x K)<\/li>\n<li>Asennus vaaditaan: kyll\u00e4<\/li>\n<li><strong>VAROITUS:<\/strong> kaatumisen est\u00e4miseksi on t\u00e4t\u00e4 tuotetta k\u00e4ytett\u00e4v\u00e4 mukana toimitetun sein\u00e4kiinnityslaitteen kanssa.<\/li>\n<\/ul>\n","protected":false},"excerpt":{"rendered":"<ul>\n<li>Materiaali: luonnollisesti viimeistelty kierr\u00e4tetty t\u00e4yspuu ja t\u00e4ysi akaasiapuu<\/li>\n<li>Mitat: 110 x 50 x 75 cm (P x L x K)<\/li>\n<li>Asennus vaaditaan: kyll\u00e4<\/li>\n<li><strong>VAROITUS:<\/strong> kaatumisen est\u00e4miseksi on t\u00e4t\u00e4 tuotetta k\u00e4ytett\u00e4v\u00e4 mukana toimitetun sein\u00e4kiinnityslaitteen kanssa.<\/li>\n<\/ul>\n","protected":false},"featured_media":10000099101,"comment_status":"closed","ping_status":"closed","template":"","meta":[],"product_brand":[],"product_cat":[84,8551],"product_tag":[],"class_list":{"0":"post-99101","1":"product","2":"type-product","3":"status-publish","4":"has-post-thumbnail","6":"product_cat-huonekalut","7":"product_cat-kirjoituspoydat","9":"first","10":"instock","11":"taxable","12":"shipping-taxable","13":"purchasable","14":"product-type-simple"},"_links":{"self":[{"href":"https:\/\/www.otiumhome.fi\/index.php\/wp-json\/wp\/v2\/product\/99101","targetHints":{"allow":["GET"]}}],"collection":[{"href":"https:\/\/www.otiumhome.fi\/index.php\/wp-json\/wp\/v2\/product"}],"about":[{"href":"https:\/\/www.otiumhome.fi\/index.php\/wp-json\/wp\/v2\/types\/product"}],"replies":[{"embeddable":true,"href":"https:\/\/www.otiumhome.fi\/index.php\/wp-json\/wp\/v2\/comments?post=99101"}],"wp:featuredmedia":[{"embeddable":true,"href":"https:\/\/www.otiumhome.fi\/index.php\/wp-json\/"}],"wp:attachment":[{"href":"https:\/\/www.otiumhome.fi\/index.php\/wp-json\/wp\/v2\/media?parent=99101"}],"wp:term":[{"taxonomy":"product_brand","embeddable":true,"href":"https:\/\/www.otiumhome.fi\/index.php\/wp-json\/wp\/v2\/product_brand?post=99101"},{"taxonomy":"product_cat","embeddable":true,"href":"https:\/\/www.otiumhome.fi\/index.php\/wp-json\/wp\/v2\/product_cat?post=99101"},{"taxonomy":"product_tag","embeddable":true,"href":"https:\/\/www.otiumhome.fi\/index.php\/wp-json\/wp\/v2\/product_tag?post=99101"}],"curies":[{"name":"wp","href":"https:\/\/api.w.org\/{rel}","templated":true}]}}