{"id":96308,"date":"2024-12-15T08:47:32","date_gmt":"2024-12-15T08:47:32","guid":{"rendered":"https:\/\/www.otiumhome.fi\/?p=96308"},"modified":"2025-06-06T15:37:30","modified_gmt":"2025-06-06T15:37:30","slug":"aamiaiskalusteryhma-mdf","status":"publish","type":"product","link":"https:\/\/www.otiumhome.fi\/index.php\/tuote\/aamiaiskalusteryhma-mdf\/","title":{"rendered":"Aamiaiskalusteryhm\u00e4 MDF"},"content":{"rendered":"<p>T\u00e4m\u00e4 sulavalinjainen ja moderni aamiaiskalusteryhm\u00e4 on t\u00e4ydellinen valinta rentoja aamupalahetki\u00e4 varten. Sarja on yhdistelm\u00e4 tyyli\u00e4 sek\u00e4 k\u00e4yt\u00e4nn\u00f6llisyytt\u00e4. Sulavat linjat ja kompakti tyyli tekev\u00e4t setist\u00e4 ihanteellisen asuntoihin tai jopa kahviloihin ja pubeihin.<\/p>\n<\/p>\n<p>Jakkarat mahtuvat p\u00f6yd\u00e4n alle s\u00e4\u00e4st\u00e4\u00e4ksesi tilaa silloin, kun niit\u00e4 ei k\u00e4ytet\u00e4. Aamiaiskalusteryhm\u00e4 on valmistettu korkealaatuisesta MDF-levyst\u00e4, jonka puhdistaminen on helppoa ja, joka sopii mihin tahansa sisustustyyliin. Laadukas rautarunko tekee sarjasta eritt\u00e4in tukevan ja kest\u00e4v\u00e4n.<\/p>\n<\/p>\n<p>Sarja on todella helppo koota. Toimitukseen sis\u00e4ltyy 1 baarip\u00f6yt\u00e4 ja 2 baarijakkaraa.<\/p>\n<\/p>\n<p>T\u00e4rke\u00e4 huomio: v\u00e4rit ja pintakuviot vaihtelevat kappaleittain, mik\u00e4 tekee jokaisesta tuotteesta ainutlaatuisen; toimitus on sattumanvarainen.<\/p>\n<ul>\n<li>Rungon v\u00e4ri: musta<\/li>\n<li>Materiaali: rautarunko + MDF<\/li>\n<li>P\u00f6yd\u00e4n koko: 80 x 53 x 74 cm (P x L x K)<\/li>\n<li>Tuolin koko: 47 x 42 x 75 cm (L x S x K)<\/li>\n<li>Istuimen halkaisija: 35 cm<\/li>\n<li>Istuimen korkeus maasta: 45,5 cm<\/li>\n<li>Toimitus sis\u00e4lt\u00e4\u00e4 1 x baarip\u00f6yt\u00e4 ja 2 x baarijakkara<\/li>\n<li>Helppo koota.<\/li>\n<li>Maksimikantavuus: 110 kg<\/li>\n<\/ul>\n","protected":false},"excerpt":{"rendered":"<ul>\n<li>Rungon v\u00e4ri: musta<\/li>\n<li>Materiaali: rautarunko + MDF<\/li>\n<li>P\u00f6yd\u00e4n koko: 80 x 53 x 74 cm (P x L x K)<\/li>\n<li>Tuolin koko: 47 x 42 x 75 cm (L x S x K)<\/li>\n<li>Istuimen halkaisija: 35 cm<\/li>\n<li>Istuimen korkeus maasta: 45,5 cm<\/li>\n<li>Toimitus sis\u00e4lt\u00e4\u00e4 1 x baarip\u00f6yt\u00e4 ja 2 x baarijakkara<\/li>\n<li>Helppo koota.<\/li>\n<li>Maksimikantavuus: 110 kg<\/li>\n<\/ul>\n","protected":false},"featured_media":10000096308,"comment_status":"closed","ping_status":"closed","template":"","meta":[],"product_brand":[],"product_cat":[84,8545],"product_tag":[],"class_list":{"0":"post-96308","1":"product","2":"type-product","3":"status-publish","4":"has-post-thumbnail","6":"product_cat-huonekalut","7":"product_cat-keittion-ruokasalin-kalusteet","9":"first","10":"instock","11":"taxable","12":"shipping-taxable","13":"purchasable","14":"product-type-simple"},"_links":{"self":[{"href":"https:\/\/www.otiumhome.fi\/index.php\/wp-json\/wp\/v2\/product\/96308","targetHints":{"allow":["GET"]}}],"collection":[{"href":"https:\/\/www.otiumhome.fi\/index.php\/wp-json\/wp\/v2\/product"}],"about":[{"href":"https:\/\/www.otiumhome.fi\/index.php\/wp-json\/wp\/v2\/types\/product"}],"replies":[{"embeddable":true,"href":"https:\/\/www.otiumhome.fi\/index.php\/wp-json\/wp\/v2\/comments?post=96308"}],"wp:featuredmedia":[{"embeddable":true,"href":"https:\/\/www.otiumhome.fi\/index.php\/wp-json\/"}],"wp:attachment":[{"href":"https:\/\/www.otiumhome.fi\/index.php\/wp-json\/wp\/v2\/media?parent=96308"}],"wp:term":[{"taxonomy":"product_brand","embeddable":true,"href":"https:\/\/www.otiumhome.fi\/index.php\/wp-json\/wp\/v2\/product_brand?post=96308"},{"taxonomy":"product_cat","embeddable":true,"href":"https:\/\/www.otiumhome.fi\/index.php\/wp-json\/wp\/v2\/product_cat?post=96308"},{"taxonomy":"product_tag","embeddable":true,"href":"https:\/\/www.otiumhome.fi\/index.php\/wp-json\/wp\/v2\/product_tag?post=96308"}],"curies":[{"name":"wp","href":"https:\/\/api.w.org\/{rel}","templated":true}]}}