{"id":96088,"date":"2024-12-15T08:46:05","date_gmt":"2024-12-15T08:46:05","guid":{"rendered":"https:\/\/www.otiumhome.fi\/?p=96088"},"modified":"2025-06-06T15:36:41","modified_gmt":"2025-06-06T15:36:41","slug":"ruokapoyta-musta-o60x110-cm-tekninen-puu-ja-teras","status":"publish","type":"product","link":"https:\/\/www.otiumhome.fi\/index.php\/tuote\/ruokapoyta-musta-o60x110-cm-tekninen-puu-ja-teras\/","title":{"rendered":"Ruokap\u00f6yt\u00e4 musta \u00d860&#215;110 cm tekninen puu ja ter\u00e4s"},"content":{"rendered":"<p>Nauti t\u00e4ydellinen ateria joka p\u00e4iv\u00e4 perheesi tai yst\u00e4viesi kesken t\u00e4m\u00e4n ruokap\u00f6yd\u00e4n \u00e4\u00e4rell\u00e4!<\/p>\n<\/p>\n<ul>\n<li>Vakaa ja kest\u00e4v\u00e4: Tekninen puu on monipuolinen materiaali, joka on suosittu sile\u00e4n pinnan, vakauden ja kest\u00e4vyyden ansiosta. Se kest\u00e4\u00e4 v\u00e4\u00e4ntymist\u00e4 ja halkeilua, joten se on erinomainen valinta monenlaisiin sovelluksiin, kuten huonekaluihin, rakentamiseen ja kodin kunnostusprojekteihin.<\/li>\n<li>Tukeva runko: T\u00e4m\u00e4 ruokap\u00f6yt\u00e4 on valmistettu jauhemaalatusta ter\u00e4ksest\u00e4. Ter\u00e4srunko tekee vaikutuksen lujuudellaan, kest\u00e4vyydell\u00e4\u00e4n ja korroosionkest\u00e4vyydell\u00e4\u00e4n, tehden siit\u00e4 ihanteellisen valinnan moneen eri tarkoitukseen, kuten huonekalujen valmistamiseen ja rakentamiseen. Jauhemaalattu pinta muodostaa suojakerroksen, joka auttaa est\u00e4m\u00e4\u00e4n ruostumista, korroosiota ja kulumista.<\/li>\n<li>Kokoontaittuva muotoilu: Ruokap\u00f6yt\u00e4 voidaan taittaa kokoon tilan s\u00e4\u00e4st\u00e4miseksi, kun sit\u00e4 ei k\u00e4ytet\u00e4.<\/li>\n<li>Helppo puhdistaa: Pinta on helppo puhdistaa kostealla liinalla.<\/li>\n<\/ul>\n<ul>\n<li>V\u00e4ri: Musta<\/li>\n<li>Materiaali: Tekninen puu, jauhemaalattu ter\u00e4s<\/li>\n<li>Mitat: 60 x 110 cm (Halkaisija x K)<\/li>\n<li>Asennus vaaditaan: Kyll\u00e4<\/li>\n<\/ul>\n","protected":false},"excerpt":{"rendered":"<ul>\n<li>V\u00e4ri: Musta<\/li>\n<li>Materiaali: Tekninen puu, jauhemaalattu ter\u00e4s<\/li>\n<li>Mitat: 60 x 110 cm (Halkaisija x K)<\/li>\n<li>Asennus vaaditaan: Kyll\u00e4<\/li>\n<\/ul>\n","protected":false},"featured_media":10000096088,"comment_status":"closed","ping_status":"closed","template":"","meta":[],"product_brand":[],"product_cat":[84,8543],"product_tag":[],"class_list":{"0":"post-96088","1":"product","2":"type-product","3":"status-publish","4":"has-post-thumbnail","6":"product_cat-huonekalut","7":"product_cat-keittion-ruokapoydat","9":"first","10":"outofstock","11":"taxable","12":"shipping-taxable","13":"purchasable","14":"product-type-simple"},"_links":{"self":[{"href":"https:\/\/www.otiumhome.fi\/index.php\/wp-json\/wp\/v2\/product\/96088","targetHints":{"allow":["GET"]}}],"collection":[{"href":"https:\/\/www.otiumhome.fi\/index.php\/wp-json\/wp\/v2\/product"}],"about":[{"href":"https:\/\/www.otiumhome.fi\/index.php\/wp-json\/wp\/v2\/types\/product"}],"replies":[{"embeddable":true,"href":"https:\/\/www.otiumhome.fi\/index.php\/wp-json\/wp\/v2\/comments?post=96088"}],"wp:featuredmedia":[{"embeddable":true,"href":"https:\/\/www.otiumhome.fi\/index.php\/wp-json\/"}],"wp:attachment":[{"href":"https:\/\/www.otiumhome.fi\/index.php\/wp-json\/wp\/v2\/media?parent=96088"}],"wp:term":[{"taxonomy":"product_brand","embeddable":true,"href":"https:\/\/www.otiumhome.fi\/index.php\/wp-json\/wp\/v2\/product_brand?post=96088"},{"taxonomy":"product_cat","embeddable":true,"href":"https:\/\/www.otiumhome.fi\/index.php\/wp-json\/wp\/v2\/product_cat?post=96088"},{"taxonomy":"product_tag","embeddable":true,"href":"https:\/\/www.otiumhome.fi\/index.php\/wp-json\/wp\/v2\/product_tag?post=96088"}],"curies":[{"name":"wp","href":"https:\/\/api.w.org\/{rel}","templated":true}]}}