{"id":96005,"date":"2024-12-15T08:45:58","date_gmt":"2024-12-15T08:45:58","guid":{"rendered":"https:\/\/www.otiumhome.fi\/?p=96005"},"modified":"2025-06-06T15:36:39","modified_gmt":"2025-06-06T15:36:39","slug":"parvekkeen-baaripoyta-90x37x1225-cm-taysi-akaasiapuu","status":"publish","type":"product","link":"https:\/\/www.otiumhome.fi\/index.php\/tuote\/parvekkeen-baaripoyta-90x37x1225-cm-taysi-akaasiapuu\/","title":{"rendered":"Parvekkeen baarip\u00f6yt\u00e4 90x37x122,5 cm t\u00e4ysi akaasiapuu"},"content":{"rendered":"<p>Puinen baarip\u00f6yt\u00e4 on k\u00e4yt\u00e4nn\u00f6llinen ja koristeellinen lis\u00e4 ulkotiloihisi!<\/p>\n<\/p>\n<p>T\u00e4m\u00e4 bistrop\u00f6yt\u00e4 on valmistettu t\u00e4ydest\u00e4 akaasiapuusta, trooppisesta lehtipuusta, joka tekee siit\u00e4 vakaan ja kest\u00e4v\u00e4n. Vankan p\u00f6yt\u00e4levyn ansiosta, p\u00f6yt\u00e4\u00e4 voidaan k\u00e4ytt\u00e4\u00e4 my\u00f6s kukkatelineen\u00e4 ruukkukasveille, yrteille ja kukille, tai sille voidaan asettaa muita ulkotilojen koriste-esineit\u00e4. P\u00f6yt\u00e4 sopii mainiosti pienemmille parvekkeille tai terasseille ja siin\u00e4 oleva jalkatuki lis\u00e4\u00e4 sen mukavuutta. Puinen p\u00f6yt\u00e4 toimii my\u00f6s ruokap\u00f6yt\u00e4n\u00e4, pubip\u00f6yt\u00e4n\u00e4, parvekep\u00f6yt\u00e4n\u00e4, jne.<\/p>\n<\/p>\n<p>Baarip\u00f6yd\u00e4n mukana tulee metallikiinnikkeet, joita voidaan k\u00e4ytt\u00e4\u00e4 p\u00f6yd\u00e4n kiinnitt\u00e4miseen parvekkeen kaiteeseen. T\u00e4rke\u00e4 huomio: V\u00e4rit ja puunsyyt vaihtelevat kappaleittain, mik\u00e4 tekee jokaisesta huonekalusta ainutlaatuisen. Toimitus on sattumanvarainen.<\/p>\n<ul>\n<li>Materiaali: \u00f6ljytty t\u00e4ysi akaasiapuu, metalli<\/li>\n<li>Mitat: 90 x 37 x 122,5 cm (P x L x K)<\/li>\n<li>Sis\u00e4lt\u00e4\u00e4 metallikiinnikkeet<\/li>\n<li>Asennus vaaditaan: kyll\u00e4<\/li>\n<li><strong>VAROITUS:<\/strong> kaatumisen est\u00e4miseksi on t\u00e4t\u00e4 tuotetta k\u00e4ytett\u00e4v\u00e4 mukana toimitetun sein\u00e4kiinnityslaitteen kanssa.<\/li>\n<\/ul>\n","protected":false},"excerpt":{"rendered":"<ul>\n<li>Materiaali: \u00f6ljytty t\u00e4ysi akaasiapuu, metalli<\/li>\n<li>Mitat: 90 x 37 x 122,5 cm (P x L x K)<\/li>\n<li>Sis\u00e4lt\u00e4\u00e4 metallikiinnikkeet<\/li>\n<li>Asennus vaaditaan: kyll\u00e4<\/li>\n<li><strong>VAROITUS:<\/strong> kaatumisen est\u00e4miseksi on t\u00e4t\u00e4 tuotetta k\u00e4ytett\u00e4v\u00e4 mukana toimitetun sein\u00e4kiinnityslaitteen kanssa.<\/li>\n<\/ul>\n","protected":false},"featured_media":10000096005,"comment_status":"closed","ping_status":"closed","template":"","meta":[],"product_brand":[],"product_cat":[84,8543],"product_tag":[],"class_list":{"0":"post-96005","1":"product","2":"type-product","3":"status-publish","4":"has-post-thumbnail","6":"product_cat-huonekalut","7":"product_cat-keittion-ruokapoydat","9":"first","10":"instock","11":"taxable","12":"shipping-taxable","13":"purchasable","14":"product-type-simple"},"_links":{"self":[{"href":"https:\/\/www.otiumhome.fi\/index.php\/wp-json\/wp\/v2\/product\/96005","targetHints":{"allow":["GET"]}}],"collection":[{"href":"https:\/\/www.otiumhome.fi\/index.php\/wp-json\/wp\/v2\/product"}],"about":[{"href":"https:\/\/www.otiumhome.fi\/index.php\/wp-json\/wp\/v2\/types\/product"}],"replies":[{"embeddable":true,"href":"https:\/\/www.otiumhome.fi\/index.php\/wp-json\/wp\/v2\/comments?post=96005"}],"wp:featuredmedia":[{"embeddable":true,"href":"https:\/\/www.otiumhome.fi\/index.php\/wp-json\/"}],"wp:attachment":[{"href":"https:\/\/www.otiumhome.fi\/index.php\/wp-json\/wp\/v2\/media?parent=96005"}],"wp:term":[{"taxonomy":"product_brand","embeddable":true,"href":"https:\/\/www.otiumhome.fi\/index.php\/wp-json\/wp\/v2\/product_brand?post=96005"},{"taxonomy":"product_cat","embeddable":true,"href":"https:\/\/www.otiumhome.fi\/index.php\/wp-json\/wp\/v2\/product_cat?post=96005"},{"taxonomy":"product_tag","embeddable":true,"href":"https:\/\/www.otiumhome.fi\/index.php\/wp-json\/wp\/v2\/product_tag?post=96005"}],"curies":[{"name":"wp","href":"https:\/\/api.w.org\/{rel}","templated":true}]}}