{"id":95594,"date":"2024-12-15T08:44:01","date_gmt":"2024-12-15T08:44:01","guid":{"rendered":"https:\/\/www.otiumhome.fi\/?p=95594"},"modified":"2025-10-15T00:27:31","modified_gmt":"2025-10-15T00:27:31","slug":"ruokapoyta-140x70x75-cm-akaasiapuu","status":"publish","type":"product","link":"https:\/\/www.otiumhome.fi\/index.php\/tuote\/ruokapoyta-140x70x75-cm-akaasiapuu\/","title":{"rendered":"Ruokap\u00f6yt\u00e4 140x70x75 cm akaasiapuu"},"content":{"rendered":"<p>Vintagetyylinen sek\u00e4 elegantti ruokap\u00f6yt\u00e4 antaa ripauksen on klassista charmia ja teollista tyyli\u00e4 t\u00e4ydest\u00e4 akaasiapuusta ja ter\u00e4ksest\u00e4 valmistetulla rungollaan. Se tuo erottuvan ja kiehtovan lis\u00e4yksen mihin tahansa huoneeseen.<\/p>\n<\/p>\n<p>Ruokap\u00f6yt\u00e4 on tehty t\u00e4ydest\u00e4 akaasiapuusta. Seesam, joka tunnetaan my\u00f6s nimell\u00e4 ruusupuu tai palisanteri, on trooppinen lehtipuu, joka on kuuluisa rikkaista puukuvioistaan. Hieno k\u00e4sity\u00f6taito ja kauniit puukuviot tekev\u00e4t jokaisesta ruokap\u00f6yd\u00e4st\u00e4mme ainutlaatuisen ja hieman erilaisen kuin muut. Ruokap\u00f6yt\u00e4 on t\u00e4ysin k\u00e4sintehty ja valmistusprosessin jokainen vaihe suoritetaan erityisen huolellisesti, olipa kyse sitten kiillotuksesta, maalaamisesta tai lakkaamisesta. Lis\u00e4ksi ter\u00e4sjalat yhdess\u00e4 ter\u00e4sristikon kanssa tukevoittavat rakennetta ja lis\u00e4\u00e4v\u00e4t my\u00f6s p\u00f6yd\u00e4n teollista vieh\u00e4tysvoimaa. T\u00e4m\u00e4 tuote on helppo koota.<\/p>\n<\/p>\n<p>T\u00e4rke\u00e4 huomio: pintakuviot ja v\u00e4rit vaihtelevat kappaleesta toiseen, mik\u00e4 tekee jokaisesta p\u00f6yd\u00e4st\u00e4 ainutlaatuisen; toimitus on sattumanvarainen.<\/p>\n<ul>\n<li>Materiaali: t\u00e4ysi akaasiapuinen p\u00f6yt\u00e4levy + jauhemaalatut ter\u00e4sjalat<\/li>\n<li>Mitat: 140 x 70 x 75 cm (P x L x K)<\/li>\n<li>Hiottu, maalattu ja lakattu<\/li>\n<li>Ter\u00e4ksinen ristipalkkirunko<\/li>\n<\/ul>\n","protected":false},"excerpt":{"rendered":"<ul>\n<li>Materiaali: t\u00e4ysi akaasiapuinen p\u00f6yt\u00e4levy + jauhemaalatut ter\u00e4sjalat<\/li>\n<li>Mitat: 140 x 70 x 75 cm (P x L x K)<\/li>\n<li>Hiottu, maalattu ja lakattu<\/li>\n<li>Ter\u00e4ksinen ristipalkkirunko<\/li>\n<\/ul>\n","protected":false},"featured_media":10000095594,"comment_status":"closed","ping_status":"closed","template":"","meta":[],"product_brand":[],"product_cat":[84,8543],"product_tag":[],"class_list":{"0":"post-95594","1":"product","2":"type-product","3":"status-publish","4":"has-post-thumbnail","6":"product_cat-huonekalut","7":"product_cat-keittion-ruokapoydat","9":"first","10":"instock","11":"taxable","12":"shipping-taxable","13":"purchasable","14":"product-type-simple"},"_links":{"self":[{"href":"https:\/\/www.otiumhome.fi\/index.php\/wp-json\/wp\/v2\/product\/95594","targetHints":{"allow":["GET"]}}],"collection":[{"href":"https:\/\/www.otiumhome.fi\/index.php\/wp-json\/wp\/v2\/product"}],"about":[{"href":"https:\/\/www.otiumhome.fi\/index.php\/wp-json\/wp\/v2\/types\/product"}],"replies":[{"embeddable":true,"href":"https:\/\/www.otiumhome.fi\/index.php\/wp-json\/wp\/v2\/comments?post=95594"}],"wp:featuredmedia":[{"embeddable":true,"href":"https:\/\/www.otiumhome.fi\/index.php\/wp-json\/"}],"wp:attachment":[{"href":"https:\/\/www.otiumhome.fi\/index.php\/wp-json\/wp\/v2\/media?parent=95594"}],"wp:term":[{"taxonomy":"product_brand","embeddable":true,"href":"https:\/\/www.otiumhome.fi\/index.php\/wp-json\/wp\/v2\/product_brand?post=95594"},{"taxonomy":"product_cat","embeddable":true,"href":"https:\/\/www.otiumhome.fi\/index.php\/wp-json\/wp\/v2\/product_cat?post=95594"},{"taxonomy":"product_tag","embeddable":true,"href":"https:\/\/www.otiumhome.fi\/index.php\/wp-json\/wp\/v2\/product_tag?post=95594"}],"curies":[{"name":"wp","href":"https:\/\/api.w.org\/{rel}","templated":true}]}}