{"id":95379,"date":"2024-12-15T08:43:44","date_gmt":"2024-12-15T08:43:44","guid":{"rendered":"https:\/\/www.otiumhome.fi\/?p=95379"},"modified":"2025-06-06T15:36:42","modified_gmt":"2025-06-06T15:36:42","slug":"ruokapoyta-160x80x75-cm-taysi-puu-hunajaviimeistelylla","status":"publish","type":"product","link":"https:\/\/www.otiumhome.fi\/index.php\/tuote\/ruokapoyta-160x80x75-cm-taysi-puu-hunajaviimeistelylla\/","title":{"rendered":"Ruokap\u00f6yt\u00e4 160x80x75 cm t\u00e4ysi puu hunajaviimeistelyll\u00e4"},"content":{"rendered":"<p>T\u00e4m\u00e4 teollista tyyli\u00e4 oleva puinen ruokap\u00f6yt\u00e4 ja tuo erottuvan lis\u00e4n keitti\u00f6\u00f6n tai ruokailutilaan.<\/p>\n<\/p>\n<p>Ruokap\u00f6yt\u00e4 on valmistettu t\u00e4ydest\u00e4 akaasia- ja kumipuusta hunajaviimeistelyll\u00e4. Ruokap\u00f6yt\u00e4 on valmistettu t\u00e4ysin k\u00e4sin ja jokainen ty\u00f6vaihe kiillotuksesta, maalaukseen ja lakkaukseen on suoritettu erityisen huolellisesti. Ter\u00e4sjalat sek\u00e4 vakaan rakenteen luova ter\u00e4ksinen ristipalkkirunko t\u00e4ydent\u00e4v\u00e4t sen teollisen ilmeen.<\/p>\n<\/p>\n<p>T\u00e4rke\u00e4 huomio: V\u00e4rit voivat vaihdella kappaleittain tehden jokaisesta kappaleesta ainutlaatuisen; toimitus on sattumanvarainen.<\/p>\n<ul>\n<li>Materiaali: t\u00e4ysi akaasiapuu ja kumipuu hunajaviimeistelyll\u00e4, jauhemaalattu ter\u00e4s<\/li>\n<li>Mitat: 160 x 80 x 75 cm (P x L x K)<\/li>\n<li>Asennus vaaditaan: kyll\u00e4<\/li>\n<\/ul>\n","protected":false},"excerpt":{"rendered":"<ul>\n<li>Materiaali: t\u00e4ysi akaasiapuu ja kumipuu hunajaviimeistelyll\u00e4, jauhemaalattu ter\u00e4s<\/li>\n<li>Mitat: 160 x 80 x 75 cm (P x L x K)<\/li>\n<li>Asennus vaaditaan: kyll\u00e4<\/li>\n<\/ul>\n","protected":false},"featured_media":10000095379,"comment_status":"closed","ping_status":"closed","template":"","meta":[],"product_brand":[],"product_cat":[84,8543],"product_tag":[],"class_list":{"0":"post-95379","1":"product","2":"type-product","3":"status-publish","4":"has-post-thumbnail","6":"product_cat-huonekalut","7":"product_cat-keittion-ruokapoydat","9":"first","10":"outofstock","11":"taxable","12":"shipping-taxable","13":"purchasable","14":"product-type-simple"},"_links":{"self":[{"href":"https:\/\/www.otiumhome.fi\/index.php\/wp-json\/wp\/v2\/product\/95379","targetHints":{"allow":["GET"]}}],"collection":[{"href":"https:\/\/www.otiumhome.fi\/index.php\/wp-json\/wp\/v2\/product"}],"about":[{"href":"https:\/\/www.otiumhome.fi\/index.php\/wp-json\/wp\/v2\/types\/product"}],"replies":[{"embeddable":true,"href":"https:\/\/www.otiumhome.fi\/index.php\/wp-json\/wp\/v2\/comments?post=95379"}],"wp:featuredmedia":[{"embeddable":true,"href":"https:\/\/www.otiumhome.fi\/index.php\/wp-json\/"}],"wp:attachment":[{"href":"https:\/\/www.otiumhome.fi\/index.php\/wp-json\/wp\/v2\/media?parent=95379"}],"wp:term":[{"taxonomy":"product_brand","embeddable":true,"href":"https:\/\/www.otiumhome.fi\/index.php\/wp-json\/wp\/v2\/product_brand?post=95379"},{"taxonomy":"product_cat","embeddable":true,"href":"https:\/\/www.otiumhome.fi\/index.php\/wp-json\/wp\/v2\/product_cat?post=95379"},{"taxonomy":"product_tag","embeddable":true,"href":"https:\/\/www.otiumhome.fi\/index.php\/wp-json\/wp\/v2\/product_tag?post=95379"}],"curies":[{"name":"wp","href":"https:\/\/api.w.org\/{rel}","templated":true}]}}