{"id":94980,"date":"2024-12-15T08:41:46","date_gmt":"2024-12-15T08:41:46","guid":{"rendered":"https:\/\/www.otiumhome.fi\/?p=94980"},"modified":"2025-06-21T18:45:51","modified_gmt":"2025-06-21T18:45:51","slug":"vaatekaappi-teollinen-musta-90x40x140-cm-teras","status":"publish","type":"product","link":"https:\/\/www.otiumhome.fi\/index.php\/tuote\/vaatekaappi-teollinen-musta-90x40x140-cm-teras\/","title":{"rendered":"Vaatekaappi teollinen musta 90x40x140 cm ter\u00e4s"},"content":{"rendered":"<p>Kompaktissa vaatekaapissa vaatteet ja p\u00e4ivitt\u00e4iset asusteet pysyv\u00e4t k\u00e4den ulottuvilla. Se tarjoaa t\u00e4ydellisen s\u00e4ilytysratkaisun ja tuo teollista vieh\u00e4tysvoimaa kotiisi.<\/p>\n<\/p>\n<p>Vaatekaappi on valmistettu laadukkaasta ter\u00e4ksest\u00e4, joten se on vankka, kest\u00e4v\u00e4 ja pitk\u00e4ik\u00e4inen. Siin\u00e4 on 1 suuri lokero ripustintangolla, 3 pienemp\u00e4\u00e4 lokeroa ja 2 vetolaatikkoa, joten vaatekaappi tarjoaa runsaasti tilaa niin pitkille vaatteille kuin viikatuille vaatteille ja asusteille, kuten puseroille, farkuille, hatuille, k\u00e4silaukuille jne. Nimilaput auttavat sinua j\u00e4rjest\u00e4m\u00e4\u00e4n ja lajittelemaan asusteet siististi eri kategorioiden tai vuodenaikojen mukaan.<\/p>\n<\/p>\n<p>Lis\u00e4ksi muovikuorilla varustetut ter\u00e4sjalat est\u00e4v\u00e4t lattiaa naarmuuntumasta. Kokoaminen on helppoa.<\/p>\n<ul>\n<li>V\u00e4ri: musta<\/li>\n<li>Materiaali: ter\u00e4s ja muovi<\/li>\n<li>Mitat: 90 x 40 x 140 cm (L x S x K)<\/li>\n<li>2 ovea, 2 vetolaatikkoa, 4 tuuletusaukkoa ja 4 nimilappua<\/li>\n<li>Suuri lokero, jossa ripustustanko ja 3 pienemp\u00e4\u00e4 osastoa<\/li>\n<li>Asennus vaaditaan: kyll\u00e4<\/li>\n<li>VAROITUS! Kaatumisen est\u00e4miseksi t\u00e4t\u00e4 tuotetta on k\u00e4ytett\u00e4v\u00e4 mukana toimitetun sein\u00e4kiinnityslaitteen kanssa.<\/li>\n<li>Legal Documents:\n<p><span>Lis\u00e4tietoja huonekalujesi kaatumisen est\u00e4misest\u00e4 voit l\u00f6yt\u00e4\u00e4 <span style=\"text-decoration: underline\"><strong><a title=\"https:\/\/bit.ly\/3bVwkQp\" href=\"https:\/\/bit.ly\/3bVwkQp\" target=\"_blank\">t\u00e4\u00e4lt\u00e4<\/a><\/strong><\/span><\/span><\/p>\n<\/li>\n<\/ul>\n","protected":false},"excerpt":{"rendered":"<ul>\n<li>V\u00e4ri: musta<\/li>\n<li>Materiaali: ter\u00e4s ja muovi<\/li>\n<li>Mitat: 90 x 40 x 140 cm (L x S x K)<\/li>\n<li>2 ovea, 2 vetolaatikkoa, 4 tuuletusaukkoa ja 4 nimilappua<\/li>\n<li>Suuri lokero, jossa ripustustanko ja 3 pienemp\u00e4\u00e4 osastoa<\/li>\n<li>Asennus vaaditaan: kyll\u00e4<\/li>\n<li>VAROITUS! Kaatumisen est\u00e4miseksi t\u00e4t\u00e4 tuotetta on k\u00e4ytett\u00e4v\u00e4 mukana toimitetun sein\u00e4kiinnityslaitteen kanssa.<\/li>\n<li>Legal Documents:\n<p><span>Lis\u00e4tietoja huonekalujesi kaatumisen est\u00e4misest\u00e4 voit l\u00f6yt\u00e4\u00e4 <span style=\"text-decoration: underline\"><strong><a title=\"https:\/\/bit.ly\/3bVwkQp\" href=\"https:\/\/bit.ly\/3bVwkQp\" target=\"_blank\">t\u00e4\u00e4lt\u00e4<\/a><\/strong><\/span><\/span><\/p>\n<\/li>\n<\/ul>\n","protected":false},"featured_media":10000094980,"comment_status":"closed","ping_status":"closed","template":"","meta":[],"product_brand":[],"product_cat":[84,8539],"product_tag":[],"class_list":{"0":"post-94980","1":"product","2":"type-product","3":"status-publish","4":"has-post-thumbnail","6":"product_cat-huonekalut","7":"product_cat-kaapit-vaatekaapit","9":"first","10":"outofstock","11":"taxable","12":"shipping-taxable","13":"purchasable","14":"product-type-simple"},"_links":{"self":[{"href":"https:\/\/www.otiumhome.fi\/index.php\/wp-json\/wp\/v2\/product\/94980","targetHints":{"allow":["GET"]}}],"collection":[{"href":"https:\/\/www.otiumhome.fi\/index.php\/wp-json\/wp\/v2\/product"}],"about":[{"href":"https:\/\/www.otiumhome.fi\/index.php\/wp-json\/wp\/v2\/types\/product"}],"replies":[{"embeddable":true,"href":"https:\/\/www.otiumhome.fi\/index.php\/wp-json\/wp\/v2\/comments?post=94980"}],"wp:featuredmedia":[{"embeddable":true,"href":"https:\/\/www.otiumhome.fi\/index.php\/wp-json\/"}],"wp:attachment":[{"href":"https:\/\/www.otiumhome.fi\/index.php\/wp-json\/wp\/v2\/media?parent=94980"}],"wp:term":[{"taxonomy":"product_brand","embeddable":true,"href":"https:\/\/www.otiumhome.fi\/index.php\/wp-json\/wp\/v2\/product_brand?post=94980"},{"taxonomy":"product_cat","embeddable":true,"href":"https:\/\/www.otiumhome.fi\/index.php\/wp-json\/wp\/v2\/product_cat?post=94980"},{"taxonomy":"product_tag","embeddable":true,"href":"https:\/\/www.otiumhome.fi\/index.php\/wp-json\/wp\/v2\/product_tag?post=94980"}],"curies":[{"name":"wp","href":"https:\/\/api.w.org\/{rel}","templated":true}]}}