{"id":94923,"date":"2024-12-15T08:41:42","date_gmt":"2024-12-15T08:41:42","guid":{"rendered":"https:\/\/www.otiumhome.fi\/?p=94923"},"modified":"2025-06-06T15:35:59","modified_gmt":"2025-06-06T15:35:59","slug":"vaatekaappi-vaaleanharmaa-80x50x180-cm-teras","status":"publish","type":"product","link":"https:\/\/www.otiumhome.fi\/index.php\/tuote\/vaatekaappi-vaaleanharmaa-80x50x180-cm-teras\/","title":{"rendered":"Vaatekaappi vaaleanharmaa 80x50x180 cm ter\u00e4s"},"content":{"rendered":"<p>Ter\u00e4ksest\u00e4 valmistetussa vaatekaapissa vaatteet ja p\u00e4ivitt\u00e4iset asusteet pysyv\u00e4t k\u00e4den ulottuvilla. Se tarjoaa t\u00e4ydellisen s\u00e4ilytysratkaisun ja tuo tyylikkyytt\u00e4 kotiin.<\/p>\n<\/p>\n<p>Vaatekaappi on valmistettu ter\u00e4ksest\u00e4, joten se on kest\u00e4v\u00e4 ja helppo puhdistaa. Se pit\u00e4\u00e4 sis\u00e4ll\u00e4\u00e4n kaksi hylly\u00e4 ja kaksi lukkoa. T\u00e4ss\u00e4 vaatekaapissa on suuret osastot, jotka tarjoavat runsaasti tilaa sek\u00e4 pitkille vaatteille ett\u00e4 viikatuille vaatteille ja asusteille, kuten paidoille, farkuille, hatuille, k\u00e4silaukuille, jne.<\/p>\n<ul>\n<li>V\u00e4ri: vaaleanharmaa<\/li>\n<li>Materiaali: ter\u00e4s<\/li>\n<li>Mitat: 80 x 50 x 180 cm (L x S x K)<\/li>\n<li>Kaksi hylly\u00e4<\/li>\n<li>Kaksi lukkoa<\/li>\n<li>Nelj\u00e4 henkaria<\/li>\n<li>Kantavuus per hylly: 30 kg<\/li>\n<li>Kokonaiskantavuus: 60 kg<\/li>\n<li>Asennus vaaditaan: kyll\u00e4<\/li>\n<li><strong>VAROITUS:<\/strong> kaatumisen est\u00e4miseksi on t\u00e4t\u00e4 tuotetta k\u00e4ytett\u00e4v\u00e4 mukana toimitetun sein\u00e4kiinnityslaitteen kanssa.<\/li>\n<\/ul>\n","protected":false},"excerpt":{"rendered":"<ul>\n<li>V\u00e4ri: vaaleanharmaa<\/li>\n<li>Materiaali: ter\u00e4s<\/li>\n<li>Mitat: 80 x 50 x 180 cm (L x S x K)<\/li>\n<li>Kaksi hylly\u00e4<\/li>\n<li>Kaksi lukkoa<\/li>\n<li>Nelj\u00e4 henkaria<\/li>\n<li>Kantavuus per hylly: 30 kg<\/li>\n<li>Kokonaiskantavuus: 60 kg<\/li>\n<li>Asennus vaaditaan: kyll\u00e4<\/li>\n<li><strong>VAROITUS:<\/strong> kaatumisen est\u00e4miseksi on t\u00e4t\u00e4 tuotetta k\u00e4ytett\u00e4v\u00e4 mukana toimitetun sein\u00e4kiinnityslaitteen kanssa.<\/li>\n<\/ul>\n","protected":false},"featured_media":10000094923,"comment_status":"closed","ping_status":"closed","template":"","meta":[],"product_brand":[],"product_cat":[84,8539],"product_tag":[],"class_list":{"0":"post-94923","1":"product","2":"type-product","3":"status-publish","4":"has-post-thumbnail","6":"product_cat-huonekalut","7":"product_cat-kaapit-vaatekaapit","9":"first","10":"instock","11":"taxable","12":"shipping-taxable","13":"purchasable","14":"product-type-simple"},"_links":{"self":[{"href":"https:\/\/www.otiumhome.fi\/index.php\/wp-json\/wp\/v2\/product\/94923","targetHints":{"allow":["GET"]}}],"collection":[{"href":"https:\/\/www.otiumhome.fi\/index.php\/wp-json\/wp\/v2\/product"}],"about":[{"href":"https:\/\/www.otiumhome.fi\/index.php\/wp-json\/wp\/v2\/types\/product"}],"replies":[{"embeddable":true,"href":"https:\/\/www.otiumhome.fi\/index.php\/wp-json\/wp\/v2\/comments?post=94923"}],"wp:featuredmedia":[{"embeddable":true,"href":"https:\/\/www.otiumhome.fi\/index.php\/wp-json\/"}],"wp:attachment":[{"href":"https:\/\/www.otiumhome.fi\/index.php\/wp-json\/wp\/v2\/media?parent=94923"}],"wp:term":[{"taxonomy":"product_brand","embeddable":true,"href":"https:\/\/www.otiumhome.fi\/index.php\/wp-json\/wp\/v2\/product_brand?post=94923"},{"taxonomy":"product_cat","embeddable":true,"href":"https:\/\/www.otiumhome.fi\/index.php\/wp-json\/wp\/v2\/product_cat?post=94923"},{"taxonomy":"product_tag","embeddable":true,"href":"https:\/\/www.otiumhome.fi\/index.php\/wp-json\/wp\/v2\/product_tag?post=94923"}],"curies":[{"name":"wp","href":"https:\/\/api.w.org\/{rel}","templated":true}]}}