{"id":94827,"date":"2024-12-15T08:41:36","date_gmt":"2024-12-15T08:41:36","guid":{"rendered":"https:\/\/www.otiumhome.fi\/?p=94827"},"modified":"2025-06-06T15:36:08","modified_gmt":"2025-06-06T15:36:08","slug":"vaatekaappi-kasityolainen-tammi-80x40x110-cm-tekninen-puu","status":"publish","type":"product","link":"https:\/\/www.otiumhome.fi\/index.php\/tuote\/vaatekaappi-kasityolainen-tammi-80x40x110-cm-tekninen-puu\/","title":{"rendered":"Vaatekaappi k\u00e4sity\u00f6l\u00e4inen tammi 80x40x110 cm tekninen puu"},"content":{"rendered":"<p>T\u00e4m\u00e4 vaatekaappi tarjoaa t\u00e4ydellisen ratkaisun vaatteiden, kenkien ja muiden asusteiden s\u00e4ilytt\u00e4miseen.<\/p>\n<\/p>\n<ul>\n<li>Kest\u00e4v\u00e4 materiaali: Suunniteltu puu on poikkeuksellisen laadukas, sile\u00e4 pinta ja lujuus, vakaus ja kosteudenkest\u00e4vyys.<\/li>\n<li>Runsaasti s\u00e4ilytystilaa: T\u00e4ss\u00e4 kaapissa on suuri avoin lokero ja 3-kerroksiset sivuhyllyt, joten voit pit\u00e4\u00e4 kaiken haluamasi k\u00e4sill\u00e4.<\/li>\n<li>Helppo liikkua: Makuuhuoneen vaatekaapin alla olevien py\u00f6rien avulla voit siirt\u00e4\u00e4 sen helposti oikeaan paikkaan.<\/li>\n<li>Helppo huoltaa: Sile\u00e4n pinnan ansiosta vaatekaapin s\u00e4ilytystila on helppo puhdistaa kostealla liinalla ja vaatii v\u00e4hemm\u00e4n huoltoa.<\/li>\n<\/ul>\n<p>Varoitus:<\/p>\n<ul>\n<li>Kaatumisen est\u00e4miseksi t\u00e4t\u00e4 tuotetta on k\u00e4ytett\u00e4v\u00e4 mukana toimitetun sein\u00e4kiinnityslaitteen kanssa.<\/li>\n<\/ul>\n<ul>\n<li>V\u00e4ri: artisaanitammi<\/li>\n<li>Materiaali: Tekninen puu<\/li>\n<li>Mitat: 80 x 40 x 110 cm (P x L x K)<\/li>\n<li>Asennus vaaditaan: Kyll\u00e4<\/li>\n<\/ul>\n","protected":false},"excerpt":{"rendered":"<ul>\n<li>V\u00e4ri: artisaanitammi<\/li>\n<li>Materiaali: Tekninen puu<\/li>\n<li>Mitat: 80 x 40 x 110 cm (P x L x K)<\/li>\n<li>Asennus vaaditaan: Kyll\u00e4<\/li>\n<\/ul>\n","protected":false},"featured_media":10000094827,"comment_status":"closed","ping_status":"closed","template":"","meta":[],"product_brand":[],"product_cat":[84,8539],"product_tag":[],"class_list":{"0":"post-94827","1":"product","2":"type-product","3":"status-publish","4":"has-post-thumbnail","6":"product_cat-huonekalut","7":"product_cat-kaapit-vaatekaapit","9":"first","10":"instock","11":"taxable","12":"shipping-taxable","13":"purchasable","14":"product-type-simple"},"_links":{"self":[{"href":"https:\/\/www.otiumhome.fi\/index.php\/wp-json\/wp\/v2\/product\/94827","targetHints":{"allow":["GET"]}}],"collection":[{"href":"https:\/\/www.otiumhome.fi\/index.php\/wp-json\/wp\/v2\/product"}],"about":[{"href":"https:\/\/www.otiumhome.fi\/index.php\/wp-json\/wp\/v2\/types\/product"}],"replies":[{"embeddable":true,"href":"https:\/\/www.otiumhome.fi\/index.php\/wp-json\/wp\/v2\/comments?post=94827"}],"wp:featuredmedia":[{"embeddable":true,"href":"https:\/\/www.otiumhome.fi\/index.php\/wp-json\/"}],"wp:attachment":[{"href":"https:\/\/www.otiumhome.fi\/index.php\/wp-json\/wp\/v2\/media?parent=94827"}],"wp:term":[{"taxonomy":"product_brand","embeddable":true,"href":"https:\/\/www.otiumhome.fi\/index.php\/wp-json\/wp\/v2\/product_brand?post=94827"},{"taxonomy":"product_cat","embeddable":true,"href":"https:\/\/www.otiumhome.fi\/index.php\/wp-json\/wp\/v2\/product_cat?post=94827"},{"taxonomy":"product_tag","embeddable":true,"href":"https:\/\/www.otiumhome.fi\/index.php\/wp-json\/wp\/v2\/product_tag?post=94827"}],"curies":[{"name":"wp","href":"https:\/\/api.w.org\/{rel}","templated":true}]}}