{"id":94534,"date":"2024-12-15T08:40:38","date_gmt":"2024-12-15T08:40:38","guid":{"rendered":"https:\/\/www.otiumhome.fi\/?p=94534"},"modified":"2024-12-17T23:55:56","modified_gmt":"2024-12-17T23:55:56","slug":"batavia-penkki-taysmahonki-123-cm-valkoinen","status":"publish","type":"product","link":"https:\/\/www.otiumhome.fi\/index.php\/tuote\/batavia-penkki-taysmahonki-123-cm-valkoinen\/","title":{"rendered":"Batavia-penkki t\u00e4ysmahonki 123 cm valkoinen"},"content":{"rendered":"<p>Puinen Batavia-penkki on t\u00e4ydellinen valinta tyylin ja toimivuuden kannalta, ja se antaa kotisi sisustukseen tyyli\u00e4. Se n\u00e4ytt\u00e4\u00e4 yksinkertaisesti upealta miss\u00e4 tahansa sis\u00e4tilassa.<\/p>\n<\/p>\n<p>Korkealaatuinen mahongista valmistettu penkki on eritt\u00e4in vakaa ja kest\u00e4v\u00e4 ja siin\u00e4 on elegantit kaarevat k\u00e4sinojat. Se on tukeva ja helppo puhdistaa, siksi se on pitk\u00e4ik\u00e4inen.<\/p>\n<ul>\n<li>V\u00e4ri: valkoinen<\/li>\n<li>Materiaali: t\u00e4ysmahonki<\/li>\n<li>Mitat: 123 x 50 x 81 cm (L x S x K)<\/li>\n<li>Istuimen leveys: 111,5 cm<\/li>\n<li>Istuimen syvyys: 38 cm<\/li>\n<li>Istuimen korkeus maasta: 43,5 cm<\/li>\n<li>K\u00e4sinojan korkeus maasta: 70 cm<\/li>\n<li>Sopii kolmelle hengelle<\/li>\n<li>Vain sis\u00e4k\u00e4ytt\u00f6\u00f6n<\/li>\n<\/ul>\n","protected":false},"excerpt":{"rendered":"<ul>\n<li>V\u00e4ri: valkoinen<\/li>\n<li>Materiaali: t\u00e4ysmahonki<\/li>\n<li>Mitat: 123 x 50 x 81 cm (L x S x K)<\/li>\n<li>Istuimen leveys: 111,5 cm<\/li>\n<li>Istuimen syvyys: 38 cm<\/li>\n<li>Istuimen korkeus maasta: 43,5 cm<\/li>\n<li>K\u00e4sinojan korkeus maasta: 70 cm<\/li>\n<li>Sopii kolmelle hengelle<\/li>\n<li>Vain sis\u00e4k\u00e4ytt\u00f6\u00f6n<\/li>\n<\/ul>\n","protected":false},"featured_media":10000094534,"comment_status":"closed","ping_status":"closed","template":"","meta":[],"product_brand":[],"product_cat":[8538,84],"product_tag":[],"class_list":{"0":"post-94534","1":"product","2":"type-product","3":"status-publish","4":"has-post-thumbnail","6":"product_cat-eteis-sailytyspenkit","7":"product_cat-huonekalut","9":"first","10":"outofstock","11":"taxable","12":"shipping-taxable","13":"purchasable","14":"product-type-simple"},"_links":{"self":[{"href":"https:\/\/www.otiumhome.fi\/index.php\/wp-json\/wp\/v2\/product\/94534","targetHints":{"allow":["GET"]}}],"collection":[{"href":"https:\/\/www.otiumhome.fi\/index.php\/wp-json\/wp\/v2\/product"}],"about":[{"href":"https:\/\/www.otiumhome.fi\/index.php\/wp-json\/wp\/v2\/types\/product"}],"replies":[{"embeddable":true,"href":"https:\/\/www.otiumhome.fi\/index.php\/wp-json\/wp\/v2\/comments?post=94534"}],"wp:featuredmedia":[{"embeddable":true,"href":"https:\/\/www.otiumhome.fi\/index.php\/wp-json\/"}],"wp:attachment":[{"href":"https:\/\/www.otiumhome.fi\/index.php\/wp-json\/wp\/v2\/media?parent=94534"}],"wp:term":[{"taxonomy":"product_brand","embeddable":true,"href":"https:\/\/www.otiumhome.fi\/index.php\/wp-json\/wp\/v2\/product_brand?post=94534"},{"taxonomy":"product_cat","embeddable":true,"href":"https:\/\/www.otiumhome.fi\/index.php\/wp-json\/wp\/v2\/product_cat?post=94534"},{"taxonomy":"product_tag","embeddable":true,"href":"https:\/\/www.otiumhome.fi\/index.php\/wp-json\/wp\/v2\/product_tag?post=94534"}],"curies":[{"name":"wp","href":"https:\/\/api.w.org\/{rel}","templated":true}]}}