{"id":94385,"date":"2024-12-15T08:40:29","date_gmt":"2024-12-15T08:40:29","guid":{"rendered":"https:\/\/www.otiumhome.fi\/?p=94385"},"modified":"2025-06-06T15:34:21","modified_gmt":"2025-06-06T15:34:21","slug":"4-osainen-eteisen-kalustesarja-valkoinen-tekninen-puu","status":"publish","type":"product","link":"https:\/\/www.otiumhome.fi\/index.php\/tuote\/4-osainen-eteisen-kalustesarja-valkoinen-tekninen-puu\/","title":{"rendered":"4-osainen Eteisen kalustesarja valkoinen tekninen puu"},"content":{"rendered":"<p>Luo ovesi viereen l\u00e4mmin ja kutsuva ilmapiiri t\u00e4ll\u00e4 eteisen huonekalusarjalla!<\/p>\n<\/p>\n<ul>\n<li>Vakaa ja kest\u00e4v\u00e4 materiaali: Tekninen puu on kest\u00e4v\u00e4 ja vakaa materiaali, jonka sile\u00e4 pinta kest\u00e4\u00e4 kosteutta, v\u00e4\u00e4ntymist\u00e4 ja halkeilua, joten se on luotettava valinta erilaisiin projekteihin.<\/li>\n<li>3-in-1 eteisen s\u00e4ilytysyksikk\u00f6: T\u00e4ss\u00e4 sarjassa on kaikki mit\u00e4 tarvitset pit\u00e4\u00e4ksesi eteisesi siistin\u00e4 ja puhtaana. Se sis\u00e4lt\u00e4\u00e4 kenk\u00e4penkin laatikoilla, peilin ja kaksi naulakkoa kenkien, takkien ja asusteiden s\u00e4ilytt\u00e4miseen.<\/li>\n<li>Monik\u00e4ytt\u00f6inen eteisen penkki: T\u00e4ll\u00e4 monipuolisella penkill\u00e4 on kaksi tarkoitusta, kenkien ja asusteiden s\u00e4ilytyskaappi sek\u00e4 k\u00e4tev\u00e4 paikka k\u00e4yt\u00e4v\u00e4ll\u00e4 kenkien pukemiseen tai riisumiseen.<\/li>\n<li>Kuusi ripustusvaihtoehtoa: Kuusi koukkua on sijoitettu kahdelle eri korkeudelle, jotta ne ovat kaikkien ulottuvilla ja niihin mahtuu eripituisia tavaroita.<\/li>\n<li>Tilaa s\u00e4\u00e4st\u00e4v\u00e4: Sein\u00e4kiinnitett\u00e4v\u00e4 suunnittelu maksimoi k\u00e4ytt\u00e4m\u00e4tt\u00f6m\u00e4n sein\u00e4tilan ja muuntaa sen kompaktiksi ja tehokkaaksi s\u00e4ilytystilaksi, mik\u00e4 tekee t\u00e4st\u00e4 huonekalusta ihanteellisen pieniin tai rajoitettuihin tiloihin.<\/li>\n<\/ul>\n<ul>\n<li>V\u00e4ri: Valkoinen<\/li>\n<li>Materiaali: Tekninen puu, galvanoitu rauta, akryyli<\/li>\n<li>Penkin mitat: 90 x 31 x 46,5 cm (L x S x K)<\/li>\n<li>Naulakkopaneelin koko (hyllyll\u00e4): 50 x 30 cm (L x K)<\/li>\n<li>Naulakkopaneelin koko: 50 x 20 cm (L x K)<\/li>\n<li>Peilipaneelin koko: 31 x 90 cm (L x K)<\/li>\n<li>Peilin mitat: 29 x 82 x 0,4 cm (L x K x S)<\/li>\n<li>Koukkujen m\u00e4\u00e4r\u00e4: 6<\/li>\n<li>Enimm\u00e4iskantavuus:<\/li>\n<li>P\u00f6yt\u00e4levy: 30 kg<\/li>\n<li>Laatikko (kukin): 5 kg<\/li>\n<li>Naulakon koukku (kukin): 1 kg<\/li>\n<li>Asennus vaaditaan: Kyll\u00e4<\/li>\n<li>Asennustarvikkeet sis\u00e4ltyv\u00e4t toimitukseen<\/li>\n<li><strong>Toimitus sis\u00e4lt\u00e4\u00e4:<\/strong><\/li>\n<li>1 x Eteisen penkki<\/li>\n<li>1 x peili<\/li>\n<li>1 x Naulakko hyllyll\u00e4<\/li>\n<li>1 x Naulakkopaneeli<\/li>\n<\/ul>\n","protected":false},"excerpt":{"rendered":"<ul>\n<li>V\u00e4ri: Valkoinen<\/li>\n<li>Materiaali: Tekninen puu, galvanoitu rauta, akryyli<\/li>\n<li>Penkin mitat: 90 x 31 x 46,5 cm (L x S x K)<\/li>\n<li>Naulakkopaneelin koko (hyllyll\u00e4): 50 x 30 cm (L x K)<\/li>\n<li>Naulakkopaneelin koko: 50 x 20 cm (L x K)<\/li>\n<li>Peilipaneelin koko: 31 x 90 cm (L x K)<\/li>\n<li>Peilin mitat: 29 x 82 x 0,4 cm (L x K x S)<\/li>\n<li>Koukkujen m\u00e4\u00e4r\u00e4: 6<\/li>\n<li>Enimm\u00e4iskantavuus:<\/li>\n<li>P\u00f6yt\u00e4levy: 30 kg<\/li>\n<li>Laatikko (kukin): 5 kg<\/li>\n<li>Naulakon koukku (kukin): 1 kg<\/li>\n<li>Asennus vaaditaan: Kyll\u00e4<\/li>\n<li>Asennustarvikkeet sis\u00e4ltyv\u00e4t toimitukseen<\/li>\n<li><strong>Toimitus sis\u00e4lt\u00e4\u00e4:<\/strong><\/li>\n<li>1 x Eteisen penkki<\/li>\n<li>1 x peili<\/li>\n<li>1 x Naulakko hyllyll\u00e4<\/li>\n<li>1 x Naulakkopaneeli<\/li>\n<\/ul>\n","protected":false},"featured_media":10000094385,"comment_status":"closed","ping_status":"closed","template":"","meta":[],"product_brand":[],"product_cat":[8538,84],"product_tag":[],"class_list":{"0":"post-94385","1":"product","2":"type-product","3":"status-publish","4":"has-post-thumbnail","6":"product_cat-eteis-sailytyspenkit","7":"product_cat-huonekalut","9":"first","10":"instock","11":"taxable","12":"shipping-taxable","13":"purchasable","14":"product-type-simple"},"_links":{"self":[{"href":"https:\/\/www.otiumhome.fi\/index.php\/wp-json\/wp\/v2\/product\/94385","targetHints":{"allow":["GET"]}}],"collection":[{"href":"https:\/\/www.otiumhome.fi\/index.php\/wp-json\/wp\/v2\/product"}],"about":[{"href":"https:\/\/www.otiumhome.fi\/index.php\/wp-json\/wp\/v2\/types\/product"}],"replies":[{"embeddable":true,"href":"https:\/\/www.otiumhome.fi\/index.php\/wp-json\/wp\/v2\/comments?post=94385"}],"wp:featuredmedia":[{"embeddable":true,"href":"https:\/\/www.otiumhome.fi\/index.php\/wp-json\/"}],"wp:attachment":[{"href":"https:\/\/www.otiumhome.fi\/index.php\/wp-json\/wp\/v2\/media?parent=94385"}],"wp:term":[{"taxonomy":"product_brand","embeddable":true,"href":"https:\/\/www.otiumhome.fi\/index.php\/wp-json\/wp\/v2\/product_brand?post=94385"},{"taxonomy":"product_cat","embeddable":true,"href":"https:\/\/www.otiumhome.fi\/index.php\/wp-json\/wp\/v2\/product_cat?post=94385"},{"taxonomy":"product_tag","embeddable":true,"href":"https:\/\/www.otiumhome.fi\/index.php\/wp-json\/wp\/v2\/product_tag?post=94385"}],"curies":[{"name":"wp","href":"https:\/\/api.w.org\/{rel}","templated":true}]}}