{"id":93972,"date":"2024-12-15T08:34:45","date_gmt":"2024-12-15T08:34:45","guid":{"rendered":"https:\/\/www.otiumhome.fi\/?p=93972"},"modified":"2025-06-06T15:34:02","modified_gmt":"2025-06-06T15:34:02","slug":"toimistokaappi-verkko-ovella-teollinen-musta-75x40x120-cm-teras","status":"publish","type":"product","link":"https:\/\/www.otiumhome.fi\/index.php\/tuote\/toimistokaappi-verkko-ovella-teollinen-musta-75x40x120-cm-teras\/","title":{"rendered":"Toimistokaappi verkko-ovella teollinen musta 75x40x120 cm ter\u00e4s"},"content":{"rendered":"<p>T\u00e4m\u00e4 tyypillisen arkistokaapin n\u00e4k\u00f6inen toimistokaappi on loistava valinta asiakirjojen s\u00e4ilytt\u00e4miseen.<\/p>\n<\/p>\n<p>Kolmen osaston ja nimilapuilla varustettujen kahden laatikon ansiosta t\u00e4m\u00e4 toimistokaappi mahdollistaa asiakirjojen j\u00e4rjest\u00e4misen eri kategorioihin. Ainutlaatuiset verkko-ovet tekev\u00e4t niist\u00e4 helposti l\u00e4pin\u00e4kyv\u00e4t ja saat haluamasi tiedoston. Se sopii mink\u00e4 tahansa toimiston sisustukseen sen ikonisen muotoilun ja teollisen tyylin ansiosta. Muovip\u00e4\u00e4llysteiset ter\u00e4sjalat est\u00e4v\u00e4t lattian naarmuuntumisen.<\/p>\n<\/p>\n<p>T\u00e4m\u00e4 toimistokaappi on valmistettu laadukkaasta ter\u00e4ksest\u00e4, joten se on kest\u00e4v\u00e4 ja helppo puhdistaa. Se on helppo koota.<\/p>\n<ul>\n<li>V\u00e4ri: musta<\/li>\n<li>Materiaali: ter\u00e4s ja muovi<\/li>\n<li>Mitat: 75 x 40 x 120 cm (L x S x K)<\/li>\n<li>Kahdella verkko-ovella<\/li>\n<li>3 osastoa, 2 laatikkoa nimilapuilla<\/li>\n<li>Asennus vaaditaan: kyll\u00e4<\/li>\n<li>VAROITUS! Kaatumisen est\u00e4miseksi t\u00e4t\u00e4 tuotetta on k\u00e4ytett\u00e4v\u00e4 mukana toimitetun sein\u00e4kiinnityslaitteen kanssa.<\/li>\n<li>Legal Documents:\n<p><span>Lis\u00e4tietoja huonekalujesi kaatumisen est\u00e4misest\u00e4 voit l\u00f6yt\u00e4\u00e4 <span style=\"text-decoration: underline\"><strong><a title=\"https:\/\/bit.ly\/3bVwkQp\" href=\"https:\/\/bit.ly\/3bVwkQp\" target=\"_blank\">t\u00e4\u00e4lt\u00e4<\/a><\/strong><\/span><\/span><\/p>\n<\/li>\n<\/ul>\n","protected":false},"excerpt":{"rendered":"<ul>\n<li>V\u00e4ri: musta<\/li>\n<li>Materiaali: ter\u00e4s ja muovi<\/li>\n<li>Mitat: 75 x 40 x 120 cm (L x S x K)<\/li>\n<li>Kahdella verkko-ovella<\/li>\n<li>3 osastoa, 2 laatikkoa nimilapuilla<\/li>\n<li>Asennus vaaditaan: kyll\u00e4<\/li>\n<li>VAROITUS! Kaatumisen est\u00e4miseksi t\u00e4t\u00e4 tuotetta on k\u00e4ytett\u00e4v\u00e4 mukana toimitetun sein\u00e4kiinnityslaitteen kanssa.<\/li>\n<li>Legal Documents:\n<p><span>Lis\u00e4tietoja huonekalujesi kaatumisen est\u00e4misest\u00e4 voit l\u00f6yt\u00e4\u00e4 <span style=\"text-decoration: underline\"><strong><a title=\"https:\/\/bit.ly\/3bVwkQp\" href=\"https:\/\/bit.ly\/3bVwkQp\" target=\"_blank\">t\u00e4\u00e4lt\u00e4<\/a><\/strong><\/span><\/span><\/p>\n<\/li>\n<\/ul>\n","protected":false},"featured_media":10000093972,"comment_status":"closed","ping_status":"closed","template":"","meta":[],"product_brand":[],"product_cat":[8535,84],"product_tag":[],"class_list":{"0":"post-93972","1":"product","2":"type-product","3":"status-publish","4":"has-post-thumbnail","6":"product_cat-arkistokaapit","7":"product_cat-huonekalut","9":"first","10":"outofstock","11":"taxable","12":"shipping-taxable","13":"purchasable","14":"product-type-simple"},"_links":{"self":[{"href":"https:\/\/www.otiumhome.fi\/index.php\/wp-json\/wp\/v2\/product\/93972","targetHints":{"allow":["GET"]}}],"collection":[{"href":"https:\/\/www.otiumhome.fi\/index.php\/wp-json\/wp\/v2\/product"}],"about":[{"href":"https:\/\/www.otiumhome.fi\/index.php\/wp-json\/wp\/v2\/types\/product"}],"replies":[{"embeddable":true,"href":"https:\/\/www.otiumhome.fi\/index.php\/wp-json\/wp\/v2\/comments?post=93972"}],"wp:featuredmedia":[{"embeddable":true,"href":"https:\/\/www.otiumhome.fi\/index.php\/wp-json\/"}],"wp:attachment":[{"href":"https:\/\/www.otiumhome.fi\/index.php\/wp-json\/wp\/v2\/media?parent=93972"}],"wp:term":[{"taxonomy":"product_brand","embeddable":true,"href":"https:\/\/www.otiumhome.fi\/index.php\/wp-json\/wp\/v2\/product_brand?post=93972"},{"taxonomy":"product_cat","embeddable":true,"href":"https:\/\/www.otiumhome.fi\/index.php\/wp-json\/wp\/v2\/product_cat?post=93972"},{"taxonomy":"product_tag","embeddable":true,"href":"https:\/\/www.otiumhome.fi\/index.php\/wp-json\/wp\/v2\/product_tag?post=93972"}],"curies":[{"name":"wp","href":"https:\/\/api.w.org\/{rel}","templated":true}]}}