{"id":93611,"date":"2024-12-15T08:29:23","date_gmt":"2024-12-15T08:29:23","guid":{"rendered":"https:\/\/www.otiumhome.fi\/?p=93611"},"modified":"2025-06-06T15:33:37","modified_gmt":"2025-06-06T15:33:37","slug":"konsolipoyta-90x30x75-cm-taysi-kierratetty-puu","status":"publish","type":"product","link":"https:\/\/www.otiumhome.fi\/index.php\/tuote\/konsolipoyta-90x30x75-cm-taysi-kierratetty-puu\/","title":{"rendered":"Konsolip\u00f6yt\u00e4 90x30x75 cm t\u00e4ysi kierr\u00e4tetty puu"},"content":{"rendered":"<p>T\u00e4m\u00e4 kierr\u00e4tetyst\u00e4 tiikist\u00e4 valmistettu sivup\u00f6yt\u00e4 on ajaton lis\u00e4 kotiisi.<\/p>\n<\/p>\n<p>Sen t\u00e4yspuisella p\u00f6yt\u00e4tasolla on runsaasti tilaa koriste-esineiden, valokuvakehysten tai jopa ruukkukasvien esille laittamiseen. Kolmessa tilavassa laatikossa voit pit\u00e4\u00e4 pieni\u00e4 esineit\u00e4, kuten avaimia, muistilehti\u00f6it\u00e4, kyni\u00e4 jne. Sit\u00e4 voidaan k\u00e4ytt\u00e4\u00e4 my\u00f6s konsolikaappina, sivup\u00f6yt\u00e4n\u00e4, korkeana kaappina jne. T\u00e4m\u00e4 eksoottinen konsolip\u00f6yt\u00e4 on tehty kierr\u00e4tetyst\u00e4 puusta, mik\u00e4 tarkoittaa, ett\u00e4 jokainen huonekalu on ainutlaatuinen ja hieman erilainen kuin muut. Kierr\u00e4tetty puu on vankka, vakaa, kest\u00e4v\u00e4 ja kaunis. Se on osittain k\u00e4sintehty, ja k\u00e4sity\u00f6 lis\u00e4\u00e4 t\u00e4m\u00e4n konsolip\u00f6yd\u00e4n ainutlaatuista vintage-tyyli\u00e4. Tuotantoprosessin jokaisessa vaiheessa on noudatettu suurta huolellisuutta, olipa kyse sitten yhdist\u00e4misest\u00e4, kiillotuksesta tai maalaamisesta. T\u00e4m\u00e4 vintage-p\u00f6yt\u00e4 tarjoaa loistavan lis\u00e4n kotiisi!<\/p>\n<\/p>\n<p>T\u00e4rke\u00e4 huomio: V\u00e4rit saattavat vaihdella kappaleittain, jokainen p\u00f6yt\u00e4 on ainutlaatuinen. Toimitus on satunnainen.<\/p>\n<\/p>\n<p>Varoitus: Kaatumisen est\u00e4miseksi t\u00e4t\u00e4 tuotetta on k\u00e4ytett\u00e4v\u00e4 mukana toimitetun sein\u00e4kiinnityslaitteen kanssa.<\/p>\n<ul>\n<li>V\u00e4ri: ruskea<\/li>\n<li>Materiaali: t\u00e4ysi kierr\u00e4tyspuu, jauhemaalattu ter\u00e4s<\/li>\n<li>Mitat: 90 x 30 x 75 cm (P x L x K)<\/li>\n<li>Sis\u00e4lt\u00e4\u00e4 2 vetolaatikkoa<\/li>\n<li>Asennus vaaditaan: kyll\u00e4<\/li>\n<li>Legal Documents:\n<p><span>Lis\u00e4tietoja huonekalujesi kaatumisen est\u00e4misest\u00e4 voit l\u00f6yt\u00e4\u00e4 <span style=\"text-decoration: underline\"><strong><a title=\"https:\/\/bit.ly\/3bVwkQp\" href=\"https:\/\/bit.ly\/3bVwkQp\" target=\"_blank\">t\u00e4\u00e4lt\u00e4<\/a><\/strong><\/span><\/span><\/p>\n<\/li>\n<\/ul>\n","protected":false},"excerpt":{"rendered":"<ul>\n<li>V\u00e4ri: ruskea<\/li>\n<li>Materiaali: t\u00e4ysi kierr\u00e4tyspuu, jauhemaalattu ter\u00e4s<\/li>\n<li>Mitat: 90 x 30 x 75 cm (P x L x K)<\/li>\n<li>Sis\u00e4lt\u00e4\u00e4 2 vetolaatikkoa<\/li>\n<li>Asennus vaaditaan: kyll\u00e4<\/li>\n<li>Legal Documents:\n<p><span>Lis\u00e4tietoja huonekalujesi kaatumisen est\u00e4misest\u00e4 voit l\u00f6yt\u00e4\u00e4 <span style=\"text-decoration: underline\"><strong><a title=\"https:\/\/bit.ly\/3bVwkQp\" href=\"https:\/\/bit.ly\/3bVwkQp\" target=\"_blank\">t\u00e4\u00e4lt\u00e4<\/a><\/strong><\/span><\/span><\/p>\n<\/li>\n<\/ul>\n","protected":false},"featured_media":10000093611,"comment_status":"closed","ping_status":"closed","template":"","meta":[],"product_brand":[],"product_cat":[8534,84,8533],"product_tag":[],"class_list":{"0":"post-93611","1":"product","2":"type-product","3":"status-publish","4":"has-post-thumbnail","6":"product_cat-apupoydat","7":"product_cat-huonekalut","8":"product_cat-sivupoydat","10":"first","11":"instock","12":"taxable","13":"shipping-taxable","14":"purchasable","15":"product-type-simple"},"_links":{"self":[{"href":"https:\/\/www.otiumhome.fi\/index.php\/wp-json\/wp\/v2\/product\/93611","targetHints":{"allow":["GET"]}}],"collection":[{"href":"https:\/\/www.otiumhome.fi\/index.php\/wp-json\/wp\/v2\/product"}],"about":[{"href":"https:\/\/www.otiumhome.fi\/index.php\/wp-json\/wp\/v2\/types\/product"}],"replies":[{"embeddable":true,"href":"https:\/\/www.otiumhome.fi\/index.php\/wp-json\/wp\/v2\/comments?post=93611"}],"wp:featuredmedia":[{"embeddable":true,"href":"https:\/\/www.otiumhome.fi\/index.php\/wp-json\/"}],"wp:attachment":[{"href":"https:\/\/www.otiumhome.fi\/index.php\/wp-json\/wp\/v2\/media?parent=93611"}],"wp:term":[{"taxonomy":"product_brand","embeddable":true,"href":"https:\/\/www.otiumhome.fi\/index.php\/wp-json\/wp\/v2\/product_brand?post=93611"},{"taxonomy":"product_cat","embeddable":true,"href":"https:\/\/www.otiumhome.fi\/index.php\/wp-json\/wp\/v2\/product_cat?post=93611"},{"taxonomy":"product_tag","embeddable":true,"href":"https:\/\/www.otiumhome.fi\/index.php\/wp-json\/wp\/v2\/product_tag?post=93611"}],"curies":[{"name":"wp","href":"https:\/\/api.w.org\/{rel}","templated":true}]}}