{"id":93521,"date":"2024-12-15T08:29:19","date_gmt":"2024-12-15T08:29:19","guid":{"rendered":"https:\/\/www.otiumhome.fi\/?p=93521"},"modified":"2025-06-06T15:33:33","modified_gmt":"2025-06-06T15:33:33","slug":"konsolipoyta-savutammi-89x41x765-cm-lastulevy","status":"publish","type":"product","link":"https:\/\/www.otiumhome.fi\/index.php\/tuote\/konsolipoyta-savutammi-89x41x765-cm-lastulevy\/","title":{"rendered":"Konsolip\u00f6yt\u00e4 savutammi 89x41x76,5 cm lastulevy"},"content":{"rendered":"<p>T\u00e4m\u00e4 konsolip\u00f6yt\u00e4 sopii mink\u00e4 tahansa kodin sisustukseen t\u00e4ydellisen\u00e4 koriste- ja s\u00e4ilytysratkaisuna.<\/p>\n<\/p>\n<p>T\u00e4ss\u00e4 eteisen p\u00f6yd\u00e4ss\u00e4 on tukeva ja vakaa rakenne. Tukeva p\u00f6yt\u00e4levy on ihanteellinen koriste-esineiden, kuten maljakoiden, valokuvien, hedelm\u00e4korien, jne. esille laittoon. Kaksi vetolaatikkoa sopivat pikkuesineiden j\u00e4rjestyksess\u00e4 ja ulottuvilla pit\u00e4miseen. P\u00f6yt\u00e4 on my\u00f6s t\u00e4ydellinen peilip\u00f6yd\u00e4ksi.<\/p>\n<ul>\n<li>V\u00e4ri: savutammi<\/li>\n<li>Materiaali: lastulevy<\/li>\n<li>Mitat: 89 x 41 x 76,5 cm (P x L x K)<\/li>\n<li>Asennus vaaditaan: kyll\u00e4<\/li>\n<\/ul>\n","protected":false},"excerpt":{"rendered":"<ul>\n<li>V\u00e4ri: savutammi<\/li>\n<li>Materiaali: lastulevy<\/li>\n<li>Mitat: 89 x 41 x 76,5 cm (P x L x K)<\/li>\n<li>Asennus vaaditaan: kyll\u00e4<\/li>\n<\/ul>\n","protected":false},"featured_media":10000093521,"comment_status":"closed","ping_status":"closed","template":"","meta":[],"product_brand":[],"product_cat":[8534,84,8533],"product_tag":[],"class_list":{"0":"post-93521","1":"product","2":"type-product","3":"status-publish","4":"has-post-thumbnail","6":"product_cat-apupoydat","7":"product_cat-huonekalut","8":"product_cat-sivupoydat","10":"first","11":"instock","12":"taxable","13":"shipping-taxable","14":"purchasable","15":"product-type-simple"},"_links":{"self":[{"href":"https:\/\/www.otiumhome.fi\/index.php\/wp-json\/wp\/v2\/product\/93521","targetHints":{"allow":["GET"]}}],"collection":[{"href":"https:\/\/www.otiumhome.fi\/index.php\/wp-json\/wp\/v2\/product"}],"about":[{"href":"https:\/\/www.otiumhome.fi\/index.php\/wp-json\/wp\/v2\/types\/product"}],"replies":[{"embeddable":true,"href":"https:\/\/www.otiumhome.fi\/index.php\/wp-json\/wp\/v2\/comments?post=93521"}],"wp:featuredmedia":[{"embeddable":true,"href":"https:\/\/www.otiumhome.fi\/index.php\/wp-json\/"}],"wp:attachment":[{"href":"https:\/\/www.otiumhome.fi\/index.php\/wp-json\/wp\/v2\/media?parent=93521"}],"wp:term":[{"taxonomy":"product_brand","embeddable":true,"href":"https:\/\/www.otiumhome.fi\/index.php\/wp-json\/wp\/v2\/product_brand?post=93521"},{"taxonomy":"product_cat","embeddable":true,"href":"https:\/\/www.otiumhome.fi\/index.php\/wp-json\/wp\/v2\/product_cat?post=93521"},{"taxonomy":"product_tag","embeddable":true,"href":"https:\/\/www.otiumhome.fi\/index.php\/wp-json\/wp\/v2\/product_tag?post=93521"}],"curies":[{"name":"wp","href":"https:\/\/api.w.org\/{rel}","templated":true}]}}