{"id":93460,"date":"2024-12-15T08:29:16","date_gmt":"2024-12-15T08:29:16","guid":{"rendered":"https:\/\/www.otiumhome.fi\/?p=93460"},"modified":"2025-06-06T15:33:32","modified_gmt":"2025-06-06T15:33:32","slug":"konsolipoyta-hamar-tummanharmaa-90x35x90-cm-taysi-manty","status":"publish","type":"product","link":"https:\/\/www.otiumhome.fi\/index.php\/tuote\/konsolipoyta-hamar-tummanharmaa-90x35x90-cm-taysi-manty\/","title":{"rendered":"Konsolip\u00f6yt\u00e4 HAMAR tummanharmaa 90x35x90 cm t\u00e4ysi m\u00e4nty"},"content":{"rendered":"<p>T\u00e4m\u00e4 puinen konsolip\u00f6yt\u00e4 on koristeellinen ja k\u00e4yt\u00e4nn\u00f6llinen lis\u00e4 sisustukseesi.<\/p>\n<\/p>\n<p>T\u00e4m\u00e4 eteisen p\u00f6yt\u00e4 on valmistettu t\u00e4ydest\u00e4 m\u00e4nnyst\u00e4, joka tekee siit\u00e4 vakaan ja tukevan. Eteisen p\u00f6yd\u00e4ss\u00e4 on kolme hylly\u00e4 ja kolme pehme\u00e4sti liukuvaa vetolaatikkoa, jotka tarjoavat runsaasti s\u00e4ilytystilaa pit\u00e4en monet p\u00e4ivitt\u00e4is-tarvikkeesi hyv\u00e4ss\u00e4 j\u00e4rjestyksess\u00e4 ja helposti saatavilla. Tukeva p\u00f6yt\u00e4levy on lis\u00e4ksi t\u00e4ydellinen koriste-esineiden, kuten valokuvien ja ruukkukasvien esille laittoon.<\/p>\n<ul>\n<li>V\u00e4ri: tummanharmaa<\/li>\n<li>Materiaali: t\u00e4ysi m\u00e4nty, MDF<\/li>\n<li>Kokonaismitat: 90 x 35 x 90 cm (L x S x K)<\/li>\n<li>Vetolaatikon ulkomitat: 29 x 17,5 cm (L x K)<\/li>\n<li>Vetolaatikon sis\u00e4mitat: 21,5 x 28,5 x 14 cm (L x S x K)<\/li>\n<li>Lokeron mitat: 86 x 32,5 x 20 cm (L x S x K)<\/li>\n<li>Jalan koko: 4 x 4 cm (P x L)<\/li>\n<li>Sis\u00e4lt\u00e4\u00e4 puiset kahvat<\/li>\n<li>Valikoima: HAMAR<\/li>\n<li>Asennus vaaditaan: kyll\u00e4<\/li>\n<li><strong>VAROITUS<\/strong>: kaatumisen est\u00e4miseksi t\u00e4t\u00e4 tuotetta on k\u00e4ytett\u00e4v\u00e4 mukana toimitettavan sein\u00e4kiinnityslaitteen kanssa.<\/li>\n<li>Legal Documents:\n<p><span>Lis\u00e4tietoja huonekalujesi kaatumisen est\u00e4misest\u00e4 voit l\u00f6yt\u00e4\u00e4 <span style=\"text-decoration: underline\"><strong><a title=\"https:\/\/bit.ly\/3bVwkQp\" href=\"https:\/\/bit.ly\/3bVwkQp\" target=\"_blank\">t\u00e4\u00e4lt\u00e4<\/a><\/strong><\/span><\/span><\/p>\n<\/li>\n<\/ul>\n","protected":false},"excerpt":{"rendered":"<ul>\n<li>V\u00e4ri: tummanharmaa<\/li>\n<li>Materiaali: t\u00e4ysi m\u00e4nty, MDF<\/li>\n<li>Kokonaismitat: 90 x 35 x 90 cm (L x S x K)<\/li>\n<li>Vetolaatikon ulkomitat: 29 x 17,5 cm (L x K)<\/li>\n<li>Vetolaatikon sis\u00e4mitat: 21,5 x 28,5 x 14 cm (L x S x K)<\/li>\n<li>Lokeron mitat: 86 x 32,5 x 20 cm (L x S x K)<\/li>\n<li>Jalan koko: 4 x 4 cm (P x L)<\/li>\n<li>Sis\u00e4lt\u00e4\u00e4 puiset kahvat<\/li>\n<li>Valikoima: HAMAR<\/li>\n<li>Asennus vaaditaan: kyll\u00e4<\/li>\n<li><strong>VAROITUS<\/strong>: kaatumisen est\u00e4miseksi t\u00e4t\u00e4 tuotetta on k\u00e4ytett\u00e4v\u00e4 mukana toimitettavan sein\u00e4kiinnityslaitteen kanssa.<\/li>\n<li>Legal Documents:\n<p><span>Lis\u00e4tietoja huonekalujesi kaatumisen est\u00e4misest\u00e4 voit l\u00f6yt\u00e4\u00e4 <span style=\"text-decoration: underline\"><strong><a title=\"https:\/\/bit.ly\/3bVwkQp\" href=\"https:\/\/bit.ly\/3bVwkQp\" target=\"_blank\">t\u00e4\u00e4lt\u00e4<\/a><\/strong><\/span><\/span><\/p>\n<\/li>\n<\/ul>\n","protected":false},"featured_media":10000093460,"comment_status":"closed","ping_status":"closed","template":"","meta":[],"product_brand":[],"product_cat":[8534,84,8533],"product_tag":[],"class_list":{"0":"post-93460","1":"product","2":"type-product","3":"status-publish","4":"has-post-thumbnail","6":"product_cat-apupoydat","7":"product_cat-huonekalut","8":"product_cat-sivupoydat","10":"first","11":"instock","12":"taxable","13":"shipping-taxable","14":"purchasable","15":"product-type-simple"},"_links":{"self":[{"href":"https:\/\/www.otiumhome.fi\/index.php\/wp-json\/wp\/v2\/product\/93460","targetHints":{"allow":["GET"]}}],"collection":[{"href":"https:\/\/www.otiumhome.fi\/index.php\/wp-json\/wp\/v2\/product"}],"about":[{"href":"https:\/\/www.otiumhome.fi\/index.php\/wp-json\/wp\/v2\/types\/product"}],"replies":[{"embeddable":true,"href":"https:\/\/www.otiumhome.fi\/index.php\/wp-json\/wp\/v2\/comments?post=93460"}],"wp:featuredmedia":[{"embeddable":true,"href":"https:\/\/www.otiumhome.fi\/index.php\/wp-json\/"}],"wp:attachment":[{"href":"https:\/\/www.otiumhome.fi\/index.php\/wp-json\/wp\/v2\/media?parent=93460"}],"wp:term":[{"taxonomy":"product_brand","embeddable":true,"href":"https:\/\/www.otiumhome.fi\/index.php\/wp-json\/wp\/v2\/product_brand?post=93460"},{"taxonomy":"product_cat","embeddable":true,"href":"https:\/\/www.otiumhome.fi\/index.php\/wp-json\/wp\/v2\/product_cat?post=93460"},{"taxonomy":"product_tag","embeddable":true,"href":"https:\/\/www.otiumhome.fi\/index.php\/wp-json\/wp\/v2\/product_tag?post=93460"}],"curies":[{"name":"wp","href":"https:\/\/api.w.org\/{rel}","templated":true}]}}