{"id":93176,"date":"2024-12-15T08:23:48","date_gmt":"2024-12-15T08:23:48","guid":{"rendered":"https:\/\/www.otiumhome.fi\/?p=93176"},"modified":"2025-06-06T15:33:27","modified_gmt":"2025-06-06T15:33:27","slug":"teepoyta-musta-ja-musta-marmori-70-cm-karkaistu-lasi","status":"publish","type":"product","link":"https:\/\/www.otiumhome.fi\/index.php\/tuote\/teepoyta-musta-ja-musta-marmori-70-cm-karkaistu-lasi\/","title":{"rendered":"Teep\u00f6yt\u00e4 musta ja musta marmori 70 cm karkaistu lasi"},"content":{"rendered":"<p>T\u00e4m\u00e4 trendik\u00e4s teep\u00f6yt\u00e4 lis\u00e4\u00e4 ainutlaatuisen ripauksen nykyaikaista tyyli\u00e4 kotisi nykyiseen sisustukseen. Sit\u00e4 voidaan k\u00e4ytt\u00e4\u00e4 my\u00f6s sohva-, sivu- tai p\u00e4\u00e4typ\u00f6yt\u00e4n\u00e4.<\/p>\n<\/p>\n<ul>\n<li>Moderni tyyli: Lis\u00e4\u00e4 moderni tyyli\u00e4 nykyiseen sisustukseesi! Modernissa muotoilussa on puhtaat linjat, minimalistinen ulkon\u00e4k\u00f6 ja luonnonvalo osana sisustustyyli\u00e4.<\/li>\n<li>Tukeva runko: T\u00e4m\u00e4 sohvap\u00f6yt\u00e4 on valmistettu karkaistusta lasista ja jauhemaalatusta raudasta, tehden siit\u00e4 eritt\u00e4in tukevan ja vakaan.<\/li>\n<li>S\u00e4ilytystoiminto: T\u00e4m\u00e4n py\u00f6re\u00e4n sohvap\u00f6yd\u00e4n 2-kerroksinen hylly on t\u00e4ydellinen paikka juomien, maljakoiden, aikakauslehtien, kirjojen, kaukos\u00e4\u00e4timien ja muiden v\u00e4ltt\u00e4m\u00e4tt\u00f6mien tavaroiden sijoittamiseen.<\/li>\n<\/ul>\n<ul>\n<li>V\u00e4ri: Musta ja musta marmori <\/li>\n<li>Materiaali: karkaistu lasi, jauhemaalattu rauta<\/li>\n<li>Kokonaismitat: 70 x 46 cm (halkaisija x K)<\/li>\n<li>Lasin paksuus: 5 mm<\/li>\n<li>Asennus vaaditaan: kyll\u00e4<\/li>\n<\/ul>\n","protected":false},"excerpt":{"rendered":"<ul>\n<li>V\u00e4ri: Musta ja musta marmori <\/li>\n<li>Materiaali: karkaistu lasi, jauhemaalattu rauta<\/li>\n<li>Kokonaismitat: 70 x 46 cm (halkaisija x K)<\/li>\n<li>Lasin paksuus: 5 mm<\/li>\n<li>Asennus vaaditaan: kyll\u00e4<\/li>\n<\/ul>\n","protected":false},"featured_media":10000093176,"comment_status":"closed","ping_status":"closed","template":"","meta":[],"product_brand":[],"product_cat":[8534,84,8533],"product_tag":[],"class_list":{"0":"post-93176","1":"product","2":"type-product","3":"status-publish","4":"has-post-thumbnail","6":"product_cat-apupoydat","7":"product_cat-huonekalut","8":"product_cat-sivupoydat","10":"first","11":"instock","12":"taxable","13":"shipping-taxable","14":"purchasable","15":"product-type-simple"},"_links":{"self":[{"href":"https:\/\/www.otiumhome.fi\/index.php\/wp-json\/wp\/v2\/product\/93176","targetHints":{"allow":["GET"]}}],"collection":[{"href":"https:\/\/www.otiumhome.fi\/index.php\/wp-json\/wp\/v2\/product"}],"about":[{"href":"https:\/\/www.otiumhome.fi\/index.php\/wp-json\/wp\/v2\/types\/product"}],"replies":[{"embeddable":true,"href":"https:\/\/www.otiumhome.fi\/index.php\/wp-json\/wp\/v2\/comments?post=93176"}],"wp:featuredmedia":[{"embeddable":true,"href":"https:\/\/www.otiumhome.fi\/index.php\/wp-json\/"}],"wp:attachment":[{"href":"https:\/\/www.otiumhome.fi\/index.php\/wp-json\/wp\/v2\/media?parent=93176"}],"wp:term":[{"taxonomy":"product_brand","embeddable":true,"href":"https:\/\/www.otiumhome.fi\/index.php\/wp-json\/wp\/v2\/product_brand?post=93176"},{"taxonomy":"product_cat","embeddable":true,"href":"https:\/\/www.otiumhome.fi\/index.php\/wp-json\/wp\/v2\/product_cat?post=93176"},{"taxonomy":"product_tag","embeddable":true,"href":"https:\/\/www.otiumhome.fi\/index.php\/wp-json\/wp\/v2\/product_tag?post=93176"}],"curies":[{"name":"wp","href":"https:\/\/api.w.org\/{rel}","templated":true}]}}