{"id":93151,"date":"2024-12-15T08:23:47","date_gmt":"2024-12-15T08:23:47","guid":{"rendered":"https:\/\/www.otiumhome.fi\/?p=93151"},"modified":"2025-06-06T15:33:29","modified_gmt":"2025-06-06T15:33:29","slug":"sivupoyta-taysi-manty-80x30x72-cm-musta","status":"publish","type":"product","link":"https:\/\/www.otiumhome.fi\/index.php\/tuote\/sivupoyta-taysi-manty-80x30x72-cm-musta\/","title":{"rendered":"Sivup\u00f6yt\u00e4 T\u00e4ysi m\u00e4nty 80x30x72 cm Musta"},"content":{"rendered":"<p>T\u00e4m\u00e4 sivup\u00f6yt\u00e4 on yksinkertainen, mutta tyylik\u00e4s. Se luo rustiikkista vieh\u00e4tysvoimaa olohuoneen sisustukseen.<\/p>\n<\/p>\n<p>Massiivitammipuusta asiantuntevasti valmistettu sivup\u00f6yt\u00e4 on eritt\u00e4in lujatekoinen ja kest\u00e4v\u00e4. Sivup\u00f6yd\u00e4n kompaktin muotoilun ansiosta, l\u00f6yd\u00e4t sille varmasti helposti paikan mist\u00e4 tahansa. Tukeva MDF-p\u00f6yt\u00e4levy sopii ihanteellisesti esineiden, valokuvakehysten tai ruukkukasvien esille asettamiseen. Laatikko tarjoaa lis\u00e4\u00e4 tilaa pienten tavaroiden s\u00e4ilytt\u00e4miseen. Sit\u00e4 voidaan k\u00e4ytt\u00e4\u00e4 my\u00f6s puhelinp\u00f6yt\u00e4n\u00e4, eteisen tai k\u00e4yt\u00e4v\u00e4n p\u00f6yt\u00e4n\u00e4, p\u00e4\u00e4typ\u00f6yt\u00e4n\u00e4 jne.<\/p>\n<ul>\n<li>V\u00e4ri: musta ja ruskea<\/li>\n<li>Materiaali: t\u00e4ydest\u00e4 m\u00e4ntypuusta valmistetut jalat + MDF-p\u00f6yt\u00e4levy<\/li>\n<li>Mitat: 80 x 30 x 72 cm (P x L x K)<\/li>\n<li>Sis\u00e4lt\u00e4\u00e4 yhden vetolaatikon<\/li>\n<li>Sis\u00e4lt\u00e4\u00e4 lattiasuojat jalkojen alle<\/li>\n<li>Helppo koota<\/li>\n<\/ul>\n","protected":false},"excerpt":{"rendered":"<ul>\n<li>V\u00e4ri: musta ja ruskea<\/li>\n<li>Materiaali: t\u00e4ydest\u00e4 m\u00e4ntypuusta valmistetut jalat + MDF-p\u00f6yt\u00e4levy<\/li>\n<li>Mitat: 80 x 30 x 72 cm (P x L x K)<\/li>\n<li>Sis\u00e4lt\u00e4\u00e4 yhden vetolaatikon<\/li>\n<li>Sis\u00e4lt\u00e4\u00e4 lattiasuojat jalkojen alle<\/li>\n<li>Helppo koota<\/li>\n<\/ul>\n","protected":false},"featured_media":10000093151,"comment_status":"closed","ping_status":"closed","template":"","meta":[],"product_brand":[],"product_cat":[8534,84,8533],"product_tag":[],"class_list":{"0":"post-93151","1":"product","2":"type-product","3":"status-publish","4":"has-post-thumbnail","6":"product_cat-apupoydat","7":"product_cat-huonekalut","8":"product_cat-sivupoydat","10":"first","11":"instock","12":"taxable","13":"shipping-taxable","14":"purchasable","15":"product-type-simple"},"_links":{"self":[{"href":"https:\/\/www.otiumhome.fi\/index.php\/wp-json\/wp\/v2\/product\/93151","targetHints":{"allow":["GET"]}}],"collection":[{"href":"https:\/\/www.otiumhome.fi\/index.php\/wp-json\/wp\/v2\/product"}],"about":[{"href":"https:\/\/www.otiumhome.fi\/index.php\/wp-json\/wp\/v2\/types\/product"}],"replies":[{"embeddable":true,"href":"https:\/\/www.otiumhome.fi\/index.php\/wp-json\/wp\/v2\/comments?post=93151"}],"wp:featuredmedia":[{"embeddable":true,"href":"https:\/\/www.otiumhome.fi\/index.php\/wp-json\/"}],"wp:attachment":[{"href":"https:\/\/www.otiumhome.fi\/index.php\/wp-json\/wp\/v2\/media?parent=93151"}],"wp:term":[{"taxonomy":"product_brand","embeddable":true,"href":"https:\/\/www.otiumhome.fi\/index.php\/wp-json\/wp\/v2\/product_brand?post=93151"},{"taxonomy":"product_cat","embeddable":true,"href":"https:\/\/www.otiumhome.fi\/index.php\/wp-json\/wp\/v2\/product_cat?post=93151"},{"taxonomy":"product_tag","embeddable":true,"href":"https:\/\/www.otiumhome.fi\/index.php\/wp-json\/wp\/v2\/product_tag?post=93151"}],"curies":[{"name":"wp","href":"https:\/\/api.w.org\/{rel}","templated":true}]}}