{"id":93023,"date":"2024-12-15T08:23:41","date_gmt":"2024-12-15T08:23:41","guid":{"rendered":"https:\/\/www.otiumhome.fi\/?p=93023"},"modified":"2024-12-17T09:28:49","modified_gmt":"2024-12-17T09:28:49","slug":"sivupoyta-3-lipastolla-kiintea-mangopuu-110x35x78-cm","status":"publish","type":"product","link":"https:\/\/www.otiumhome.fi\/index.php\/tuote\/sivupoyta-3-lipastolla-kiintea-mangopuu-110x35x78-cm\/","title":{"rendered":"Sivup\u00f6yt\u00e4 3 Lipastolla Kiinte\u00e4 Mangopuu 110x35x78 cm"},"content":{"rendered":"<p>T\u00e4m\u00e4 teollisuustyylinen sivup\u00f6yt\u00e4 on persoonallinen lis\u00e4 mihin tahansa huoneeseen. Sit\u00e4 voidaan k\u00e4ytt\u00e4\u00e4 my\u00f6s senkkin\u00e4, kaappina, sivup\u00f6yt\u00e4n\u00e4, hyllyn\u00e4, lipastona, jne.<\/p>\n<\/p>\n<p>Sen kiinte\u00e4 mangopuinen taso tarjoaa runsaasti tilaa koriste-esineille, valokuville tai jopa ruukkukasveille, samalla kun pid\u00e4t pienet tavarat, kuten avaimet, vihot, kyn\u00e4t ja myyt esineet sen kolmessa tilavassa lipastossa. Sen rautajalat lis\u00e4\u00e4v\u00e4t tukevuutta ja tyrm\u00e4\u00e4v\u00e4\u00e4 teollisuustyyli\u00e4. N\u00e4kyv\u00e4t puun syyt tekev\u00e4t jokaisesta huonekalusta ainutlaatuisen ja hieman erilaisen muista.<\/p>\n<\/p>\n<p>T\u00e4m\u00e4 sivup\u00f6yt\u00e4 on t\u00e4ysin k\u00e4sintehty ja tekij\u00e4n ammattitaito antaa lis\u00e4ns\u00e4 sen mahtavalle retrotyylille. Jokainen ty\u00f6vaihe on tehty erityisen huolellisesti, kuten kiillotus, maalaus ja lakkaus.<\/p>\n<\/p>\n<p>T\u00e4rke\u00e4 huomio: V\u00e4ri saattaa vaihdella jokaisen ty\u00f6kappaleen v\u00e4lill\u00e4, tehden jokaisesta kahvip\u00f6yd\u00e4st\u00e4mme ainutlaatuisen; toimitus on sattumanvarainen.<\/p>\n<ul>\n<li>Materiaali: Vankka mangopuu + rauta<\/li>\n<li>Mitat: 110 x 35 x 78 cm (P x L x K)<\/li>\n<li>3:lla lipastolla<\/li>\n<li>T\u00e4ysin k\u00e4sintehty<\/li>\n<li>Kiillotettu, maalattu ja lakattu<\/li>\n<\/ul>\n","protected":false},"excerpt":{"rendered":"<ul>\n<li>Materiaali: Vankka mangopuu + rauta<\/li>\n<li>Mitat: 110 x 35 x 78 cm (P x L x K)<\/li>\n<li>3:lla lipastolla<\/li>\n<li>T\u00e4ysin k\u00e4sintehty<\/li>\n<li>Kiillotettu, maalattu ja lakattu<\/li>\n<\/ul>\n","protected":false},"featured_media":10000093023,"comment_status":"closed","ping_status":"closed","template":"","meta":[],"product_brand":[],"product_cat":[8534,84,8533],"product_tag":[],"class_list":{"0":"post-93023","1":"product","2":"type-product","3":"status-publish","4":"has-post-thumbnail","6":"product_cat-apupoydat","7":"product_cat-huonekalut","8":"product_cat-sivupoydat","10":"first","11":"outofstock","12":"taxable","13":"shipping-taxable","14":"purchasable","15":"product-type-simple"},"_links":{"self":[{"href":"https:\/\/www.otiumhome.fi\/index.php\/wp-json\/wp\/v2\/product\/93023","targetHints":{"allow":["GET"]}}],"collection":[{"href":"https:\/\/www.otiumhome.fi\/index.php\/wp-json\/wp\/v2\/product"}],"about":[{"href":"https:\/\/www.otiumhome.fi\/index.php\/wp-json\/wp\/v2\/types\/product"}],"replies":[{"embeddable":true,"href":"https:\/\/www.otiumhome.fi\/index.php\/wp-json\/wp\/v2\/comments?post=93023"}],"wp:featuredmedia":[{"embeddable":true,"href":"https:\/\/www.otiumhome.fi\/index.php\/wp-json\/"}],"wp:attachment":[{"href":"https:\/\/www.otiumhome.fi\/index.php\/wp-json\/wp\/v2\/media?parent=93023"}],"wp:term":[{"taxonomy":"product_brand","embeddable":true,"href":"https:\/\/www.otiumhome.fi\/index.php\/wp-json\/wp\/v2\/product_brand?post=93023"},{"taxonomy":"product_cat","embeddable":true,"href":"https:\/\/www.otiumhome.fi\/index.php\/wp-json\/wp\/v2\/product_cat?post=93023"},{"taxonomy":"product_tag","embeddable":true,"href":"https:\/\/www.otiumhome.fi\/index.php\/wp-json\/wp\/v2\/product_tag?post=93023"}],"curies":[{"name":"wp","href":"https:\/\/api.w.org\/{rel}","templated":true}]}}