{"id":93017,"date":"2024-12-15T08:23:41","date_gmt":"2024-12-15T08:23:41","guid":{"rendered":"https:\/\/www.otiumhome.fi\/?p=93017"},"modified":"2025-06-06T15:31:50","modified_gmt":"2025-06-06T15:31:50","slug":"sivupoyta-45x30x45-cm-taysi-akasiapuu","status":"publish","type":"product","link":"https:\/\/www.otiumhome.fi\/index.php\/tuote\/sivupoyta-45x30x45-cm-taysi-akasiapuu\/","title":{"rendered":"Sivup\u00f6yt\u00e4 45x30x45 cm t\u00e4ysi akasiapuu"},"content":{"rendered":"<p>Etsitk\u00f6 p\u00f6yt\u00e4\u00e4, jossa voit pit\u00e4\u00e4 t\u00e4rke\u00e4t tavarasi? T\u00e4m\u00e4 puinen sivup\u00f6yt\u00e4 on t\u00e4ydellinen valinta. Se on sek\u00e4 k\u00e4yt\u00e4nn\u00f6llinen ett\u00e4 kaunis!<\/p>\n<\/p>\n<ul>\n<li>Pitk\u00e4kestoinen materiaali: T\u00e4ysi akasiapuu on kaunis luonnonmateriaali. Akasiapuu on tihe\u00e4syinen, tukeva ja kest\u00e4v\u00e4 trooppinen lehtipuu. <\/li>\n<li>Runsaasti s\u00e4ilytystilaa: Sohvap\u00f6yd\u00e4ss\u00e4 on laatikko, joka sopii t\u00e4ydellisesti p\u00e4ivitt\u00e4isten tarvikkeiden s\u00e4ilytt\u00e4miseen ja helpon p\u00e4\u00e4syn varmistamiseen. P\u00f6yt\u00e4levy tarjoaa vakaan ja turvallisen pinnan juomille, ruoalle ja muille v\u00e4ltt\u00e4m\u00e4tt\u00f6mille tavaroille. <\/li>\n<li>Monipuolinen muotoilu: Voit siirt\u00e4\u00e4 teep\u00f6yd\u00e4n helposti minne tahansa. Se sopii t\u00e4ydellisesti olohuoneeseesi sivup\u00f6yd\u00e4ksi ja jopa pieneksi sohvap\u00f6yd\u00e4ksi. Se on my\u00f6s loistava valinta makuuhuoneesi y\u00f6p\u00f6yd\u00e4ksi!<\/li>\n<li>Helppo huoltaa: Sile\u00e4n pinnan ansiosta kaluste on helppo puhdistaa kostealla liinalla ja se tarvitsee vain v\u00e4h\u00e4ist\u00e4 huoltoa.<\/li>\n<\/ul>\n<p>Hyv\u00e4 tiet\u00e4\u00e4:<\/p>\n<ul>\n<li>Jokainen kappale on ainutlaatuisen eroavilla v\u00e4reill\u00e4 ja puunsyill\u00e4. Toimitus on sattumanvarainen, t\u00e4m\u00e4 takaa tuotteesi erityisyyden ja ainutlaatuisuuden.<\/li>\n<\/ul>\n<ul>\n<li>V\u00e4ri: ruskea ja valkoinen<\/li>\n<li>Materiaali: Hunajav\u00e4rj\u00e4tty t\u00e4ysi akasiapuu<\/li>\n<li>Mitat: 45 x 30 x 45 cm (P x L x K)<\/li>\n<li>Asennus vaaditaan: Kyll\u00e4<\/li>\n<\/ul>\n","protected":false},"excerpt":{"rendered":"<ul>\n<li>V\u00e4ri: ruskea ja valkoinen<\/li>\n<li>Materiaali: Hunajav\u00e4rj\u00e4tty t\u00e4ysi akasiapuu<\/li>\n<li>Mitat: 45 x 30 x 45 cm (P x L x K)<\/li>\n<li>Asennus vaaditaan: Kyll\u00e4<\/li>\n<\/ul>\n","protected":false},"featured_media":10000093017,"comment_status":"closed","ping_status":"closed","template":"","meta":[],"product_brand":[],"product_cat":[8534,84,8533],"product_tag":[],"class_list":{"0":"post-93017","1":"product","2":"type-product","3":"status-publish","4":"has-post-thumbnail","6":"product_cat-apupoydat","7":"product_cat-huonekalut","8":"product_cat-sivupoydat","10":"first","11":"instock","12":"taxable","13":"shipping-taxable","14":"purchasable","15":"product-type-simple"},"_links":{"self":[{"href":"https:\/\/www.otiumhome.fi\/index.php\/wp-json\/wp\/v2\/product\/93017","targetHints":{"allow":["GET"]}}],"collection":[{"href":"https:\/\/www.otiumhome.fi\/index.php\/wp-json\/wp\/v2\/product"}],"about":[{"href":"https:\/\/www.otiumhome.fi\/index.php\/wp-json\/wp\/v2\/types\/product"}],"replies":[{"embeddable":true,"href":"https:\/\/www.otiumhome.fi\/index.php\/wp-json\/wp\/v2\/comments?post=93017"}],"wp:featuredmedia":[{"embeddable":true,"href":"https:\/\/www.otiumhome.fi\/index.php\/wp-json\/"}],"wp:attachment":[{"href":"https:\/\/www.otiumhome.fi\/index.php\/wp-json\/wp\/v2\/media?parent=93017"}],"wp:term":[{"taxonomy":"product_brand","embeddable":true,"href":"https:\/\/www.otiumhome.fi\/index.php\/wp-json\/wp\/v2\/product_brand?post=93017"},{"taxonomy":"product_cat","embeddable":true,"href":"https:\/\/www.otiumhome.fi\/index.php\/wp-json\/wp\/v2\/product_cat?post=93017"},{"taxonomy":"product_tag","embeddable":true,"href":"https:\/\/www.otiumhome.fi\/index.php\/wp-json\/wp\/v2\/product_tag?post=93017"}],"curies":[{"name":"wp","href":"https:\/\/api.w.org\/{rel}","templated":true}]}}