{"id":92935,"date":"2024-12-15T08:23:37","date_gmt":"2024-12-15T08:23:37","guid":{"rendered":"https:\/\/www.otiumhome.fi\/?p=92935"},"modified":"2025-06-06T15:31:55","modified_gmt":"2025-06-06T15:31:55","slug":"sivupoyta-2-laatikkoa-valkoinen","status":"publish","type":"product","link":"https:\/\/www.otiumhome.fi\/index.php\/tuote\/sivupoyta-2-laatikkoa-valkoinen\/","title":{"rendered":"Sivup\u00f6yt\u00e4 2 laatikkoa Valkoinen"},"content":{"rendered":"<p>T\u00e4m\u00e4 konsolip\u00f6yt\u00e4 yksinkertaisella, mutta tyylikk\u00e4\u00e4ll\u00e4 suunnittelulla on upea lis\u00e4 olohuoneeseen, ruokasaliin, k\u00e4yt\u00e4v\u00e4\u00e4n, jne.<\/p>\n<\/p>\n<p>T\u00e4ss\u00e4 p\u00f6yd\u00e4ss\u00e4 yhdistyv\u00e4t erinomainen k\u00e4sity\u00f6taito sek\u00e4 upea k\u00e4yt\u00e4nn\u00f6llisyys. Sen kompaktin suunnittelun ansiosta, konsolip\u00f6yt\u00e4 vie vain hyvin v\u00e4h\u00e4n tilaa ja sopii pieniin tiloihin. Kaksi sujuvasti avautuvaa vetolaatikkoa tarjoavat ylim\u00e4\u00e4r\u00e4ist\u00e4 tilaa koristeille, meikeille tai muille henkil\u00f6kohtaisille tavaroille.<\/p>\n<\/p>\n<p>T\u00e4m\u00e4 pukeutumisp\u00f6yt\u00e4 on valmistettu korkealaatuisesta MDF-levyst\u00e4 sek\u00e4 m\u00e4ntypuusta ja viimeistelty valkoisella maalilla ollakseen entist\u00e4 kest\u00e4v\u00e4mpi ja voidakseen tarjota monien vuosien k\u00e4ytt\u00f6i\u00e4n.<\/p>\n<ul>\n<li>V\u00e4ri: valkoinen<\/li>\n<li>Materiaali: MDF + m\u00e4nty <\/li>\n<li>Kokonaismitat: 79 x 30 x 74 cm (P x L x K)<\/li>\n<li>Vetolaatikon koko: 26,5 x 23 x 10,5 cm (P x L x K)<\/li>\n<li>Sis\u00e4lt\u00e4\u00e4 rautanupit<\/li>\n<li>VAROITUS! Kaatumisen est\u00e4miseksi t\u00e4t\u00e4 tuotetta on k\u00e4ytett\u00e4v\u00e4 mukana toimitetun sein\u00e4kiinnityslaitteen kanssa.<\/li>\n<li> <\/li>\n<li>Legal Documents:\n<p><span>Lis\u00e4tietoja huonekalujesi kaatumisen est\u00e4misest\u00e4 voit l\u00f6yt\u00e4\u00e4 <span style=\"text-decoration: underline\"><strong><a title=\"https:\/\/bit.ly\/3bVwkQp\" href=\"https:\/\/bit.ly\/3bVwkQp\" target=\"_blank\">t\u00e4\u00e4lt\u00e4<\/a><\/strong><\/span><\/span><\/p>\n<\/li>\n<\/ul>\n","protected":false},"excerpt":{"rendered":"<ul>\n<li>V\u00e4ri: valkoinen<\/li>\n<li>Materiaali: MDF + m\u00e4nty <\/li>\n<li>Kokonaismitat: 79 x 30 x 74 cm (P x L x K)<\/li>\n<li>Vetolaatikon koko: 26,5 x 23 x 10,5 cm (P x L x K)<\/li>\n<li>Sis\u00e4lt\u00e4\u00e4 rautanupit<\/li>\n<li>VAROITUS! Kaatumisen est\u00e4miseksi t\u00e4t\u00e4 tuotetta on k\u00e4ytett\u00e4v\u00e4 mukana toimitetun sein\u00e4kiinnityslaitteen kanssa.<\/li>\n<li> <\/li>\n<li>Legal Documents:\n<p><span>Lis\u00e4tietoja huonekalujesi kaatumisen est\u00e4misest\u00e4 voit l\u00f6yt\u00e4\u00e4 <span style=\"text-decoration: underline\"><strong><a title=\"https:\/\/bit.ly\/3bVwkQp\" href=\"https:\/\/bit.ly\/3bVwkQp\" target=\"_blank\">t\u00e4\u00e4lt\u00e4<\/a><\/strong><\/span><\/span><\/p>\n<\/li>\n<\/ul>\n","protected":false},"featured_media":10000092935,"comment_status":"closed","ping_status":"closed","template":"","meta":[],"product_brand":[],"product_cat":[8534,84,8533],"product_tag":[],"class_list":{"0":"post-92935","1":"product","2":"type-product","3":"status-publish","4":"has-post-thumbnail","6":"product_cat-apupoydat","7":"product_cat-huonekalut","8":"product_cat-sivupoydat","10":"first","11":"instock","12":"taxable","13":"shipping-taxable","14":"purchasable","15":"product-type-simple"},"_links":{"self":[{"href":"https:\/\/www.otiumhome.fi\/index.php\/wp-json\/wp\/v2\/product\/92935","targetHints":{"allow":["GET"]}}],"collection":[{"href":"https:\/\/www.otiumhome.fi\/index.php\/wp-json\/wp\/v2\/product"}],"about":[{"href":"https:\/\/www.otiumhome.fi\/index.php\/wp-json\/wp\/v2\/types\/product"}],"replies":[{"embeddable":true,"href":"https:\/\/www.otiumhome.fi\/index.php\/wp-json\/wp\/v2\/comments?post=92935"}],"wp:featuredmedia":[{"embeddable":true,"href":"https:\/\/www.otiumhome.fi\/index.php\/wp-json\/"}],"wp:attachment":[{"href":"https:\/\/www.otiumhome.fi\/index.php\/wp-json\/wp\/v2\/media?parent=92935"}],"wp:term":[{"taxonomy":"product_brand","embeddable":true,"href":"https:\/\/www.otiumhome.fi\/index.php\/wp-json\/wp\/v2\/product_brand?post=92935"},{"taxonomy":"product_cat","embeddable":true,"href":"https:\/\/www.otiumhome.fi\/index.php\/wp-json\/wp\/v2\/product_cat?post=92935"},{"taxonomy":"product_tag","embeddable":true,"href":"https:\/\/www.otiumhome.fi\/index.php\/wp-json\/wp\/v2\/product_tag?post=92935"}],"curies":[{"name":"wp","href":"https:\/\/api.w.org\/{rel}","templated":true}]}}