{"id":92864,"date":"2024-12-15T08:23:34","date_gmt":"2024-12-15T08:23:34","guid":{"rendered":"https:\/\/www.otiumhome.fi\/?p=92864"},"modified":"2025-06-06T15:33:38","modified_gmt":"2025-06-06T15:33:38","slug":"sarjapoydat-3-kpl-taysi-akasiapuu","status":"publish","type":"product","link":"https:\/\/www.otiumhome.fi\/index.php\/tuote\/sarjapoydat-3-kpl-taysi-akasiapuu\/","title":{"rendered":"Sarjap\u00f6yd\u00e4t 3 kpl t\u00e4ysi akasiapuu"},"content":{"rendered":"<p>Tuo hitunen eleganssia kotisi sisustukseen n\u00e4iden erottuvien ja tyylikk\u00e4iden puisten sarjap\u00f6ytien avulla!<\/p>\n<\/p>\n<ul>\n<li>Kest\u00e4v\u00e4 materiaali: T\u00e4ysi akasiapuu on kaunis luonnonmateriaali. Akasiapuu on tihe\u00e4syinen, tukeva ja kest\u00e4v\u00e4 trooppinen lehtipuu.<\/li>\n<li>P\u00e4\u00e4llekk\u00e4inen muotoilu: Sarjap\u00f6yd\u00e4t ovat eri kokoisia, jotta ne t\u00e4ytt\u00e4v\u00e4t erilaiset tarpeesi. Pienempi p\u00f6yt\u00e4 liukuu suuremman p\u00f6yd\u00e4n alle, jos tarvitset lis\u00e4\u00e4 tilaa. Voit j\u00e4rjest\u00e4\u00e4 ne my\u00f6s erikseen maksimaalisen p\u00f6yt\u00e4tilan saamiseksi.<\/li>\n<li>Monipuolinen toimivuus: Sarjasivup\u00f6yd\u00e4t ovat monipuoliset! Mit\u00e4 tahansa niist\u00e4 voidaan k\u00e4ytt\u00e4\u00e4 makuuhuoneessa y\u00f6p\u00f6yt\u00e4n\u00e4, olohuoneessa ja toimistossa sivu- tai sohvap\u00f6yt\u00e4n\u00e4.<\/li>\n<li>Tukeva p\u00f6yt\u00e4levy: Sarjap\u00f6yt\u00e4setin tukevat p\u00f6yt\u00e4levyt ovat ihanteellinen paikka asettaa juomasi tai muut k\u00e4den ulottuvilla tarvittavat tarvikkeet.<\/li>\n<\/ul>\n<p>Varoitus: <\/p>\n<ul>\n<li>Kaatumisen est\u00e4miseksi t\u00e4t\u00e4 tuotetta on k\u00e4ytett\u00e4v\u00e4 mukana toimitetun sein\u00e4kiinnityslaitteen kanssa.<\/li>\n<\/ul>\n<ul>\n<li>Materiaali: t\u00e4ysi akaasiapuu luonnollisella viimeistelyll\u00e4, jauhemaalattu rauta<\/li>\n<li>Mitat (L): 45 x 30 x 51 cm (P x L x K)<\/li>\n<li>Mitat (M): 40 x 30 x 46 cm (P x L x K)<\/li>\n<li>Mitat (S): 35 x 30 x 42 cm (P x L x K)<\/li>\n<li>Asennus vaaditaan: Kyll\u00e4<\/li>\n<li> <\/li>\n<li><strong>Toimitus sis\u00e4lt\u00e4\u00e4:<\/strong><\/li>\n<li>1 x suuri p\u00f6yt\u00e4<\/li>\n<li>1 x keskisuuri p\u00f6yt\u00e4<\/li>\n<li>1 x pieni p\u00f6yt\u00e4<\/li>\n<li>Legal Documents:\n<p><span>Lis\u00e4tietoja huonekalujesi kaatumisen est\u00e4misest\u00e4 voit l\u00f6yt\u00e4\u00e4 <span style=\"text-decoration: underline\"><strong><a title=\"https:\/\/bit.ly\/3bVwkQp\" href=\"https:\/\/bit.ly\/3bVwkQp\" target=\"_blank\">t\u00e4\u00e4lt\u00e4<\/a><\/strong><\/span><\/span><\/p>\n<\/li>\n<\/ul>\n","protected":false},"excerpt":{"rendered":"<ul>\n<li>Materiaali: t\u00e4ysi akaasiapuu luonnollisella viimeistelyll\u00e4, jauhemaalattu rauta<\/li>\n<li>Mitat (L): 45 x 30 x 51 cm (P x L x K)<\/li>\n<li>Mitat (M): 40 x 30 x 46 cm (P x L x K)<\/li>\n<li>Mitat (S): 35 x 30 x 42 cm (P x L x K)<\/li>\n<li>Asennus vaaditaan: Kyll\u00e4<\/li>\n<li> <\/li>\n<li><strong>Toimitus sis\u00e4lt\u00e4\u00e4:<\/strong><\/li>\n<li>1 x suuri p\u00f6yt\u00e4<\/li>\n<li>1 x keskisuuri p\u00f6yt\u00e4<\/li>\n<li>1 x pieni p\u00f6yt\u00e4<\/li>\n<li>Legal Documents:\n<p><span>Lis\u00e4tietoja huonekalujesi kaatumisen est\u00e4misest\u00e4 voit l\u00f6yt\u00e4\u00e4 <span style=\"text-decoration: underline\"><strong><a title=\"https:\/\/bit.ly\/3bVwkQp\" href=\"https:\/\/bit.ly\/3bVwkQp\" target=\"_blank\">t\u00e4\u00e4lt\u00e4<\/a><\/strong><\/span><\/span><\/p>\n<\/li>\n<\/ul>\n","protected":false},"featured_media":10000092864,"comment_status":"closed","ping_status":"closed","template":"","meta":[],"product_brand":[],"product_cat":[8534,84,8533],"product_tag":[],"class_list":{"0":"post-92864","1":"product","2":"type-product","3":"status-publish","4":"has-post-thumbnail","6":"product_cat-apupoydat","7":"product_cat-huonekalut","8":"product_cat-sivupoydat","10":"first","11":"instock","12":"taxable","13":"shipping-taxable","14":"purchasable","15":"product-type-simple"},"_links":{"self":[{"href":"https:\/\/www.otiumhome.fi\/index.php\/wp-json\/wp\/v2\/product\/92864","targetHints":{"allow":["GET"]}}],"collection":[{"href":"https:\/\/www.otiumhome.fi\/index.php\/wp-json\/wp\/v2\/product"}],"about":[{"href":"https:\/\/www.otiumhome.fi\/index.php\/wp-json\/wp\/v2\/types\/product"}],"replies":[{"embeddable":true,"href":"https:\/\/www.otiumhome.fi\/index.php\/wp-json\/wp\/v2\/comments?post=92864"}],"wp:featuredmedia":[{"embeddable":true,"href":"https:\/\/www.otiumhome.fi\/index.php\/wp-json\/"}],"wp:attachment":[{"href":"https:\/\/www.otiumhome.fi\/index.php\/wp-json\/wp\/v2\/media?parent=92864"}],"wp:term":[{"taxonomy":"product_brand","embeddable":true,"href":"https:\/\/www.otiumhome.fi\/index.php\/wp-json\/wp\/v2\/product_brand?post=92864"},{"taxonomy":"product_cat","embeddable":true,"href":"https:\/\/www.otiumhome.fi\/index.php\/wp-json\/wp\/v2\/product_cat?post=92864"},{"taxonomy":"product_tag","embeddable":true,"href":"https:\/\/www.otiumhome.fi\/index.php\/wp-json\/wp\/v2\/product_tag?post=92864"}],"curies":[{"name":"wp","href":"https:\/\/api.w.org\/{rel}","templated":true}]}}