{"id":204935,"date":"2026-01-17T03:51:48","date_gmt":"2026-01-17T03:51:48","guid":{"rendered":"https:\/\/www.otiumhome.fi\/?p=204935"},"modified":"2026-01-17T10:50:22","modified_gmt":"2026-01-17T10:50:22","slug":"huoneenjakaja-kirjahylly-savutammi-695x29x695-cm-tekninen-puu","status":"publish","type":"product","link":"https:\/\/www.otiumhome.fi\/index.php\/tuote\/huoneenjakaja-kirjahylly-savutammi-695x29x695-cm-tekninen-puu\/","title":{"rendered":"Huoneenjakaja\/kirjahylly savutammi 69,5x29x69,5 cm tekninen puu"},"content":{"rendered":"<p>Nykyaikainen tilanjakaja\/kirjahylly yhdist\u00e4\u00e4 geometriset muodot ja s\u00e4ilytystilan, t\u00e4ydellinen tilasi j\u00e4rjest\u00e4miseen tyylill\u00e4!<\/p>\n<\/p>\n<ul>\n<li>Vakaa ja kest\u00e4v\u00e4 materiaali: Tekninen puu on kest\u00e4v\u00e4 ja vakaa materiaali, jonka sile\u00e4 pinta kest\u00e4\u00e4 kosteutta, v\u00e4\u00e4ntymist\u00e4 ja halkeilua, joten se on luotettava valinta erilaisiin projekteihin.<\/li>\n<li>Runsaasti s\u00e4ilytystilaa: Kirjahyllyss\u00e4 on nelj\u00e4 kuutiomuotoista lokeroa, jotka sopivat t\u00e4ydellisesti kirjojen, koristeiden ja muiden kodin tavaroiden j\u00e4rjest\u00e4miseen.<\/li>\n<li>Joustavat sijoitusvaihtoehdot: Hylly-yksikk\u00f6 voidaan sijoittaa joko leveydelt\u00e4\u00e4n tai korkeudeltaan maahan, mik\u00e4 tarjoaa monipuolisia huoneen j\u00e4rjestelyvaihtoehtoja.<\/li>\n<li>Laajat k\u00e4ytt\u00f6tarkoitukset: Hylly-yksikk\u00f6 sopii helposti mihin tahansa huoneeseen. Voit sijoittaa sen olohuoneeseen koristeiden esittelyyn, ty\u00f6huoneeseen kirjojen ja asiakirjojen s\u00e4ilytykseen, makuuhuoneeseen jokap\u00e4iv\u00e4isten tavaroiden s\u00e4ilytt\u00e4mist\u00e4 varten ja kellariin pullojen ja purnukoiden s\u00e4ilytt\u00e4miseen.<\/li>\n<li>Helppohoitoinen: Sile\u00e4n pinnan ansiosta kirjahylly on helppo puhdistaa kostealla liinalla ja se tarvitsee vain v\u00e4h\u00e4ist\u00e4 hoitoa.<\/li>\n<\/ul>\n<p>Varoitus:<\/p>\n<ul>\n<li>Kaatumisen est\u00e4miseksi t\u00e4t\u00e4 tuotetta on k\u00e4ytett\u00e4v\u00e4 mukana toimitetun sein\u00e4kiinnityslaitteen kanssa.<\/li>\n<\/ul>\n<p>Hyv\u00e4 tiet\u00e4\u00e4:<\/p>\n<ul>\n<li>Sein\u00e4\u00e4n kiinnitett\u00e4v\u00e4t ruuvit ja tulpat eiv\u00e4t sis\u00e4lly toimitukseen. Suosittelemme etsim\u00e4\u00e4n ja k\u00e4ytt\u00e4m\u00e4\u00e4n sein\u00e4\u00e4si sopivia ruuveja ja tulppia. Jos olet ep\u00e4varma, kysy ammattilaisen neuvoa. Lue ja noudata ohjeiden jokaista vaihetta.<\/li>\n<\/ul>\n<ul>\n<li>V\u00e4ri: savutammi<\/li>\n<li>Materiaali: Tekninen puu<\/li>\n<li>Kokonaismitat: 69,5 x 29 x 69,5 cm (L x S x K)<\/li>\n<li>Kunkin lokeron mitat: 32,5 x 29 x 32,5 cm (L x S x K)<\/li>\n<li>Osastojen lukum\u00e4\u00e4r\u00e4: 4<\/li>\n<li>Kokonaiskantavuus: 60 kg<\/li>\n<li>Kunkin lokeron kantavuus: 10 kg<\/li>\n<li>Toimii my\u00f6s huoneenjakajana<\/li>\n<li>Asennus vaaditaan: Kyll\u00e4<\/li>\n<li>Legal Documents:\n<p><span>Lis\u00e4tietoja huonekalujesi kaatumisen est\u00e4misest\u00e4 voit l\u00f6yt\u00e4\u00e4 <span style=\"text-decoration: underline\"><strong><a title=\"https:\/\/bit.ly\/3bVwkQp\" href=\"https:\/\/bit.ly\/3bVwkQp\" target=\"_blank\">t\u00e4\u00e4lt\u00e4<\/a><\/strong><\/span><\/span><\/p>\n<\/li>\n<\/ul>\n","protected":false},"excerpt":{"rendered":"<ul>\n<li>V\u00e4ri: savutammi<\/li>\n<li>Materiaali: Tekninen puu<\/li>\n<li>Kokonaismitat: 69,5 x 29 x 69,5 cm (L x S x K)<\/li>\n<li>Kunkin lokeron mitat: 32,5 x 29 x 32,5 cm (L x S x K)<\/li>\n<li>Osastojen lukum\u00e4\u00e4r\u00e4: 4<\/li>\n<li>Kokonaiskantavuus: 60 kg<\/li>\n<li>Kunkin lokeron kantavuus: 10 kg<\/li>\n<li>Toimii my\u00f6s huoneenjakajana<\/li>\n<li>Asennus vaaditaan: Kyll\u00e4<\/li>\n<li>Legal Documents:\n<p><span>Lis\u00e4tietoja huonekalujesi kaatumisen est\u00e4misest\u00e4 voit l\u00f6yt\u00e4\u00e4 <span style=\"text-decoration: underline\"><strong><a title=\"https:\/\/bit.ly\/3bVwkQp\" href=\"https:\/\/bit.ly\/3bVwkQp\" target=\"_blank\">t\u00e4\u00e4lt\u00e4<\/a><\/strong><\/span><\/span><\/p>\n<\/li>\n<\/ul>\n","protected":false},"featured_media":100000204935,"comment_status":"closed","ping_status":"closed","template":"","meta":[],"product_brand":[],"product_cat":[84,8547],"product_tag":[],"class_list":{"0":"post-204935","1":"product","2":"type-product","3":"status-publish","4":"has-post-thumbnail","6":"product_cat-huonekalut","7":"product_cat-kirjahyllyt","9":"first","10":"instock","11":"taxable","12":"shipping-taxable","13":"purchasable","14":"product-type-simple"},"_links":{"self":[{"href":"https:\/\/www.otiumhome.fi\/index.php\/wp-json\/wp\/v2\/product\/204935","targetHints":{"allow":["GET"]}}],"collection":[{"href":"https:\/\/www.otiumhome.fi\/index.php\/wp-json\/wp\/v2\/product"}],"about":[{"href":"https:\/\/www.otiumhome.fi\/index.php\/wp-json\/wp\/v2\/types\/product"}],"replies":[{"embeddable":true,"href":"https:\/\/www.otiumhome.fi\/index.php\/wp-json\/wp\/v2\/comments?post=204935"}],"wp:featuredmedia":[{"embeddable":true,"href":"https:\/\/www.otiumhome.fi\/index.php\/wp-json\/"}],"wp:attachment":[{"href":"https:\/\/www.otiumhome.fi\/index.php\/wp-json\/wp\/v2\/media?parent=204935"}],"wp:term":[{"taxonomy":"product_brand","embeddable":true,"href":"https:\/\/www.otiumhome.fi\/index.php\/wp-json\/wp\/v2\/product_brand?post=204935"},{"taxonomy":"product_cat","embeddable":true,"href":"https:\/\/www.otiumhome.fi\/index.php\/wp-json\/wp\/v2\/product_cat?post=204935"},{"taxonomy":"product_tag","embeddable":true,"href":"https:\/\/www.otiumhome.fi\/index.php\/wp-json\/wp\/v2\/product_tag?post=204935"}],"curies":[{"name":"wp","href":"https:\/\/api.w.org\/{rel}","templated":true}]}}