{"id":204709,"date":"2026-01-15T12:23:50","date_gmt":"2026-01-15T12:23:50","guid":{"rendered":"https:\/\/www.otiumhome.fi\/?p=204709"},"modified":"2026-01-15T12:29:33","modified_gmt":"2026-01-15T12:29:33","slug":"tv-kaappi-musta-tammi-100-x-35-x-40-cm-tekninen-puu","status":"vdl_in_progress","type":"product","link":"https:\/\/www.otiumhome.fi\/index.php\/tuote\/tv-kaappi-musta-tammi-100-x-35-x-40-cm-tekninen-puu\/","title":{"rendered":"TV-kaappi Musta tammi. 100 x 35 x 40 cm Tekninen puu"},"content":{"rendered":"<p>T\u00e4m\u00e4 TV-kaappi yhdist\u00e4\u00e4 tyylin ja k\u00e4yt\u00e4nn\u00f6llisyyden. Teknist\u00e4 puuta sis\u00e4lt\u00e4v\u00e4 suorakaiteen muotoinen kaappi on suunniteltu moderniin olohuoneeseen. Harkitut tekstuurit tuovat esiin rustiikkista kauneutta. T\u00e4ydellinen s\u00e4ilytysratkaisu, joka pit\u00e4\u00e4 tilan j\u00e4rjestyksess\u00e4 ja sopii erityisesti mediapaikoille sek\u00e4 tyylikk\u00e4ille sisustuksille.<\/p>\n<ul>\n<li><b>Tekninen puu<\/b> Kest\u00e4v\u00e4 rakenne varmistaa TV-kaapin pitk\u00e4ik\u00e4isyyden. Se on rakennettu kest\u00e4m\u00e4\u00e4n kauniina jokap\u00e4iv\u00e4isess\u00e4 k\u00e4yt\u00f6ss\u00e4.<\/li>\n<li><b>Matat kahvat<\/b> Mustat, ei-heijastavat kahvat antavat modernin ilmeen ja ovat ergonomisesti muotoiltuja, mik\u00e4 helpottaa p\u00e4\u00e4sy\u00e4 tavaroihin.<\/li>\n<li><b>Runsaasti s\u00e4ilytystilaa<\/b> Laajat tilat ja kuulalaakerilaatikot tekev\u00e4t mediav\u00e4lineiden j\u00e4rjest\u00e4misest\u00e4 helppoa, mik\u00e4 tekee siit\u00e4 k\u00e4yt\u00e4nn\u00f6llisen valinnan mediainnostuneille.<\/li>\n<li><b>Rustiikkinen tyyli<\/b> Maalaistyyli tuo esiin luonnollista kauneutta, ja t\u00e4m\u00e4 kaappi sulautuu hyvin olohuoneisiin, joissa arvostetaan karua estetiikkaa.<\/li>\n<li><b>Hoito-ohjeet<\/b> Helppo huoltaa\u2014pyyhi liinalla pit\u00e4\u00e4ksesi sen hyv\u00e4ss\u00e4 kunnossa. Kokoaminen tarvitsee valmistajan ohjeita ja ruuvimeisselin.<\/li>\n<\/ul>\n<ul>\n<li>V\u00e4ri: Musta tammi.<\/li>\n<li>Materiaali: Tekninen puu<\/li>\n<li>Yleiset mitat: 100 x 35 x 40 cm (P x L x K)<\/li>\n<li>With drawer<\/li>\n<li>Enimm\u00e4ispaino: 60 kg<\/li>\n<li>Kokoonpano vaaditaan: Kyll\u00e4<\/li>\n<li>Toimitus-:<\/li>\n<li>1 x TV-kaappi<\/li>\n<\/ul>\n","protected":false},"excerpt":{"rendered":"<ul>\n<li>V\u00e4ri: Musta tammi.<\/li>\n<li>Materiaali: Tekninen puu<\/li>\n<li>Yleiset mitat: 100 x 35 x 40 cm (P x L x K)<\/li>\n<li>With drawer<\/li>\n<li>Enimm\u00e4ispaino: 60 kg<\/li>\n<li>Kokoonpano vaaditaan: Kyll\u00e4<\/li>\n<li>Toimitus-:<\/li>\n<li>1 x TV-kaappi<\/li>\n<\/ul>\n","protected":false},"featured_media":100000204709,"comment_status":"closed","ping_status":"closed","template":"","meta":[],"product_brand":[],"product_cat":[84],"product_tag":[],"class_list":{"0":"post-204709","1":"product","2":"type-product","3":"status-vdl_in_progress","4":"has-post-thumbnail","6":"product_cat-huonekalut","8":"first","9":"instock","10":"taxable","11":"shipping-taxable","12":"product-type-simple"},"_links":{"self":[{"href":"https:\/\/www.otiumhome.fi\/index.php\/wp-json\/wp\/v2\/product\/204709","targetHints":{"allow":["GET"]}}],"collection":[{"href":"https:\/\/www.otiumhome.fi\/index.php\/wp-json\/wp\/v2\/product"}],"about":[{"href":"https:\/\/www.otiumhome.fi\/index.php\/wp-json\/wp\/v2\/types\/product"}],"replies":[{"embeddable":true,"href":"https:\/\/www.otiumhome.fi\/index.php\/wp-json\/wp\/v2\/comments?post=204709"}],"wp:featuredmedia":[{"embeddable":true,"href":"https:\/\/www.otiumhome.fi\/index.php\/wp-json\/"}],"wp:attachment":[{"href":"https:\/\/www.otiumhome.fi\/index.php\/wp-json\/wp\/v2\/media?parent=204709"}],"wp:term":[{"taxonomy":"product_brand","embeddable":true,"href":"https:\/\/www.otiumhome.fi\/index.php\/wp-json\/wp\/v2\/product_brand?post=204709"},{"taxonomy":"product_cat","embeddable":true,"href":"https:\/\/www.otiumhome.fi\/index.php\/wp-json\/wp\/v2\/product_cat?post=204709"},{"taxonomy":"product_tag","embeddable":true,"href":"https:\/\/www.otiumhome.fi\/index.php\/wp-json\/wp\/v2\/product_tag?post=204709"}],"curies":[{"name":"wp","href":"https:\/\/api.w.org\/{rel}","templated":true}]}}