{"id":204017,"date":"2026-01-13T21:14:48","date_gmt":"2026-01-13T21:14:48","guid":{"rendered":"https:\/\/www.otiumhome.fi\/?p=204017"},"modified":"2026-01-13T21:20:24","modified_gmt":"2026-01-13T21:20:24","slug":"sangyn-runko-luonnollinen-4ft-small-double-massiivinen-manty","status":"vdl_in_progress","type":"product","link":"https:\/\/www.otiumhome.fi\/index.php\/tuote\/sangyn-runko-luonnollinen-4ft-small-double-massiivinen-manty\/","title":{"rendered":"S\u00e4ngyn runko Luonnollinen 4FT Small Double Massiivinen m\u00e4nty"},"content":{"rendered":"<p>T\u00e4m\u00e4 s\u00e4nkykehys tuo esiin modernin eleganssin ja toimivuuden, mik\u00e4 tekee siit\u00e4 ihanteellisen keskipisteen mihin tahansa makuuhuoneeseen, joka kaipaa yksinkertaisen, minimalistisen tyylin. Valmistettu t\u00e4ysm\u00e4ntypuusta, t\u00e4m\u00e4 suorakaiteen muotoinen kehys tarjoaa tukea ja vakautta nukkumisymp\u00e4rist\u00f6ss\u00e4si. Sen yksinkertainen muotoilu helppo yhdist\u00e4\u00e4 nykyaikaiseen sisustukseen, kutsuen rentoutumiseen ja rauhallisiin \u00f6ihin. Kuvittele t\u00e4m\u00e4 tyylik\u00e4s s\u00e4nkykehys rauhallisen makuuhuoneen perustaksi, jossa yksinkertaisuus kohtaa mukavuuden.<\/p>\n<ul>\n<li><b>T\u00e4ysm\u00e4ntypuinen rakenne<\/b> T\u00e4m\u00e4 moderni s\u00e4nkykehys koostuu kokonaan t\u00e4ysm\u00e4ntypuusta, mik\u00e4 takaa vankan ja kest\u00e4v\u00e4n rakenteen, joka tukee patjaasi luotettavasti. Tunnettu kest\u00e4vyydest\u00e4\u00e4n ja luonnollisesta kauneudestaan, m\u00e4nty tuo mukanaan tyyli\u00e4 ja lupaa pitk\u00e4 k\u00e4ytt\u00f6aika rauhallisissa \u00f6iss\u00e4.<\/li>\n<li><b>Suorakaiteen muoto<\/b> Tarkasti suorakaiteen muotoon suunniteltu kehys tarjoaa tyylik\u00e4st\u00e4 ilmett\u00e4 ja k\u00e4yt\u00e4nn\u00f6n etuja, sulautuen helposti erilaisiin makuuhuoneen asetteluihin. Se on tyylik\u00e4s pohja, joka soveltuu harmonisesti huoneen sisustukseen, lis\u00e4ten rauhallista tunnelmaa jokaiseen uneen.<\/li>\n<li><b>S\u00e4ngyn korkeus<\/b> 31 cm korkeus takaa helpon p\u00e4\u00e4syn kaikille, tehden nukkumisesta mukavaa ja vaivattomasti hoidettavaa. T\u00e4m\u00e4 korkeus on erityisen hy\u00f6dyllinen liikuntarajoitteisille, tarjoamalla s\u00e4ngyn optimaaliselle tasolle.<\/li>\n<li><b>P\u00e4\u00e4t\u00e4yspaneeli mukana<\/b> Mukana tuleva p\u00e4\u00e4typaneeli on tyylik\u00e4s ja k\u00e4yt\u00e4nn\u00f6llinen, lis\u00e4\u00e4m\u00e4ll\u00e4 mukavuutta ja tukea lukemiseen tai television katseluun s\u00e4ngyss\u00e4. Se t\u00e4ydent\u00e4\u00e4 minimalistista ilmett\u00e4 ilman, ett\u00e4 kokonaisuuden virtaus h\u00e4iriintyisi.<\/li>\n<li><b>Helposti puhdistettavat pinnat<\/b> Suunniteltu k\u00e4yt\u00e4nn\u00f6lliseksi, t\u00e4m\u00e4 s\u00e4nkykehys mahdollistaa helpon huollon; riitt\u00e4\u00e4 kun pyyhit sen nopeasti kostealla liinalla, jotta luonnollinen kiilto pysyy yll\u00e4. T\u00e4m\u00e4 est\u00e4\u00e4 p\u00f6lyn ker\u00e4\u00e4ntymisen, pit\u00e4en s\u00e4ngyn aina siistin\u00e4.<\/li>\n<\/ul>\n<ul>\n<li>V\u00e4ri: Luonnollinen<\/li>\n<li>Materiaali: Massiivinen m\u00e4nty<\/li>\n<li>Kehysmateriaali: T\u00e4ysi m\u00e4nty<\/li>\n<li>Yleiset mitat: 199 x 124 x 66 cm (P x L x K)<\/li>\n<li>Patjan koko: Lyhyt pieni kahden hengen s\u00e4nky (120 cm x 190 cm \/ 47&#8243; x 75&#8243;)<\/li>\n<li>Enimm\u00e4ispaino: 200 kg<\/li>\n<li>Onko slated kehys: Kyll\u00e4<\/li>\n<li>Enimm\u00e4ism\u00e4\u00e4r\u00e4 ihmisi\u00e4: 2<\/li>\n<li>Kest\u00e4v\u00e4<\/li>\n<li>Helppo puhdistaa<\/li>\n<li>S\u00e4ngyn korkeus: 31 cm<\/li>\n<li>Toimitus-:<\/li>\n<li>1 x s\u00e4ngynrunko<\/li>\n<li>1 x s\u00e4ngynp\u00e4\u00e4ty<\/li>\n<\/ul>\n","protected":false},"excerpt":{"rendered":"<ul>\n<li>V\u00e4ri: Luonnollinen<\/li>\n<li>Materiaali: Massiivinen m\u00e4nty<\/li>\n<li>Kehysmateriaali: T\u00e4ysi m\u00e4nty<\/li>\n<li>Yleiset mitat: 199 x 124 x 66 cm (P x L x K)<\/li>\n<li>Patjan koko: Lyhyt pieni kahden hengen s\u00e4nky (120 cm x 190 cm \/ 47&#8243; x 75&#8243;)<\/li>\n<li>Enimm\u00e4ispaino: 200 kg<\/li>\n<li>Onko slated kehys: Kyll\u00e4<\/li>\n<li>Enimm\u00e4ism\u00e4\u00e4r\u00e4 ihmisi\u00e4: 2<\/li>\n<li>Kest\u00e4v\u00e4<\/li>\n<li>Helppo puhdistaa<\/li>\n<li>S\u00e4ngyn korkeus: 31 cm<\/li>\n<li>Toimitus-:<\/li>\n<li>1 x s\u00e4ngynrunko<\/li>\n<li>1 x s\u00e4ngynp\u00e4\u00e4ty<\/li>\n<\/ul>\n","protected":false},"featured_media":100000204017,"comment_status":"closed","ping_status":"closed","template":"","meta":[],"product_brand":[],"product_cat":[84,8638],"product_tag":[],"class_list":{"0":"post-204017","1":"product","2":"type-product","3":"status-vdl_in_progress","4":"has-post-thumbnail","6":"product_cat-huonekalut","7":"product_cat-sangyt-sangynrungot","9":"first","10":"instock","11":"taxable","12":"shipping-taxable","13":"product-type-simple"},"_links":{"self":[{"href":"https:\/\/www.otiumhome.fi\/index.php\/wp-json\/wp\/v2\/product\/204017","targetHints":{"allow":["GET"]}}],"collection":[{"href":"https:\/\/www.otiumhome.fi\/index.php\/wp-json\/wp\/v2\/product"}],"about":[{"href":"https:\/\/www.otiumhome.fi\/index.php\/wp-json\/wp\/v2\/types\/product"}],"replies":[{"embeddable":true,"href":"https:\/\/www.otiumhome.fi\/index.php\/wp-json\/wp\/v2\/comments?post=204017"}],"wp:featuredmedia":[{"embeddable":true,"href":"https:\/\/www.otiumhome.fi\/index.php\/wp-json\/"}],"wp:attachment":[{"href":"https:\/\/www.otiumhome.fi\/index.php\/wp-json\/wp\/v2\/media?parent=204017"}],"wp:term":[{"taxonomy":"product_brand","embeddable":true,"href":"https:\/\/www.otiumhome.fi\/index.php\/wp-json\/wp\/v2\/product_brand?post=204017"},{"taxonomy":"product_cat","embeddable":true,"href":"https:\/\/www.otiumhome.fi\/index.php\/wp-json\/wp\/v2\/product_cat?post=204017"},{"taxonomy":"product_tag","embeddable":true,"href":"https:\/\/www.otiumhome.fi\/index.php\/wp-json\/wp\/v2\/product_tag?post=204017"}],"curies":[{"name":"wp","href":"https:\/\/api.w.org\/{rel}","templated":true}]}}