{"id":203786,"date":"2026-01-09T16:31:35","date_gmt":"2026-01-09T16:31:35","guid":{"rendered":"https:\/\/www.otiumhome.fi\/?p=203786"},"modified":"2026-01-09T16:36:34","modified_gmt":"2026-01-09T16:36:34","slug":"paatylevy-paatylla-harmaa-sonoma-200-cm-tekninen-puu","status":"vdl_in_progress","type":"product","link":"https:\/\/www.otiumhome.fi\/index.php\/tuote\/paatylevy-paatylla-harmaa-sonoma-200-cm-tekninen-puu\/","title":{"rendered":"P\u00e4\u00e4tylevy p\u00e4\u00e4tyll\u00e4 Harmaa Sonoma 200 cm Tekninen puu"},"content":{"rendered":"<p>T\u00e4m\u00e4 moderni p\u00e4\u00e4ty on loistava lis\u00e4 nykyaikaiseen makuuhuoneeseen, jossa tyyli ja k\u00e4yt\u00e4nn\u00f6llisyys yhdistyv\u00e4t. Se on valmistettu teknisest\u00e4 puusta, ja sen muotoilu on tyylik\u00e4s ja yksinkertainen, t\u00e4ydellinen keskipiste. Yksinkertaisuus tuo esiin nykyaikaisen sisustuksen kauneuden ja se sopii vaivattomasti mihin tahansa makuuhuoneen teemaan. Vankka rakenne tekee s\u00e4ngyst\u00e4si ainutlaatuisen, her\u00e4tt\u00e4en huomiota ja tarjoten tukea samalla, kun se n\u00e4ytt\u00e4\u00e4 hienostuneelta.<\/p>\n<ul>\n<li><b>Teknisen puun rakenne:<\/b> Moderni p\u00e4\u00e4ty on valmistettu teknisest\u00e4 puusta, joka kest\u00e4\u00e4 hyvin ja s\u00e4ilytt\u00e4\u00e4 muotonsa pitk\u00e4\u00e4n. T\u00e4m\u00e4 materiaali valitaan sen kest\u00e4vyysominaisuuksien takia ja se tuo huoneeseen sleekin ja sile\u00e4n pinnan.<\/li>\n<li><b>Minimalistinen muotoilu:<\/b> Siisti suorakaiteen muotoinen p\u00e4\u00e4ty on t\u00e4ydellinen moderniin makuuhuoneeseen. Sen yksinkertainen muotoilu sulautuu hienosti eri kalusteisiin ja antaa ilmeisen nykyaikaisen tunnelman.<\/li>\n<li><b>Helppo yll\u00e4pito:<\/b> T\u00e4m\u00e4 p\u00e4\u00e4ty on helppo pit\u00e4\u00e4 puhtaana, riitt\u00e4\u00e4 vain pyyhki\u00e4 kuivalla liinalla. T\u00e4m\u00e4 v\u00e4h\u00e4inen vaivann\u00e4k\u00f6 tekee siit\u00e4 erityisen k\u00e4yt\u00e4nn\u00f6llisen vaihtoehdon.<\/li>\n<li><b>Erinomainen selkatuki:<\/b> Hyv\u00e4 rakenne tarjoaa loistavan tuen lukemiseen tai katsomiseen s\u00e4ngyss\u00e4, lis\u00e4\u00e4 mukavuutta. Kest\u00e4v\u00e4 runko varmistaa, ett\u00e4 p\u00e4\u00e4ty on luotettava kumppani vuosiksi.<\/li>\n<li><b>Yksinkertainen kokoaminen:<\/b> P\u00e4\u00e4ty tulee mukana selke\u00e4t ohjeet ja se vaatii kahden henkil\u00f6n kokoamista. N\u00e4in asennus on helppo ja nopea prosessi.<\/li>\n<\/ul>\n<ul>\n<li>V\u00e4ri: Harmaa sonoma<\/li>\n<li>Materiaali: Tekninen puu<\/li>\n<li>Yleiset mitat: 203 x 7 x 100 cm (P x L x K)<\/li>\n<li>Paino: 18,04 kg<\/li>\n<li>Kest\u00e4v\u00e4<\/li>\n<li>Helppo puhdistaa<\/li>\n<li>Kehysmateriaali: Tekninen puu<\/li>\n<li>Sis\u00e4- \/ ulkotiloissa: Vain sis\u00e4k\u00e4ytt\u00f6\u00f6n<\/li>\n<li>Toimitus-:<\/li>\n<li>1 x P\u00e4\u00e4ty<\/li>\n<li>Kokoonpano vaaditaan: Kyll\u00e4<\/li>\n<\/ul>\n","protected":false},"excerpt":{"rendered":"<ul>\n<li>V\u00e4ri: Harmaa sonoma<\/li>\n<li>Materiaali: Tekninen puu<\/li>\n<li>Yleiset mitat: 203 x 7 x 100 cm (P x L x K)<\/li>\n<li>Paino: 18,04 kg<\/li>\n<li>Kest\u00e4v\u00e4<\/li>\n<li>Helppo puhdistaa<\/li>\n<li>Kehysmateriaali: Tekninen puu<\/li>\n<li>Sis\u00e4- \/ ulkotiloissa: Vain sis\u00e4k\u00e4ytt\u00f6\u00f6n<\/li>\n<li>Toimitus-:<\/li>\n<li>1 x P\u00e4\u00e4ty<\/li>\n<li>Kokoonpano vaaditaan: Kyll\u00e4<\/li>\n<\/ul>\n","protected":false},"featured_media":100000203786,"comment_status":"closed","ping_status":"closed","template":"","meta":[],"product_brand":[],"product_cat":[84,8636],"product_tag":[],"class_list":{"0":"post-203786","1":"product","2":"type-product","3":"status-vdl_in_progress","4":"has-post-thumbnail","6":"product_cat-huonekalut","7":"product_cat-sangynpaadyt","9":"first","10":"instock","11":"taxable","12":"shipping-taxable","13":"product-type-simple"},"_links":{"self":[{"href":"https:\/\/www.otiumhome.fi\/index.php\/wp-json\/wp\/v2\/product\/203786","targetHints":{"allow":["GET"]}}],"collection":[{"href":"https:\/\/www.otiumhome.fi\/index.php\/wp-json\/wp\/v2\/product"}],"about":[{"href":"https:\/\/www.otiumhome.fi\/index.php\/wp-json\/wp\/v2\/types\/product"}],"replies":[{"embeddable":true,"href":"https:\/\/www.otiumhome.fi\/index.php\/wp-json\/wp\/v2\/comments?post=203786"}],"wp:featuredmedia":[{"embeddable":true,"href":"https:\/\/www.otiumhome.fi\/index.php\/wp-json\/"}],"wp:attachment":[{"href":"https:\/\/www.otiumhome.fi\/index.php\/wp-json\/wp\/v2\/media?parent=203786"}],"wp:term":[{"taxonomy":"product_brand","embeddable":true,"href":"https:\/\/www.otiumhome.fi\/index.php\/wp-json\/wp\/v2\/product_brand?post=203786"},{"taxonomy":"product_cat","embeddable":true,"href":"https:\/\/www.otiumhome.fi\/index.php\/wp-json\/wp\/v2\/product_cat?post=203786"},{"taxonomy":"product_tag","embeddable":true,"href":"https:\/\/www.otiumhome.fi\/index.php\/wp-json\/wp\/v2\/product_tag?post=203786"}],"curies":[{"name":"wp","href":"https:\/\/api.w.org\/{rel}","templated":true}]}}