{"id":203207,"date":"2026-01-08T13:25:46","date_gmt":"2026-01-08T13:25:46","guid":{"rendered":"https:\/\/www.otiumhome.fi\/?p=203207"},"modified":"2026-01-14T14:37:23","modified_gmt":"2026-01-14T14:37:23","slug":"pyorallinen-kaappi-musta-tammi-45-x-38-x-54-cm-tekninen-puu","status":"publish","type":"product","link":"https:\/\/www.otiumhome.fi\/index.php\/tuote\/pyorallinen-kaappi-musta-tammi-45-x-38-x-54-cm-tekninen-puu\/","title":{"rendered":"Py\u00f6r\u00e4llinen kaappi Musta tammi 45 x 38 x 54 cm Tekninen puu"},"content":{"rendered":"<p>T\u00e4m\u00e4 py\u00f6rill\u00e4 oleva toimistovarastokaappi on monipuolinen ja tyylik\u00e4s s\u00e4ilytysratkaisu, joka sopii moderneihin koteihin. Sen suorakaiteen muotoinen rakenne ja runsaasti s\u00e4ilytystilaa tekev\u00e4t siit\u00e4 t\u00e4ydellisen kotitoimistoihin ja olohuoneisiin, tarjoten k\u00e4yt\u00e4nn\u00f6llist\u00e4 s\u00e4ilytyst\u00e4 asiakirjoille ja toimistotarvikkeille.<\/p>\n<ul>\n<li><b>Tekninen puu<\/b> T\u00e4m\u00e4 kaappi on rakennettu teknisest\u00e4 puusta, mik\u00e4 takaa modernin ulkon\u00e4\u00f6n ja kest\u00e4vyuden. Sen pinta on sile\u00e4 ja helppo puhdistaa, joten se on k\u00e4yt\u00e4nn\u00f6llinen lis\u00e4 ty\u00f6tiloihin. Tekninen puu tuo lis\u00e4\u00e4 vahvuutta ja kest\u00e4vyytt\u00e4 p\u00e4ivitt\u00e4iseen k\u00e4ytt\u00f6\u00f6n.<\/li>\n<li><b>Levyhyllyt<\/b> Levyhyllyt tarjoavat k\u00e4tev\u00e4\u00e4 s\u00e4ilytystilaa eri tavaroille. N\u00e4m\u00e4 hyllyt kest\u00e4v\u00e4t hyvin painoa ja ovat hyvi\u00e4 kirjojen, kansioiden ja toimistotarvikkeiden j\u00e4rjest\u00e4miseen. Hyllyt on valmistettu kest\u00e4viksi, joten ne ovat luotettava s\u00e4ilytyspaikka.<\/li>\n<li><b>Tasainen ovimalli<\/b> Tasaiset ovet antavat kaapille tyylikk\u00e4\u00e4n ulkon\u00e4\u00f6n ja est\u00e4v\u00e4t p\u00f6lyn kertymisen. Ovet avautuvat helposti ja paljastavat lis\u00e4\u00e4 s\u00e4ilytystilaa, pit\u00e4en tavarat siististi piilossa.<\/li>\n<li><b>D-vetimet<\/b> Hopeiset D-vetimet tuovat ripauksen tyylikkyytt\u00e4 ja toimivuutta. N\u00e4m\u00e4 vetimet ovat mukautettu kaapin muotoiluun ja helpottavat ovien ja laatikoiden avamista.<\/li>\n<li><b>Huolto ja kest\u00e4vyys<\/b> S\u00e4ilyt\u00e4 kaapin hyv\u00e4 ilme v\u00e4ltt\u00e4m\u00e4ll\u00e4 kovia kemikaaleja puhdistuksessa. S\u00e4\u00e4nn\u00f6llinen p\u00f6lytys ja kevyet pyyhinn\u00e4t pit\u00e4v\u00e4t sen ulkon\u00e4\u00f6n kunnossa ja pident\u00e4v\u00e4t k\u00e4ytt\u00f6ik\u00e4\u00e4, tehdess\u00e4\u00e4n siit\u00e4 kest\u00e4v\u00e4n osan kotitoimistoasi.<\/li>\n<\/ul>\n<ul>\n<li>V\u00e4ri: Musta tammi<\/li>\n<li>Materiaali: Tekninen puu<\/li>\n<li>Yleiset mitat: 45 x 38 x 54 cm (P x L x K)<\/li>\n<li>1 hyllyll\u00e4<\/li>\n<li>S\u00e4ilytysm\u00e4\u00e4r\u00e4: 2<\/li>\n<li>Kokoonpano vaaditaan: Kyll\u00e4<\/li>\n<li>Toimitus-:<\/li>\n<li>1 x Rullakaappi<\/li>\n<\/ul>\n","protected":false},"excerpt":{"rendered":"<ul>\n<li>V\u00e4ri: Musta tammi<\/li>\n<li>Materiaali: Tekninen puu<\/li>\n<li>Yleiset mitat: 45 x 38 x 54 cm (P x L x K)<\/li>\n<li>1 hyllyll\u00e4<\/li>\n<li>S\u00e4ilytysm\u00e4\u00e4r\u00e4: 2<\/li>\n<li>Kokoonpano vaaditaan: Kyll\u00e4<\/li>\n<li>Toimitus-:<\/li>\n<li>1 x Rullakaappi<\/li>\n<\/ul>\n","protected":false},"featured_media":100000203207,"comment_status":"closed","ping_status":"closed","template":"","meta":[],"product_brand":[],"product_cat":[84,8635],"product_tag":[],"class_list":{"0":"post-203207","1":"product","2":"type-product","3":"status-publish","4":"has-post-thumbnail","6":"product_cat-huonekalut","7":"product_cat-sailytys-lukkokaapit","9":"first","10":"instock","11":"taxable","12":"shipping-taxable","13":"purchasable","14":"product-type-simple"},"_links":{"self":[{"href":"https:\/\/www.otiumhome.fi\/index.php\/wp-json\/wp\/v2\/product\/203207","targetHints":{"allow":["GET"]}}],"collection":[{"href":"https:\/\/www.otiumhome.fi\/index.php\/wp-json\/wp\/v2\/product"}],"about":[{"href":"https:\/\/www.otiumhome.fi\/index.php\/wp-json\/wp\/v2\/types\/product"}],"replies":[{"embeddable":true,"href":"https:\/\/www.otiumhome.fi\/index.php\/wp-json\/wp\/v2\/comments?post=203207"}],"wp:featuredmedia":[{"embeddable":true,"href":"https:\/\/www.otiumhome.fi\/index.php\/wp-json\/"}],"wp:attachment":[{"href":"https:\/\/www.otiumhome.fi\/index.php\/wp-json\/wp\/v2\/media?parent=203207"}],"wp:term":[{"taxonomy":"product_brand","embeddable":true,"href":"https:\/\/www.otiumhome.fi\/index.php\/wp-json\/wp\/v2\/product_brand?post=203207"},{"taxonomy":"product_cat","embeddable":true,"href":"https:\/\/www.otiumhome.fi\/index.php\/wp-json\/wp\/v2\/product_cat?post=203207"},{"taxonomy":"product_tag","embeddable":true,"href":"https:\/\/www.otiumhome.fi\/index.php\/wp-json\/wp\/v2\/product_tag?post=203207"}],"curies":[{"name":"wp","href":"https:\/\/api.w.org\/{rel}","templated":true}]}}