{"id":203200,"date":"2026-01-08T13:08:28","date_gmt":"2026-01-08T13:08:28","guid":{"rendered":"https:\/\/www.otiumhome.fi\/?p=203200"},"modified":"2026-01-14T14:14:40","modified_gmt":"2026-01-14T14:14:40","slug":"kaappi-latausasemalla-pyoralla-harmaa-sonoma-61-x-46-x-67-cm","status":"publish","type":"product","link":"https:\/\/www.otiumhome.fi\/index.php\/tuote\/kaappi-latausasemalla-pyoralla-harmaa-sonoma-61-x-46-x-67-cm\/","title":{"rendered":"Kaappi Latausasemalla py\u00f6r\u00e4ll\u00e4 Harmaa Sonoma 61 x 46 x 67 cm"},"content":{"rendered":"<p>T\u00e4m\u00e4 moderni toimistokaappi sopii t\u00e4ydellisesti nykyaikaisiin ja k\u00e4yt\u00e4nn\u00f6llisiin ty\u00f6tiloihin. Sen suorakaiteen muoto istuu loistavasti toimistoihin, tarjoten tyylin ja k\u00e4yt\u00e4nn\u00f6llisyyden huikean yhdistelm\u00e4n. Sen tyylik\u00e4s muotoilu parantaa ty\u00f6tilojen ilmett\u00e4 ja tarjoaa monipuolisia s\u00e4ilytysratkaisuja. T\u00e4m\u00e4 kaappi on t\u00e4ydellinen valinta ammattilaisille, jotka haluavat j\u00e4rjestyst\u00e4, olipa kyse sitten kotoa tai vilkkaasta toimistosta.<\/p>\n<ul>\n<li><b>Monipuoliset materiaalit:<\/b> Valmistettu teknisest\u00e4 puusta ja tukevasta ter\u00e4ksest\u00e4, t\u00e4m\u00e4 kaappi yhdist\u00e4\u00e4 kest\u00e4vyyden ja modernin ulkoasun. Tekninen puu tekee siit\u00e4 helppohoitoisen ja kest\u00e4v\u00e4n, kun taas ter\u00e4ksinen runko tuo s\u00e4ilytykselle rytmi\u00e4 ja tyyly\u00e4.<\/li>\n<li><b>Toiminnalliset komponentit:<\/b> Kaappi on varustettu korkeuss\u00e4\u00e4dett\u00e4vill\u00e4 hyllyill\u00e4 ja saranoiduilla ovilla, joten sinne on helppo p\u00e4\u00e4st\u00e4 k\u00e4siksi. Kest\u00e4viin py\u00f6riin varustettuna sen siirt\u00e4minen eri paikkoihin on tehty helpoksi, mik\u00e4 tekee siit\u00e4 todella monik\u00e4ytt\u00f6isen.<\/li>\n<li><b>Integroitu latausasema:<\/b> T\u00e4m\u00e4 kaappi pit\u00e4\u00e4 \u00e4lylaitteet virtaavina ilman sotkua. Moderni muotoilu on hieno lis\u00e4 mihin tahansa toimistoon siisteill\u00e4 linjoilla ja k\u00e4yt\u00e4nn\u00f6llisell\u00e4 tilank\u00e4yt\u00f6ll\u00e4.<\/li>\n<li><b>Monipuoliset k\u00e4ytt\u00f6tarkoitukset:<\/b> T\u00e4m\u00e4 kaappi sopii t\u00e4ydellisesti kotitoimistoon, kaupallisiin tiloihin tai opiskelutiloihin, ja sen s\u00e4\u00e4dett\u00e4v\u00e4t hyllyt mukautuvat tarpeisiin helposti. Kaapin muotoilu antaa j\u00e4rjestyst\u00e4 ja k\u00e4yt\u00e4nn\u00f6llisyytt\u00e4 kaikenlaisiin s\u00e4ilytystarpeisiin.<\/li>\n<li><b>Helppo huolto:<\/b> Tee siit\u00e4 tyylik\u00e4s helposti: pyyhi pinta s\u00e4\u00e4nn\u00f6llisesti pehme\u00e4ll\u00e4 kankaalla ja v\u00e4lt\u00e4 voimakkaita kemikaaleja pinnan s\u00e4ilytt\u00e4miseksi. Tarkista s\u00e4\u00e4nn\u00f6llisesti kiinnitysvarsia, jotta kaappi pysyy toimivana ja hyv\u00e4nn\u00e4k\u00f6isen\u00e4.<\/li>\n<\/ul>\n<ul>\n<li>V\u00e4ri: Harmaa sonoma<\/li>\n<li>Materiaali: Tekninen puu<\/li>\n<li>Yleiset mitat: 61 x 46 x 67 cm (P x L x K)<\/li>\n<li>Mukana 3 levyhyllyt<\/li>\n<li>S\u00e4ilytysm\u00e4\u00e4r\u00e4: 4<\/li>\n<li>Kokoonpano vaaditaan: Kyll\u00e4<\/li>\n<li>Toimitus-:<\/li>\n<li>1 x Kaappi Latausasemalla<\/li>\n<\/ul>\n","protected":false},"excerpt":{"rendered":"<ul>\n<li>V\u00e4ri: Harmaa sonoma<\/li>\n<li>Materiaali: Tekninen puu<\/li>\n<li>Yleiset mitat: 61 x 46 x 67 cm (P x L x K)<\/li>\n<li>Mukana 3 levyhyllyt<\/li>\n<li>S\u00e4ilytysm\u00e4\u00e4r\u00e4: 4<\/li>\n<li>Kokoonpano vaaditaan: Kyll\u00e4<\/li>\n<li>Toimitus-:<\/li>\n<li>1 x Kaappi Latausasemalla<\/li>\n<\/ul>\n","protected":false},"featured_media":100000203200,"comment_status":"closed","ping_status":"closed","template":"","meta":[],"product_brand":[],"product_cat":[84,8635],"product_tag":[],"class_list":{"0":"post-203200","1":"product","2":"type-product","3":"status-publish","4":"has-post-thumbnail","6":"product_cat-huonekalut","7":"product_cat-sailytys-lukkokaapit","9":"first","10":"instock","11":"taxable","12":"shipping-taxable","13":"purchasable","14":"product-type-simple"},"_links":{"self":[{"href":"https:\/\/www.otiumhome.fi\/index.php\/wp-json\/wp\/v2\/product\/203200","targetHints":{"allow":["GET"]}}],"collection":[{"href":"https:\/\/www.otiumhome.fi\/index.php\/wp-json\/wp\/v2\/product"}],"about":[{"href":"https:\/\/www.otiumhome.fi\/index.php\/wp-json\/wp\/v2\/types\/product"}],"replies":[{"embeddable":true,"href":"https:\/\/www.otiumhome.fi\/index.php\/wp-json\/wp\/v2\/comments?post=203200"}],"wp:featuredmedia":[{"embeddable":true,"href":"https:\/\/www.otiumhome.fi\/index.php\/wp-json\/"}],"wp:attachment":[{"href":"https:\/\/www.otiumhome.fi\/index.php\/wp-json\/wp\/v2\/media?parent=203200"}],"wp:term":[{"taxonomy":"product_brand","embeddable":true,"href":"https:\/\/www.otiumhome.fi\/index.php\/wp-json\/wp\/v2\/product_brand?post=203200"},{"taxonomy":"product_cat","embeddable":true,"href":"https:\/\/www.otiumhome.fi\/index.php\/wp-json\/wp\/v2\/product_cat?post=203200"},{"taxonomy":"product_tag","embeddable":true,"href":"https:\/\/www.otiumhome.fi\/index.php\/wp-json\/wp\/v2\/product_tag?post=203200"}],"curies":[{"name":"wp","href":"https:\/\/api.w.org\/{rel}","templated":true}]}}