{"id":202974,"date":"2026-01-05T23:35:28","date_gmt":"2026-01-05T23:35:28","guid":{"rendered":"https:\/\/www.otiumhome.fi\/?p=202974"},"modified":"2026-01-13T15:49:43","modified_gmt":"2026-01-13T15:49:43","slug":"kylpyhuoneen-seinakaappi-hyllylla-vaha-ruskea-35-x-30-x-60-cm","status":"publish","type":"product","link":"https:\/\/www.otiumhome.fi\/index.php\/tuote\/kylpyhuoneen-seinakaappi-hyllylla-vaha-ruskea-35-x-30-x-60-cm\/","title":{"rendered":"Kylpyhuoneen sein\u00e4kaappi hyllyll\u00e4 Vaha ruskea 35 x 30 x 60 cm"},"content":{"rendered":"<p>T\u00e4\u00e4 moderni kylpyhuoneen sein\u00e4kaappi yhdist\u00e4\u00e4 tyylikk\u00e4\u00e4sti nykyaikaisen designin ja k\u00e4yt\u00e4nn\u00f6llisen toiminnallisuuden. Se on t\u00e4ydellinen valinta mihin tahansa kylpyhuoneeseen. Sen mitat 60 x 40 x 80 cm soveltuu hyvin monenlaisiin sisustuksiin. Suorakaiteen muotoinen ja siistit linjat luovat minimalismin yhdistettyn\u00e4 tyylikkyyteen, mik\u00e4 sopii hyvin moderniin kotiin. T\u00e4\u00e4 kaappi on loistava ratkaisu hygieniatuotteiden, pyyhkeiden ja muiden tarpeellisten esineiden j\u00e4rjest\u00e4miseen, ja se tarjoaa runsaasti s\u00e4ilytystilaa parantaen kylpyhuoneen yleisilmett\u00e4.<\/p>\n<ul><\/br> <\/p>\n<li><b>Korkealaatuinen m\u00e4nty:<\/b> T\u00e4\u00e4 kaappi on valmistettu massiivim\u00e4nnyst\u00e4, joka tekee siit\u00e4 kest\u00e4v\u00e4n ja luonnollisen. T\u00e4m\u00e4 materiaali tuo l\u00e4mpim\u00e4n tekstuurin, joka sulautuu erilaisiin sisustustyyleihin. M\u00e4nnyst\u00e4 rakennettu kaappi takaa pitk\u00e4n k\u00e4ytt\u00f6i\u00e4n ja lis\u00e4\u00e4 aavistuksen orgaanista eleganssia. <\/li>\n<p><\/br> <\/p>\n<li><b>Kest\u00e4v\u00e4 vahattu pinta:<\/b> Vahattu pinta suojaa kaappia ja parantaa sen ulkoasua. T\u00e4\u00e4 k\u00e4sittely tuo esiin puun luonnolliset syyt ja antaa sille pehme\u00e4n kiillon. Vaha est\u00e4\u00e4 kosteutta, joten kaappi pysyy hyv\u00e4ss\u00e4 kunnossa kosteissakin kylpyhuoneissa.<\/li>\n<p><\/br> <\/p>\n<li><b>S\u00e4\u00e4dett\u00e4v\u00e4t hyllyvaihtoehdot:<\/b> Kolmella s\u00e4\u00e4dett\u00e4v\u00e4ll\u00e4 hyllyll\u00e4 t\u00e4\u00e4 kaappi mahdollistaa tilan mukauttamisen erikorkuisten esineiden s\u00e4ilytt\u00e4miseen. Erinomainen valinta pullojen, purkkien ja muiden tavaroiden j\u00e4rjest\u00e4miseen, s\u00e4\u00e4dett\u00e4v\u00e4t hyllyt tuovat joustavuutta henkil\u00f6kohtaisiin s\u00e4ilytysratkaisuihin.<\/li>\n<p><\/br> <\/p>\n<li><b>Tilaa s\u00e4\u00e4st\u00e4v\u00e4 sein\u00e4kiinnitetty muotoilu:<\/b> Kaapissa on sein\u00e4kiinnitett\u00e4v\u00e4 asennus, joka vapauttaa lattiatilaa ja pit\u00e4\u00e4 ymp\u00e4rist\u00f6n siistin\u00e4. T\u00e4\u00e4 kiinnitystyyli tuo kylpyhuoneeseen virtaviivaisen ilmeen, ja mahdollistaa tilan k\u00e4yt\u00f6n tehokkaasti samalla, kun se tarjoaa s\u00e4ilytysmahdollisuuksia.<\/li>\n<p><\/br> <\/p>\n<li><b>Helppo yll\u00e4pito:<\/b> T\u00e4\u00e4 kylpyhuoneen sein\u00e4kaappi on helppo pit\u00e4\u00e4 puhtaana, tarvitsee vaan pyyhki\u00e4 kuivalla liinalla. S\u00e4\u00e4nn\u00f6llinen huolto pident\u00e4\u00e4 kaapin ik\u00e4\u00e4 ja pit\u00e4\u00e4 sen houkuttelevana pitk\u00e4\u00e4n.<\/li>\n<p><\/br><\/ul>\n<ul>\n<li>V\u00e4ri: Vaha ruskea<\/li>\n<li>Materiaali: Massiivinen m\u00e4nty<\/li>\n<li>Yleiset mitat: 35 x 30 x 60 cm (P x L x K)<\/li>\n<li>Paino: 8,15 kg<\/li>\n<li>Kest\u00e4v\u00e4<\/li>\n<li>S\u00e4ilytystila<\/li>\n<li>3 korkeuss\u00e4\u00e4t\u00f6\u00e4 erilaisten s\u00e4ilytystarpeidesi t\u00e4ytt\u00e4miseksi<\/li>\n<li>Mukana 1 s\u00e4\u00e4dett\u00e4v\u00e4 hylly<\/li>\n<li>Kehysmateriaali: T\u00e4ysi m\u00e4nty<\/li>\n<li>Mukana 1 saranoitu ovi<\/li>\n<li>Vain sis\u00e4k\u00e4ytt\u00f6\u00f6n<\/li>\n<li>Toimitus-:<\/li>\n<li>1 x Kylpyhuoneen sein\u00e4kaappi<\/li>\n<li>Kokoonpano vaaditaan: Kyll\u00e4<\/li>\n<\/ul>\n","protected":false},"excerpt":{"rendered":"<ul>\n<li>V\u00e4ri: Vaha ruskea<\/li>\n<li>Materiaali: Massiivinen m\u00e4nty<\/li>\n<li>Yleiset mitat: 35 x 30 x 60 cm (P x L x K)<\/li>\n<li>Paino: 8,15 kg<\/li>\n<li>Kest\u00e4v\u00e4<\/li>\n<li>S\u00e4ilytystila<\/li>\n<li>3 korkeuss\u00e4\u00e4t\u00f6\u00e4 erilaisten s\u00e4ilytystarpeidesi t\u00e4ytt\u00e4miseksi<\/li>\n<li>Mukana 1 s\u00e4\u00e4dett\u00e4v\u00e4 hylly<\/li>\n<li>Kehysmateriaali: T\u00e4ysi m\u00e4nty<\/li>\n<li>Mukana 1 saranoitu ovi<\/li>\n<li>Vain sis\u00e4k\u00e4ytt\u00f6\u00f6n<\/li>\n<li>Toimitus-:<\/li>\n<li>1 x Kylpyhuoneen sein\u00e4kaappi<\/li>\n<li>Kokoonpano vaaditaan: Kyll\u00e4<\/li>\n<\/ul>\n","protected":false},"featured_media":100000202974,"comment_status":"closed","ping_status":"closed","template":"","meta":[],"product_brand":[],"product_cat":[84,8560],"product_tag":[],"class_list":{"0":"post-202974","1":"product","2":"type-product","3":"status-publish","4":"has-post-thumbnail","6":"product_cat-huonekalut","7":"product_cat-kylpyhuoneen-kalusteet","9":"first","10":"instock","11":"taxable","12":"shipping-taxable","13":"purchasable","14":"product-type-simple"},"_links":{"self":[{"href":"https:\/\/www.otiumhome.fi\/index.php\/wp-json\/wp\/v2\/product\/202974","targetHints":{"allow":["GET"]}}],"collection":[{"href":"https:\/\/www.otiumhome.fi\/index.php\/wp-json\/wp\/v2\/product"}],"about":[{"href":"https:\/\/www.otiumhome.fi\/index.php\/wp-json\/wp\/v2\/types\/product"}],"replies":[{"embeddable":true,"href":"https:\/\/www.otiumhome.fi\/index.php\/wp-json\/wp\/v2\/comments?post=202974"}],"wp:featuredmedia":[{"embeddable":true,"href":"https:\/\/www.otiumhome.fi\/index.php\/wp-json\/"}],"wp:attachment":[{"href":"https:\/\/www.otiumhome.fi\/index.php\/wp-json\/wp\/v2\/media?parent=202974"}],"wp:term":[{"taxonomy":"product_brand","embeddable":true,"href":"https:\/\/www.otiumhome.fi\/index.php\/wp-json\/wp\/v2\/product_brand?post=202974"},{"taxonomy":"product_cat","embeddable":true,"href":"https:\/\/www.otiumhome.fi\/index.php\/wp-json\/wp\/v2\/product_cat?post=202974"},{"taxonomy":"product_tag","embeddable":true,"href":"https:\/\/www.otiumhome.fi\/index.php\/wp-json\/wp\/v2\/product_tag?post=202974"}],"curies":[{"name":"wp","href":"https:\/\/api.w.org\/{rel}","templated":true}]}}