{"id":202932,"date":"2026-01-05T14:59:51","date_gmt":"2026-01-05T14:59:51","guid":{"rendered":"https:\/\/www.otiumhome.fi\/?p=202932"},"modified":"2026-01-13T16:32:59","modified_gmt":"2026-01-13T16:32:59","slug":"jakkara-luonnollinen-22-x-22-x-24-cm-mahogany-puu","status":"publish","type":"product","link":"https:\/\/www.otiumhome.fi\/index.php\/tuote\/jakkara-luonnollinen-22-x-22-x-24-cm-mahogany-puu\/","title":{"rendered":"Jakkara Luonnollinen 22 x 22 x 24 cm Mahogany-puu"},"content":{"rendered":"<p>T\u00e4m\u00e4 selk\u00e4nojaton jakkara on rustiikin eleganssin esimerkki. Sen luonnolliset materiaalit ja teksturoidut pinnat tekev\u00e4t siit\u00e4 loistavan lis\u00e4n mihin tahansa kodikkaaseen, rustiikkityyliseen olohuoneeseen. Kompakti koko ja ajaton muotoilu auttavat sit\u00e4 soveltumaan moneen eri sisustustyyliin, tarjoten sek\u00e4 k\u00e4yt\u00e4nn\u00f6llisyytt\u00e4 ett\u00e4 visuaalista vieh\u00e4tyst\u00e4. T\u00e4m\u00e4 jakkara kutsuu sinua tuomaan sen olohuoneen nurkkaan tai k\u00e4ytt\u00e4m\u00e4\u00e4n sit\u00e4 mukavana istuimena tai tyylikk\u00e4\u00e4n\u00e4 sisustuselementtin\u00e4.<\/p>\n<ul>\n<li><b>Kest\u00e4v\u00e4 mahonkipuu:<\/b> T\u00e4m\u00e4 jakkara on valmistettu laadukkaasta t\u00e4ysmahonkipuusta, joten se kest\u00e4\u00e4 pitk\u00e4\u00e4n ja on tukeva. Mahongin rikas tekstuuri tuo l\u00e4mp\u00f6\u00e4 ja luonteenpiirteit\u00e4, tehden jakkarasta luotettavan kalusteen, joka siet\u00e4\u00e4 p\u00e4ivitt\u00e4ist\u00e4 k\u00e4ytt\u00f6\u00e4 ja s\u00e4ilytt\u00e4\u00e4 kauniin ilmeens\u00e4 ajan my\u00f6t\u00e4.<\/li>\n<li><b>V\u00e4rj\u00e4tty rustiikkinen viimeistely:<\/b> Jakkaran kulunut viimeistely j\u00e4ljittelee vanhempia kauniita esineit\u00e4, luoden vanhan ajan tunnelman. T\u00e4m\u00e4 muotoilu nostaa mik\u00e4 tahansa tila ja tuo mukaan ripauksen historiaa, houkutellen rustiikkisen ja klassisen estetiikan yst\u00e4vi\u00e4.<\/li>\n<li><b>Visuaalisesti teksturoitu pinta:<\/b> Jakkarassa on visuaalisesti stimuloiva pinta, joka lis\u00e4\u00e4 syvyytt\u00e4 ja luonteenpiirteit\u00e4 ulkon\u00e4k\u00f6\u00f6n. Jokainen yksil\u00f6 on ainutlaatuinen k\u00e4sity\u00f6n\u00e4, ja sen pinta on yht\u00e4 kiehtova kuin autenttinen.<\/li>\n<li><b>Monipuolinen k\u00e4ytt\u00f6:<\/b> T\u00e4m\u00e4 jakkara sopii niin sis\u00e4- kuin suojatuille ulkotiloille, ja se mukautuu helposti erilaisiin ymp\u00e4rist\u00f6ihin. Olipa kyseess\u00e4 kodikas olohuone tai suojattu terassi, sen ajaton muotoilu on t\u00e4ydellinen k\u00e4ytt\u00e4\u00e4 sek\u00e4 istumapaikkana ett\u00e4 sivup\u00f6yt\u00e4n\u00e4.<\/li>\n<li><b>Helppo huolto:<\/b> Huolto on todella helppoa ja t\u00e4rke\u00e4\u00e4 jakkaran kauneuden s\u00e4ilytt\u00e4miseksi. Pyyhkiminen kuivalla liinalla riitt\u00e4\u00e4 pit\u00e4m\u00e4\u00e4n sen puhtaana p\u00f6lyst\u00e4 ja pident\u00e4\u00e4 k\u00e4ytt\u00f6ik\u00e4\u00e4, s\u00e4ilytt\u00e4en samalla iloisen, kutsuvan ilmeen.<\/li>\n<\/ul>\n<p><strong>T\u00e4rke\u00e4\u00e4 tiet\u00e4\u00e4:<\/strong><\/p>\n<ul>\n<li>Enimm\u00e4ispaino 110 kg per paikka.<\/li>\n<\/ul>\n<ul>\n<li>V\u00e4ri: Luonnollinen<\/li>\n<li>Materiaali: Mahogany-puu<\/li>\n<li>Viimeistely: V\u00e4sytetty<\/li>\n<li>Yleiset mitat: 22 x 22 x 24 cm (P x L x K)<\/li>\n<li>Paino: 1,02 kg<\/li>\n<li>Kest\u00e4v\u00e4<\/li>\n<li>Istuinalue: 22 x 22 cm (L x S)<\/li>\n<li>Sis\u00e4- ja suojattuun ulkok\u00e4ytt\u00f6\u00f6n<\/li>\n<li>Toimitus-:<\/li>\n<li>1 x jakkara<\/li>\n<\/ul>\n","protected":false},"excerpt":{"rendered":"<ul>\n<li>V\u00e4ri: Luonnollinen<\/li>\n<li>Materiaali: Mahogany-puu<\/li>\n<li>Viimeistely: V\u00e4sytetty<\/li>\n<li>Yleiset mitat: 22 x 22 x 24 cm (P x L x K)<\/li>\n<li>Paino: 1,02 kg<\/li>\n<li>Kest\u00e4v\u00e4<\/li>\n<li>Istuinalue: 22 x 22 cm (L x S)<\/li>\n<li>Sis\u00e4- ja suojattuun ulkok\u00e4ytt\u00f6\u00f6n<\/li>\n<li>Toimitus-:<\/li>\n<li>1 x jakkara<\/li>\n<\/ul>\n","protected":false},"featured_media":100000202932,"comment_status":"closed","ping_status":"closed","template":"","meta":[],"product_brand":[],"product_cat":[84,8558],"product_tag":[],"class_list":{"0":"post-202932","1":"product","2":"type-product","3":"status-publish","4":"has-post-thumbnail","6":"product_cat-huonekalut","7":"product_cat-kokoontaitettavat-tuolit-jakkarat","9":"first","10":"instock","11":"taxable","12":"shipping-taxable","13":"purchasable","14":"product-type-simple"},"_links":{"self":[{"href":"https:\/\/www.otiumhome.fi\/index.php\/wp-json\/wp\/v2\/product\/202932","targetHints":{"allow":["GET"]}}],"collection":[{"href":"https:\/\/www.otiumhome.fi\/index.php\/wp-json\/wp\/v2\/product"}],"about":[{"href":"https:\/\/www.otiumhome.fi\/index.php\/wp-json\/wp\/v2\/types\/product"}],"replies":[{"embeddable":true,"href":"https:\/\/www.otiumhome.fi\/index.php\/wp-json\/wp\/v2\/comments?post=202932"}],"wp:featuredmedia":[{"embeddable":true,"href":"https:\/\/www.otiumhome.fi\/index.php\/wp-json\/"}],"wp:attachment":[{"href":"https:\/\/www.otiumhome.fi\/index.php\/wp-json\/wp\/v2\/media?parent=202932"}],"wp:term":[{"taxonomy":"product_brand","embeddable":true,"href":"https:\/\/www.otiumhome.fi\/index.php\/wp-json\/wp\/v2\/product_brand?post=202932"},{"taxonomy":"product_cat","embeddable":true,"href":"https:\/\/www.otiumhome.fi\/index.php\/wp-json\/wp\/v2\/product_cat?post=202932"},{"taxonomy":"product_tag","embeddable":true,"href":"https:\/\/www.otiumhome.fi\/index.php\/wp-json\/wp\/v2\/product_tag?post=202932"}],"curies":[{"name":"wp","href":"https:\/\/api.w.org\/{rel}","templated":true}]}}