{"id":202906,"date":"2026-01-05T12:19:44","date_gmt":"2026-01-05T12:19:44","guid":{"rendered":"https:\/\/www.otiumhome.fi\/?p=202906"},"modified":"2026-01-13T16:49:53","modified_gmt":"2026-01-13T16:49:53","slug":"poyta-laatikon-kanssa-2-pcs-valkoinen","status":"publish","type":"product","link":"https:\/\/www.otiumhome.fi\/index.php\/tuote\/poyta-laatikon-kanssa-2-pcs-valkoinen\/","title":{"rendered":"P\u00f6yt\u00e4 laatikon kanssa 2 pcs Valkoinen"},"content":{"rendered":"<p>T\u00e4m\u00e4 teknisest\u00e4 puusta valmistettu ty\u00f6p\u00f6yt\u00e4 yhdist\u00e4\u00e4 modernin tyylin ja toiminnallisuuden t\u00e4ydellisesti. Sen puhtaat linjat ja pelkistetty tyyli tekev\u00e4t siit\u00e4 t\u00e4ydellisen vaihtoehdon nykyaikaisiin ty\u00f6ymp\u00e4rist\u00f6ihin. Se ei ole vain tavallinen toimistokaluste, vaan tarjoaa my\u00f6s laajan ty\u00f6skentelypinnan, jonka ruskea v\u00e4ri ja puumateriaali tuovat l\u00e4mp\u00f6\u00e4 ja klassista tyyli\u00e4.<\/p>\n<ul>\n<li><b>Teknisest\u00e4 puusta valmistettu<\/b> T\u00e4m\u00e4 ty\u00f6p\u00f6yt\u00e4 tuo sek\u00e4 kest\u00e4vyytt\u00e4 ett\u00e4 modernia tyyli\u00e4. Materiaali j\u00e4ljittelee oikeaa puuta ja tuo lis\u00e4\u00e4 kulutuksenkest\u00e4vyytt\u00e4, joten t\u00e4m\u00e4 p\u00f6yt\u00e4 kest\u00e4\u00e4 vuosia.<\/li>\n<li><b>Tilava pinta<\/b> Suuri ty\u00f6p\u00f6yt\u00e4 tarjoaa runsaasti tilaa koneille, asiakirjoille ja kaikille ty\u00f6h\u00f6n tarvittaville. Sen laaja koko sopii niin yksitt\u00e4isiin teht\u00e4viin kuin ryhm\u00e4t\u00f6ihinkin, tehden siit\u00e4 todella monik\u00e4ytt\u00f6isen toimistohankinnan.<\/li>\n<li><b>Levyhyllyt<\/b> Sis\u00e4\u00e4nrakennetut hyllyt tekev\u00e4t j\u00e4rjest\u00e4misest\u00e4 helppoa. N\u00e4m\u00e4 hyllyt ovat loistavia kirjoille, papereille ja toimistotavaroille, pit\u00e4en kaiken tarvittavan l\u00e4hell\u00e4si ja p\u00f6yd\u00e4n siistin\u00e4.<\/li>\n<li><b>Helppo kokoaminen<\/b> Kokoaminen vaatii kaksi tyyppi\u00e4 ja ruuvimeisselin, varmistamalla, ett\u00e4 p\u00f6yt\u00e4 kootaan tukevasti. Selke\u00e4t ohjeet auttavat kokoamisessa ilman hankaluuksia.<\/li>\n<li><b>V\u00e4h\u00e4n huoltoa<\/b> P\u00f6lyn pyyhkiminen kostealla liinalla riitt\u00e4\u00e4 puhdistamiseen. T\u00e4m\u00e4 helpottaa huoltoa ja auttaa pit\u00e4m\u00e4\u00e4n p\u00f6yd\u00e4n hyv\u00e4lt\u00e4 n\u00e4kyvilt\u00e4 kiireisess\u00e4 toimistossa.<\/li>\n<\/ul>\n<ul>\n<li>V\u00e4ri: Valkoinen<\/li>\n<li>Yleiset mitat: 145,5 x 50 x 127 cm (P x L x K)<\/li>\n<li>2 laatikoilla<\/li>\n<li>Kest\u00e4v\u00e4<\/li>\n<li>Kokoonpano vaaditaan: Kyll\u00e4<\/li>\n<li>Toimitus-:<\/li>\n<li>1 x P\u00f6yt\u00e4: 70 x 40 x 76 cm(PxLxK)<\/li>\n<li>1 x Kaappi: 45.5 x 34 x 127 cm(PxLxK)<\/li>\n<\/ul>\n","protected":false},"excerpt":{"rendered":"<ul>\n<li>V\u00e4ri: Valkoinen<\/li>\n<li>Yleiset mitat: 145,5 x 50 x 127 cm (P x L x K)<\/li>\n<li>2 laatikoilla<\/li>\n<li>Kest\u00e4v\u00e4<\/li>\n<li>Kokoonpano vaaditaan: Kyll\u00e4<\/li>\n<li>Toimitus-:<\/li>\n<li>1 x P\u00f6yt\u00e4: 70 x 40 x 76 cm(PxLxK)<\/li>\n<li>1 x Kaappi: 45.5 x 34 x 127 cm(PxLxK)<\/li>\n<\/ul>\n","protected":false},"featured_media":100000202906,"comment_status":"closed","ping_status":"closed","template":"","meta":[],"product_brand":[],"product_cat":[84,8551],"product_tag":[],"class_list":{"0":"post-202906","1":"product","2":"type-product","3":"status-publish","4":"has-post-thumbnail","6":"product_cat-huonekalut","7":"product_cat-kirjoituspoydat","9":"first","10":"instock","11":"taxable","12":"shipping-taxable","13":"purchasable","14":"product-type-simple"},"_links":{"self":[{"href":"https:\/\/www.otiumhome.fi\/index.php\/wp-json\/wp\/v2\/product\/202906","targetHints":{"allow":["GET"]}}],"collection":[{"href":"https:\/\/www.otiumhome.fi\/index.php\/wp-json\/wp\/v2\/product"}],"about":[{"href":"https:\/\/www.otiumhome.fi\/index.php\/wp-json\/wp\/v2\/types\/product"}],"replies":[{"embeddable":true,"href":"https:\/\/www.otiumhome.fi\/index.php\/wp-json\/wp\/v2\/comments?post=202906"}],"wp:featuredmedia":[{"embeddable":true,"href":"https:\/\/www.otiumhome.fi\/index.php\/wp-json\/"}],"wp:attachment":[{"href":"https:\/\/www.otiumhome.fi\/index.php\/wp-json\/wp\/v2\/media?parent=202906"}],"wp:term":[{"taxonomy":"product_brand","embeddable":true,"href":"https:\/\/www.otiumhome.fi\/index.php\/wp-json\/wp\/v2\/product_brand?post=202906"},{"taxonomy":"product_cat","embeddable":true,"href":"https:\/\/www.otiumhome.fi\/index.php\/wp-json\/wp\/v2\/product_cat?post=202906"},{"taxonomy":"product_tag","embeddable":true,"href":"https:\/\/www.otiumhome.fi\/index.php\/wp-json\/wp\/v2\/product_tag?post=202906"}],"curies":[{"name":"wp","href":"https:\/\/api.w.org\/{rel}","templated":true}]}}