{"id":202905,"date":"2026-01-05T12:19:43","date_gmt":"2026-01-05T12:19:43","guid":{"rendered":"https:\/\/www.otiumhome.fi\/?p=202905"},"modified":"2026-01-13T17:00:53","modified_gmt":"2026-01-13T17:00:53","slug":"poyta-musta-tammi-100-x-50-x-76-cm-tekninen-puu","status":"publish","type":"product","link":"https:\/\/www.otiumhome.fi\/index.php\/tuote\/poyta-musta-tammi-100-x-50-x-76-cm-tekninen-puu\/","title":{"rendered":"P\u00f6yt\u00e4 Musta tammi. 100 x 50 x 76 cm Tekninen puu"},"content":{"rendered":"<p>T\u00e4m\u00e4 moderni p\u00f6yt\u00e4 yhdist\u00e4\u00e4 minimalistisen muotoilun ja teknisen puun. Se on t\u00e4ydellinen nykyaikaiseen kotiin tai toimistoon, ja sen tyylik\u00e4s ulkon\u00e4k\u00f6 sopii hyvin my\u00f6s pieniin tiloihin. Olipa kyseess\u00e4 opiskelua tai j\u00e4rjest\u00e4mist\u00e4, p\u00f6yt\u00e4 on sek\u00e4 k\u00e4yt\u00e4nn\u00f6llinen ett\u00e4 esteettisesti miellytt\u00e4v\u00e4.<\/p>\n<ul>\n<li><b>Tekninen puumateriaali<\/b> Korkealaatuisesta teknisest\u00e4 puusta valmistettu p\u00f6yt\u00e4 tarjoaa sile\u00e4n pinnan, joka sopii kirjoittamiseen ja tietokoneen k\u00e4ytt\u00f6\u00f6n. Materiaali on kest\u00e4v\u00e4 ja vaatii vain v\u00e4h\u00e4ist\u00e4 huoltoa.<\/li>\n<li><b>Kompakti ja toiminnallinen muotoilu<\/b> 100 cm leve\u00e4n\u00e4 ja 50 cm syv\u00e4n\u00e4 t\u00e4m\u00e4 p\u00f6yt\u00e4 mahtuu mihin tahansa tilaan ilman, ett\u00e4 se vie liikaa tilaa. Tarjoaa silti riitt\u00e4v\u00e4sti pinta-alaa tuottavuuteen ja tarpeisiin.<\/li>\n<li><b>Moderni estetiikka<\/b> Tyylikk\u00e4\u00e4t linjat ja minimalistinen muotoilu tekev\u00e4t t\u00e4st\u00e4 p\u00f6yd\u00e4st\u00e4 nykyaikaisen. Se sopii moniin eri sisustustyyleihin ja on monipuolinen lis\u00e4 kotiin tai toimistoon.<\/li>\n<li><b>Yksinkertainen kokoamisprosessi<\/b> Kokoaminen on helppoa yhdelle henkil\u00f6lle, ja kaikki tarvittavat osat sek\u00e4 ohjeet ovat mukana, joten kokoaminen sujuu vaivattomasti.<\/li>\n<li><b>Vain sis\u00e4k\u00e4ytt\u00f6\u00f6n<\/b> T\u00e4m\u00e4 p\u00f6yt\u00e4 on suunniteltu vain sis\u00e4k\u00e4ytt\u00f6\u00f6n, joten se s\u00e4ilytt\u00e4\u00e4 kauniin ilmeens\u00e4 ilmastoiduissa tiloissa ja tarjoaa pitk\u00e4n k\u00e4ytt\u00f6i\u00e4n.<\/li>\n<\/ul>\n<ul>\n<li>V\u00e4ri: Musta tammi.<\/li>\n<li>Materiaali: Tekninen puu<\/li>\n<li>Yleiset mitat: 100 x 50 x 76 cm (P x L x K)<\/li>\n<li>Paino: 25 kg<\/li>\n<li>Kest\u00e4v\u00e4<\/li>\n<li>Sis\u00e4- &amp; ulkotila: Vain sis\u00e4k\u00e4ytt\u00f6\u00f6n<\/li>\n<li>Toimitus-:<\/li>\n<li>1 x p\u00f6yt\u00e4<\/li>\n<li>Kokoonpano vaaditaan: Kyll\u00e4<\/li>\n<\/ul>\n","protected":false},"excerpt":{"rendered":"<ul>\n<li>V\u00e4ri: Musta tammi.<\/li>\n<li>Materiaali: Tekninen puu<\/li>\n<li>Yleiset mitat: 100 x 50 x 76 cm (P x L x K)<\/li>\n<li>Paino: 25 kg<\/li>\n<li>Kest\u00e4v\u00e4<\/li>\n<li>Sis\u00e4- &amp; ulkotila: Vain sis\u00e4k\u00e4ytt\u00f6\u00f6n<\/li>\n<li>Toimitus-:<\/li>\n<li>1 x p\u00f6yt\u00e4<\/li>\n<li>Kokoonpano vaaditaan: Kyll\u00e4<\/li>\n<\/ul>\n","protected":false},"featured_media":100000202905,"comment_status":"closed","ping_status":"closed","template":"","meta":[],"product_brand":[],"product_cat":[84,8551],"product_tag":[],"class_list":{"0":"post-202905","1":"product","2":"type-product","3":"status-publish","4":"has-post-thumbnail","6":"product_cat-huonekalut","7":"product_cat-kirjoituspoydat","9":"first","10":"instock","11":"taxable","12":"shipping-taxable","13":"purchasable","14":"product-type-simple"},"_links":{"self":[{"href":"https:\/\/www.otiumhome.fi\/index.php\/wp-json\/wp\/v2\/product\/202905","targetHints":{"allow":["GET"]}}],"collection":[{"href":"https:\/\/www.otiumhome.fi\/index.php\/wp-json\/wp\/v2\/product"}],"about":[{"href":"https:\/\/www.otiumhome.fi\/index.php\/wp-json\/wp\/v2\/types\/product"}],"replies":[{"embeddable":true,"href":"https:\/\/www.otiumhome.fi\/index.php\/wp-json\/wp\/v2\/comments?post=202905"}],"wp:featuredmedia":[{"embeddable":true,"href":"https:\/\/www.otiumhome.fi\/index.php\/wp-json\/"}],"wp:attachment":[{"href":"https:\/\/www.otiumhome.fi\/index.php\/wp-json\/wp\/v2\/media?parent=202905"}],"wp:term":[{"taxonomy":"product_brand","embeddable":true,"href":"https:\/\/www.otiumhome.fi\/index.php\/wp-json\/wp\/v2\/product_brand?post=202905"},{"taxonomy":"product_cat","embeddable":true,"href":"https:\/\/www.otiumhome.fi\/index.php\/wp-json\/wp\/v2\/product_cat?post=202905"},{"taxonomy":"product_tag","embeddable":true,"href":"https:\/\/www.otiumhome.fi\/index.php\/wp-json\/wp\/v2\/product_tag?post=202905"}],"curies":[{"name":"wp","href":"https:\/\/api.w.org\/{rel}","templated":true}]}}