{"id":202776,"date":"2026-01-04T08:36:34","date_gmt":"2026-01-04T08:36:34","guid":{"rendered":"https:\/\/www.otiumhome.fi\/?p=202776"},"modified":"2026-01-13T16:32:58","modified_gmt":"2026-01-13T16:32:58","slug":"keittiovaunu-floro-valkoinen-725-x-45-x-80-cm","status":"publish","type":"product","link":"https:\/\/www.otiumhome.fi\/index.php\/tuote\/keittiovaunu-floro-valkoinen-725-x-45-x-80-cm\/","title":{"rendered":"Keitti\u00f6vaunu FLORO Valkoinen 72,5 x 45 x 80 cm"},"content":{"rendered":"<p>Moderni keitti\u00f6vaunu on must-have lis\u00e4 nykykeitti\u00f6ihin, tarjoten tyyli\u00e4 ja k\u00e4yt\u00e4nn\u00f6llisyytt\u00e4. Se on t\u00e4ydellinen valinta kulinaarisille innostujille ja omistajille, jotka arvostaa toiminnallista muotoilua. Massiivim\u00e4nnyst\u00e4 valmistettuna ja suorakaiteen muotoisena, se tuo ripauksen eleganssia mihin tahansa keitti\u00f6ymp\u00e4rist\u00f6\u00f6n. Sen sile\u00e4 pinta ja suorat linjat tekev\u00e4t siit\u00e4 loistavan nykyaikaisiin sisustuksiin, samalla kun se tarjoaa lis\u00e4varastoa ja ty\u00f6tilaa kiireisille kokkailijoille.<\/p>\n<ul>\n<li><b>Massiivim\u00e4nty rakenne<\/b> Huolella tehty massiivim\u00e4nnyst\u00e4, t\u00e4m\u00e4 keitti\u00f6vaunu ei vain n\u00e4yt\u00e4 tyylikk\u00e4\u00e4lt\u00e4 suorakaiteen muotonsa ansiosta, vaan tuo my\u00f6s vakautta ja premium-ilmeen. Sen luonnollinen kauneus ja kest\u00e4vyys tekev\u00e4t siit\u00e4 n\u00e4ytt\u00e4v\u00e4n valinnan, joka tuo l\u00e4mp\u00f6\u00e4 ja kutsuvuutta keitti\u00f6\u00f6n. Massiivim\u00e4nty takaa, ett\u00e4 vaunu kest\u00e4\u00e4 p\u00e4ivitt\u00e4ist\u00e4 k\u00e4ytt\u00f6\u00e4, s\u00e4ilytt\u00e4en kauneuden ja toiminnallisuuden.<\/li>\n<li><b>Runsas s\u00e4ilytys<\/b> T\u00e4m\u00e4 vaunu on suunniteltu k\u00e4yt\u00e4nn\u00f6lliseksi, ja siin\u00e4 on tilava laatikko ja tukevat hyllyt. Ne tarjoavat runsaasti tilaa keitti\u00f6tarvikkeiden s\u00e4ilytt\u00e4miseen. Olipa kyseess\u00e4 v\u00e4lineet tai mausteet, t\u00e4m\u00e4 harkittu muotoilu pit\u00e4\u00e4 keitti\u00f6n siistin\u00e4 ja kaikki helposti saatavilla, parantaen ruoanlaittotilan tehokkuutta.<\/li>\n<li><b>Helppo liikkuvuus<\/b> Varustettuna nelj\u00e4ll\u00e4 360\u00b0 py\u00f6riv\u00e4ll\u00e4 py\u00f6r\u00e4ll\u00e4, joista kaksi on lukittavia, t\u00e4m\u00e4 vaunu liikkuu keitti\u00f6ss\u00e4 vaivatta. T\u00e4m\u00e4 mahdollisuus sijoittaa se mihin tahansa parantaa keitti\u00f6n k\u00e4ytett\u00e4vyytt\u00e4.<\/li>\n<li><b>Tyylik\u00e4s muotoilu<\/b> Moderni ja yksinkertainen tyyli pit\u00e4\u00e4 puhtaat linjat ja sile\u00e4n pinnan. T\u00e4m\u00e4 muotoilu sulautuu helposti eri keitti\u00f6teemoihin, yhdist\u00e4en esteettisyyden ja k\u00e4yt\u00e4nn\u00f6llisyyden, mik\u00e4 parantaa keitti\u00f6n yleist\u00e4 vieh\u00e4tyst\u00e4.<\/li>\n<li><b>Yksinkertaiset huolto-ohjeet<\/b> Vaunun huoltaminen on helppoa sen yksinkertaisten vaatimusten ansiosta. Pyyhi se vain puhtaalla kuivarievulla, jotta se pysyy kauniina ja odottaa, ett\u00e4 se on osa keitti\u00f6varustustasi vuosia eteenp\u00e4in, yhdist\u00e4en kauneuden ja k\u00e4yt\u00e4nn\u00f6llisyyden.<\/li>\n<\/ul>\n<ul>\n<li>V\u00e4ri: Valkoinen<\/li>\n<li>Materiaali: Massiivinen m\u00e4nty<\/li>\n<li>Yleiset mitat: 72,5 x 45 x 80 cm (P x L x K)<\/li>\n<li>Paino: 17,85 kg<\/li>\n<li>Hyllyn ja laatikon kanssa<\/li>\n<li>Nelj\u00e4 360\u00b0 py\u00f6riv\u00e4\u00e4 py\u00f6r\u00e4\u00e4<\/li>\n<li>Enimm\u00e4ispaino: 30 kg yl\u00e4osalle, 20 kg hylly\u00e4 kohti, 5 kg laatikkoa kohti<\/li>\n<li>Vain sis\u00e4k\u00e4ytt\u00f6\u00f6n<\/li>\n<li>Toimitus-:<\/li>\n<li>1 x Keitti\u00f6k\u00e4rry<\/li>\n<li>Kokoonpano vaaditaan: Kyll\u00e4<\/li>\n<li>Alueen nimi: Floro<\/li>\n<\/ul>\n","protected":false},"excerpt":{"rendered":"<ul>\n<li>V\u00e4ri: Valkoinen<\/li>\n<li>Materiaali: Massiivinen m\u00e4nty<\/li>\n<li>Yleiset mitat: 72,5 x 45 x 80 cm (P x L x K)<\/li>\n<li>Paino: 17,85 kg<\/li>\n<li>Hyllyn ja laatikon kanssa<\/li>\n<li>Nelj\u00e4 360\u00b0 py\u00f6riv\u00e4\u00e4 py\u00f6r\u00e4\u00e4<\/li>\n<li>Enimm\u00e4ispaino: 30 kg yl\u00e4osalle, 20 kg hylly\u00e4 kohti, 5 kg laatikkoa kohti<\/li>\n<li>Vain sis\u00e4k\u00e4ytt\u00f6\u00f6n<\/li>\n<li>Toimitus-:<\/li>\n<li>1 x Keitti\u00f6k\u00e4rry<\/li>\n<li>Kokoonpano vaaditaan: Kyll\u00e4<\/li>\n<li>Alueen nimi: Floro<\/li>\n<\/ul>\n","protected":false},"featured_media":100000202776,"comment_status":"closed","ping_status":"closed","template":"","meta":[],"product_brand":[],"product_cat":[84,8546],"product_tag":[],"class_list":{"0":"post-202776","1":"product","2":"type-product","3":"status-publish","4":"has-post-thumbnail","6":"product_cat-huonekalut","7":"product_cat-keittion-ruokasalin-tarjoiluvaunut","9":"first","10":"instock","11":"taxable","12":"shipping-taxable","13":"purchasable","14":"product-type-simple"},"_links":{"self":[{"href":"https:\/\/www.otiumhome.fi\/index.php\/wp-json\/wp\/v2\/product\/202776","targetHints":{"allow":["GET"]}}],"collection":[{"href":"https:\/\/www.otiumhome.fi\/index.php\/wp-json\/wp\/v2\/product"}],"about":[{"href":"https:\/\/www.otiumhome.fi\/index.php\/wp-json\/wp\/v2\/types\/product"}],"replies":[{"embeddable":true,"href":"https:\/\/www.otiumhome.fi\/index.php\/wp-json\/wp\/v2\/comments?post=202776"}],"wp:featuredmedia":[{"embeddable":true,"href":"https:\/\/www.otiumhome.fi\/index.php\/wp-json\/"}],"wp:attachment":[{"href":"https:\/\/www.otiumhome.fi\/index.php\/wp-json\/wp\/v2\/media?parent=202776"}],"wp:term":[{"taxonomy":"product_brand","embeddable":true,"href":"https:\/\/www.otiumhome.fi\/index.php\/wp-json\/wp\/v2\/product_brand?post=202776"},{"taxonomy":"product_cat","embeddable":true,"href":"https:\/\/www.otiumhome.fi\/index.php\/wp-json\/wp\/v2\/product_cat?post=202776"},{"taxonomy":"product_tag","embeddable":true,"href":"https:\/\/www.otiumhome.fi\/index.php\/wp-json\/wp\/v2\/product_tag?post=202776"}],"curies":[{"name":"wp","href":"https:\/\/api.w.org\/{rel}","templated":true}]}}