{"id":202758,"date":"2026-01-03T22:47:45","date_gmt":"2026-01-03T22:47:45","guid":{"rendered":"https:\/\/www.otiumhome.fi\/?p=202758"},"modified":"2026-01-13T16:36:15","modified_gmt":"2026-01-13T16:36:15","slug":"ruokatuolit-2-pcs-luonnollinen-50-x-525-x-91-cm","status":"publish","type":"product","link":"https:\/\/www.otiumhome.fi\/index.php\/tuote\/ruokatuolit-2-pcs-luonnollinen-50-x-525-x-91-cm\/","title":{"rendered":"Ruokatuolit 2 pcs Luonnollinen 50 x 52,5 x 91 cm"},"content":{"rendered":"<p>N\u00e4m\u00e4 keitti\u00f6n ruokatuolit yhdist\u00e4\u00e4 tyylikk\u00e4\u00e4sti yksinkertaisuuden ja k\u00e4yt\u00e4nn\u00f6llisyyden, ideaalit ratkaisut mihin tahansa moderniin ruokasaliin. Niiden selke\u00e4t linjat ja minimalistinen muotoilu t\u00e4ydent\u00e4\u00e4 hienosti tiloja, joissa arvostetaan hillitty\u00e4 mutta tyylik\u00e4st\u00e4 ilmett\u00e4. N\u00e4m\u00e4 tuolit tarjoavat sek\u00e4 visuaalista vieh\u00e4tysvoimaa ett\u00e4 mukavuutta, kutsuen sinut nauttimaan aterioista perheen tai yst\u00e4vien kanssa. Niiden moderni design tuo harmonista ilmett\u00e4 niin rentoihin kuin virallisiin ruokailutilanteisiin.<\/p>\n<ul>\n<li><b>Kest\u00e4vi\u00e4 materiaaleja:<\/b> T\u00e4yskumipuukonstruktiolla varustetut tuolit tarjoavat tukevan istuimen, joka kest\u00e4\u00e4 jokap\u00e4iv\u00e4ist\u00e4 k\u00e4ytt\u00f6\u00e4. Laadukas puu on valittu kest\u00e4vyytens\u00e4 vuoksi, luoden tuolin, joka pit\u00e4\u00e4 ilmeens\u00e4 ja toimintonsa pitk\u00e4\u00e4n. Ajattomat materiaalit sulautuu hyvin erilaisiin sisustustyyleihin, korostaen luonnollisia s\u00e4vyj\u00e4 ja rikastuttaen ruokailukokemusta.<\/li>\n<li><b>Puhdaslinjainen muotoilu:<\/b> Modernilla copiesn hengell\u00e4, yksinkertaisilla neli\u00f6jaloilla, jotka lis\u00e4\u00e4v\u00e4t tuolin puhtaaseen ja minimalistiseen ilmeeseen. Hienostunut muotoilu tuo esiin kauneuden, kun muoto t\u00e4ytt\u00e4\u00e4 teht\u00e4v\u00e4n, tuoden vakautta ja tukea ilman tarpeettomia koristeita. T\u00e4m\u00e4 tekee siit\u00e4 ihanteellisen moderniin ruokailutilaan.<\/li>\n<li><b>Toiminnallinen design:<\/b> Erityisesti ruokailua varten suunniteltu, n\u00e4m\u00e4 tuolit tarjoavat mukautuvan ja tyylikk\u00e4\u00e4n selk\u00e4nojan, joka pit\u00e4\u00e4 sinut mukavana aterioiden, kokoontumisten tai pitkien keskustelujen aikana. Niiden muotoilu priorisoi mukavuutta ilman, ett\u00e4 visuaalinen vieh\u00e4tys k\u00e4rsii, todistaen ett\u00e4 k\u00e4yt\u00e4nn\u00f6llisyys voi kokea koostuvan tyylin kanssa.<\/li>\n<li><b>Monik\u00e4ytt\u00f6inen ruokailuratkaisu:<\/b> H\u00e4rm\u00e4 pyreill\u00e4\u00e4n, n\u00e4m\u00e4 ruokatuolit ovat sopeutuvia erilaiseen k\u00e4ytt\u00f6\u00f6n, keitti\u00f6ist\u00e4 ruokasaliin, tyydytt\u00e4en kaikki tarpeet p\u00e4ivitt\u00e4isest\u00e4 ruokailusta juhliin tai aamupalalle.<\/li>\n<li><b>Helppo hoito:<\/b> Jotta tuolit pysyv\u00e4t hyv\u00e4nn\u00e4k\u00f6isin\u00e4, riitt\u00e4\u00e4, ett\u00e4 pyyhit ne vain kostealla liinalla. Yksinkertainen hoitorutiini pit\u00e4\u00e4 ne hyv\u00e4ss\u00e4 kunnossa ja niiden kiilto s\u00e4ilyy, niin ett\u00e4 ne ovat olennainen osa ruokailutilaasi viel\u00e4 vuosia eteenp\u00e4in.<\/li>\n<\/ul>\n<p><strong>T\u00e4rke\u00e4\u00e4 tiet\u00e4\u00e4:<\/strong><\/p>\n<ul>\n<li>Enimm\u00e4ispaino 110 kg per paikka.<\/li>\n<\/ul>\n<ul>\n<li>V\u00e4ri: Luonnollinen<\/li>\n<li>Materiaali: Kest\u00e4v\u00e4 kumipuinen<\/li>\n<li>Kehysmateriaali: T\u00e4ysi kumipuu<\/li>\n<li>Jalat materiaali: T\u00e4ysi kumipuu<\/li>\n<li>Yleiset mitat: 50 x 52,5 x 91 cm (P x L x K)<\/li>\n<li>Enimm\u00e4ispaino: 110 kg per istuin<\/li>\n<li>Kest\u00e4v\u00e4<\/li>\n<li>Kokoonpano vaaditaan: Kyll\u00e4<\/li>\n<li>Toimitus-:<\/li>\n<li>2 x Ruokailutuolia<\/li>\n<\/ul>\n","protected":false},"excerpt":{"rendered":"<ul>\n<li>V\u00e4ri: Luonnollinen<\/li>\n<li>Materiaali: Kest\u00e4v\u00e4 kumipuinen<\/li>\n<li>Kehysmateriaali: T\u00e4ysi kumipuu<\/li>\n<li>Jalat materiaali: T\u00e4ysi kumipuu<\/li>\n<li>Yleiset mitat: 50 x 52,5 x 91 cm (P x L x K)<\/li>\n<li>Enimm\u00e4ispaino: 110 kg per istuin<\/li>\n<li>Kest\u00e4v\u00e4<\/li>\n<li>Kokoonpano vaaditaan: Kyll\u00e4<\/li>\n<li>Toimitus-:<\/li>\n<li>2 x Ruokailutuolia<\/li>\n<\/ul>\n","protected":false},"featured_media":100000202758,"comment_status":"closed","ping_status":"closed","template":"","meta":[],"product_brand":[],"product_cat":[84,8542],"product_tag":[],"class_list":{"0":"post-202758","1":"product","2":"type-product","3":"status-publish","4":"has-post-thumbnail","6":"product_cat-huonekalut","7":"product_cat-keittion-ruokapoydan-tuolit","9":"first","10":"instock","11":"taxable","12":"shipping-taxable","13":"purchasable","14":"product-type-simple"},"_links":{"self":[{"href":"https:\/\/www.otiumhome.fi\/index.php\/wp-json\/wp\/v2\/product\/202758","targetHints":{"allow":["GET"]}}],"collection":[{"href":"https:\/\/www.otiumhome.fi\/index.php\/wp-json\/wp\/v2\/product"}],"about":[{"href":"https:\/\/www.otiumhome.fi\/index.php\/wp-json\/wp\/v2\/types\/product"}],"replies":[{"embeddable":true,"href":"https:\/\/www.otiumhome.fi\/index.php\/wp-json\/wp\/v2\/comments?post=202758"}],"wp:featuredmedia":[{"embeddable":true,"href":"https:\/\/www.otiumhome.fi\/index.php\/wp-json\/"}],"wp:attachment":[{"href":"https:\/\/www.otiumhome.fi\/index.php\/wp-json\/wp\/v2\/media?parent=202758"}],"wp:term":[{"taxonomy":"product_brand","embeddable":true,"href":"https:\/\/www.otiumhome.fi\/index.php\/wp-json\/wp\/v2\/product_brand?post=202758"},{"taxonomy":"product_cat","embeddable":true,"href":"https:\/\/www.otiumhome.fi\/index.php\/wp-json\/wp\/v2\/product_cat?post=202758"},{"taxonomy":"product_tag","embeddable":true,"href":"https:\/\/www.otiumhome.fi\/index.php\/wp-json\/wp\/v2\/product_tag?post=202758"}],"curies":[{"name":"wp","href":"https:\/\/api.w.org\/{rel}","templated":true}]}}