{"id":202546,"date":"2026-01-01T15:57:32","date_gmt":"2026-01-01T15:57:32","guid":{"rendered":"https:\/\/www.otiumhome.fi\/?p=202546"},"modified":"2026-01-13T14:09:55","modified_gmt":"2026-01-13T14:09:55","slug":"yksityisyysnaytto-ruskea-79-5-x-50-x-150-cm-taysi-akaasiapuu","status":"publish","type":"product","link":"https:\/\/www.otiumhome.fi\/index.php\/tuote\/yksityisyysnaytto-ruskea-79-5-x-50-x-150-cm-taysi-akaasiapuu\/","title":{"rendered":"Yksityisyysn\u00e4ytt\u00f6 Ruskea 79.5 x 50 x 150 cm T\u00e4ysi Akaasiapuu"},"content":{"rendered":"<p>T\u00e4m\u00e4 akaasiapuu yksityisyysn\u00e4ytt\u00f6 istuu tyylikk\u00e4\u00e4sti sek\u00e4 sis\u00e4- ett\u00e4 ulkotiloissa, tarjoten loistokkaan tavan jakaa tiloja helposti. Sen moderni muotoilu, jossa on selke\u00e4t linjat ja minimaalinen koristelu, tekee siit\u00e4 loistavan lis\u00e4n olohuoneisiin, puutarhoihin ja terasseihin. Rikas ruskea s\u00e4vy tuo rentouttavaa l\u00e4mp\u00f6\u00e4 ja istuu hyvin erilaisiin sisustustyyleihin, luoden rauhallisen ja kutsuvan tunnelman miss\u00e4\u00e4n se on.<\/p>\n<ul>\n<li><b>Materiaalin laatu:<\/b> T\u00e4m\u00e4 yksityisyysn\u00e4ytt\u00f6 on tehty t\u00e4ysist\u00e4 akaasiapuun paloista ja n\u00e4ytt\u00e4\u00e4 upealta, samalla kun se my\u00f6s kest\u00e4\u00e4 k\u00e4yt\u00f6ss\u00e4. Akaasiapuu on tunnettu kest\u00e4vyydest\u00e4\u00e4n, joten se ei kulu helposti. Luonnollinen puupinta tuo esiin kauneuden ja suojaa s\u00e4\u00e4lt\u00e4, mik\u00e4 takaa pitk\u00e4ik\u00e4isyyden ulkok\u00e4yt\u00f6ss\u00e4.<\/li>\n<li><b>Toiminnallinen muotoilu:<\/b> N\u00e4yt\u00f6n suorakaiteen muotoinen muotoilu ja taittuvat ominaisuudet antaa joustavuutta tilank\u00e4ytt\u00f6\u00f6n. Tarvitsetko vain eristyst\u00e4 huoneessa vai lis\u00e4\u00e4 yksityisyytt\u00e4 terassilla? T\u00e4m\u00e4 monipuolinen malli kattaa tarpeesi tyylill\u00e4. Sen \u00f6ljyk\u00e4sitelty pinta tuo lis\u00e4arvoa, parantaen sen moderneja muotoja.<\/li>\n<li><b>Monipuolinen k\u00e4ytt\u00f6:<\/b> T\u00e4m\u00e4 yksityisyysn\u00e4ytt\u00f6 toimii mihin tahansa ymp\u00e4rist\u00f6\u00f6n, sis\u00e4ll\u00e4 tai ulkona. Tarvitsetko suojaa puutarhajuhlissa tai haluatko luoda rauhallisen lukualueen olohuoneessa? Sen mukautuva muotoilu sulautuu eri ymp\u00e4rist\u00f6ihin ongelmitta.<\/li>\n<li><b>Helppo kokoaminen:<\/b> Helppok\u00e4ytt\u00f6inen, t\u00e4m\u00e4 n\u00e4ytt\u00f6 vaatii yksinkertaista kokoamista. Kaksi henkil\u00f6\u00e4 riitt\u00e4\u00e4 ja tavanomainen ruuvimeisseli, joten voit nopeasti koota sen tilatarpeen mukaan, mik\u00e4 helpottaa ymp\u00e4rist\u00f6n j\u00e4rjestely\u00e4.<\/li>\n<li><b>Luonnollinen tuoksu:<\/b> Akaasiapuun hienovarainen puun tuoksu tuo mukavan lis\u00e4n tilaan. Sen pehme\u00e4 tuoksu luo rauhoittavaa tunnelmaa sis\u00e4tiloissa. T\u00e4m\u00e4 luonnollinen aromi on huomaamaton, mutta lis\u00e4\u00e4 kokonaisvaltasta aistiel\u00e4myst\u00e4.<\/li>\n<\/ul>\n<ul>\n<li>V\u00e4ri: Ruskea<\/li>\n<li>Materiaali: T\u00e4ysi akaasiapuu<\/li>\n<li>Yleiset mitat: 79.5 x 50 x 150 cm (P x L x K)<\/li>\n<li>Paino: 11 kg<\/li>\n<li>Kest\u00e4v\u00e4<\/li>\n<li>Sis\u00e4- \/ ulkotiloissa: Sis\u00e4lle &amp; ulos<\/li>\n<li>Toimitus-:<\/li>\n<li>1 x Yksityisyysn\u00e4ytt\u00f6<\/li>\n<li>Kohteiden m\u00e4\u00e4r\u00e4: 1<\/li>\n<li>Kokoonpano vaaditaan: Kyll\u00e4<\/li>\n<\/ul>\n","protected":false},"excerpt":{"rendered":"<ul>\n<li>V\u00e4ri: Ruskea<\/li>\n<li>Materiaali: T\u00e4ysi akaasiapuu<\/li>\n<li>Yleiset mitat: 79.5 x 50 x 150 cm (P x L x K)<\/li>\n<li>Paino: 11 kg<\/li>\n<li>Kest\u00e4v\u00e4<\/li>\n<li>Sis\u00e4- \/ ulkotiloissa: Sis\u00e4lle &amp; ulos<\/li>\n<li>Toimitus-:<\/li>\n<li>1 x Yksityisyysn\u00e4ytt\u00f6<\/li>\n<li>Kohteiden m\u00e4\u00e4r\u00e4: 1<\/li>\n<li>Kokoonpano vaaditaan: Kyll\u00e4<\/li>\n<\/ul>\n","protected":false},"featured_media":100000202546,"comment_status":"closed","ping_status":"closed","template":"","meta":[],"product_brand":[],"product_cat":[84],"product_tag":[],"class_list":{"0":"post-202546","1":"product","2":"type-product","3":"status-publish","4":"has-post-thumbnail","6":"product_cat-huonekalut","8":"first","9":"instock","10":"taxable","11":"shipping-taxable","12":"purchasable","13":"product-type-simple"},"_links":{"self":[{"href":"https:\/\/www.otiumhome.fi\/index.php\/wp-json\/wp\/v2\/product\/202546","targetHints":{"allow":["GET"]}}],"collection":[{"href":"https:\/\/www.otiumhome.fi\/index.php\/wp-json\/wp\/v2\/product"}],"about":[{"href":"https:\/\/www.otiumhome.fi\/index.php\/wp-json\/wp\/v2\/types\/product"}],"replies":[{"embeddable":true,"href":"https:\/\/www.otiumhome.fi\/index.php\/wp-json\/wp\/v2\/comments?post=202546"}],"wp:featuredmedia":[{"embeddable":true,"href":"https:\/\/www.otiumhome.fi\/index.php\/wp-json\/"}],"wp:attachment":[{"href":"https:\/\/www.otiumhome.fi\/index.php\/wp-json\/wp\/v2\/media?parent=202546"}],"wp:term":[{"taxonomy":"product_brand","embeddable":true,"href":"https:\/\/www.otiumhome.fi\/index.php\/wp-json\/wp\/v2\/product_brand?post=202546"},{"taxonomy":"product_cat","embeddable":true,"href":"https:\/\/www.otiumhome.fi\/index.php\/wp-json\/wp\/v2\/product_cat?post=202546"},{"taxonomy":"product_tag","embeddable":true,"href":"https:\/\/www.otiumhome.fi\/index.php\/wp-json\/wp\/v2\/product_tag?post=202546"}],"curies":[{"name":"wp","href":"https:\/\/api.w.org\/{rel}","templated":true}]}}