{"id":202302,"date":"2025-12-30T00:11:59","date_gmt":"2025-12-30T00:11:59","guid":{"rendered":"https:\/\/www.otiumhome.fi\/?p=202302"},"modified":"2026-01-13T14:09:41","modified_gmt":"2026-01-13T14:09:41","slug":"baaripoyta-kiintea-mangopuu-60x76-110-cm","status":"publish","type":"product","link":"https:\/\/www.otiumhome.fi\/index.php\/tuote\/baaripoyta-kiintea-mangopuu-60x76-110-cm\/","title":{"rendered":"Baarip\u00f6yt\u00e4 kiinte\u00e4 mangopuu 60x(76-110) cm"},"content":{"rendered":"<p>T\u00e4m\u00e4 puusta valmistettu baarip\u00f6yt\u00e4 tulee olemaan upea lis\u00e4 keitti\u00f6si tai ruokailutilasi sisustukseen.<\/p>\n<\/p>\n<p>Baarip\u00f6yt\u00e4 on tehty kiinte\u00e4st\u00e4 mangopuusta ja vankasta ter\u00e4srungosta, joka erityisen kest\u00e4v\u00e4 ja j\u00e4m\u00e4kk\u00e4. P\u00f6yd\u00e4n korkeus on s\u00e4\u00e4dett\u00e4viss\u00e4 sopivalle korkeudelle. Ter\u00e4srunko antaa p\u00f6yd\u00e4lle vakautta ja teollista tyyli\u00e4. Jokainen ty\u00f6vaihe on tehty erityisell\u00e4 huolella, oli kyseess\u00e4 sitten kiillotus, maalaus tai lakkaus. Kokoaminen on helppoa.<\/p>\n<\/p>\n<p>T\u00e4rke\u00e4 huomio: V\u00e4rit ja pintakuviot saattavat vaihdella kappaleesta toiseen, mik\u00e4 tekee jokaisesta kappaleesta ainutlaatuisen ja hieman erilaisen kuin muut; toimitus on satunnainen.<\/p>\n<ul>\n<li>Materiaali: t\u00e4ysi mangopuu + jauhemaalatut ter\u00e4sjalat<\/li>\n<li>P\u00f6yd\u00e4n mitat: 60 x (76-110) cm (halkaisija x K)<\/li>\n<li>Korkeus s\u00e4\u00e4dett\u00e4viss\u00e4<\/li>\n<li>Hiottu, maalattu ja lakattu<\/li>\n<li>Helppo koota<\/li>\n<\/ul>\n","protected":false},"excerpt":{"rendered":"<ul>\n<li>Materiaali: t\u00e4ysi mangopuu + jauhemaalatut ter\u00e4sjalat<\/li>\n<li>P\u00f6yd\u00e4n mitat: 60 x (76-110) cm (halkaisija x K)<\/li>\n<li>Korkeus s\u00e4\u00e4dett\u00e4viss\u00e4<\/li>\n<li>Hiottu, maalattu ja lakattu<\/li>\n<li>Helppo koota<\/li>\n<\/ul>\n","protected":false},"featured_media":100000202302,"comment_status":"closed","ping_status":"closed","template":"","meta":[],"product_brand":[],"product_cat":[84,8543],"product_tag":[],"class_list":{"0":"post-202302","1":"product","2":"type-product","3":"status-publish","4":"has-post-thumbnail","6":"product_cat-huonekalut","7":"product_cat-keittion-ruokapoydat","9":"first","10":"instock","11":"taxable","12":"shipping-taxable","13":"purchasable","14":"product-type-simple"},"_links":{"self":[{"href":"https:\/\/www.otiumhome.fi\/index.php\/wp-json\/wp\/v2\/product\/202302","targetHints":{"allow":["GET"]}}],"collection":[{"href":"https:\/\/www.otiumhome.fi\/index.php\/wp-json\/wp\/v2\/product"}],"about":[{"href":"https:\/\/www.otiumhome.fi\/index.php\/wp-json\/wp\/v2\/types\/product"}],"replies":[{"embeddable":true,"href":"https:\/\/www.otiumhome.fi\/index.php\/wp-json\/wp\/v2\/comments?post=202302"}],"wp:featuredmedia":[{"embeddable":true,"href":"https:\/\/www.otiumhome.fi\/index.php\/wp-json\/"}],"wp:attachment":[{"href":"https:\/\/www.otiumhome.fi\/index.php\/wp-json\/wp\/v2\/media?parent=202302"}],"wp:term":[{"taxonomy":"product_brand","embeddable":true,"href":"https:\/\/www.otiumhome.fi\/index.php\/wp-json\/wp\/v2\/product_brand?post=202302"},{"taxonomy":"product_cat","embeddable":true,"href":"https:\/\/www.otiumhome.fi\/index.php\/wp-json\/wp\/v2\/product_cat?post=202302"},{"taxonomy":"product_tag","embeddable":true,"href":"https:\/\/www.otiumhome.fi\/index.php\/wp-json\/wp\/v2\/product_tag?post=202302"}],"curies":[{"name":"wp","href":"https:\/\/api.w.org\/{rel}","templated":true}]}}