{"id":201613,"date":"2025-12-26T02:26:35","date_gmt":"2025-12-26T02:26:35","guid":{"rendered":"https:\/\/www.otiumhome.fi\/?p=201613"},"modified":"2026-01-07T22:49:45","modified_gmt":"2026-01-07T22:49:45","slug":"seinahylly-hyllylla-sailytystilassa-2-pcs-musta-24-x-24-x-2-cm","status":"publish","type":"product","link":"https:\/\/www.otiumhome.fi\/index.php\/tuote\/seinahylly-hyllylla-sailytystilassa-2-pcs-musta-24-x-24-x-2-cm\/","title":{"rendered":"Sein\u00e4hylly hyllyll\u00e4 s\u00e4ilytystilassa 2 pcs Musta 24 x 24 x 2 cm"},"content":{"rendered":"<p>T\u00e4m\u00e4 sein\u00e4hylly on minimalistinen ja toimiva s\u00e4ilytysratkaisu, joka sopii t\u00e4ydellisesti kotiisi. Nykyaikainen muotoilu tekee siit\u00e4 erinomaisen lis\u00e4n mihin tahansa huoneeseen, olipa kyseess\u00e4 olohuone, makuuhuone tai ruokailutila. Se on loistava alusta koriste-esineille ja muille t\u00e4rkeille tavaroille, samalla kun se nostaa tilan esteettist\u00e4 arvoa.<\/p>\n<ul>\n<li><b>Sile\u00e4 ter\u00e4ksinen rakenne<\/b> Vankka ja kest\u00e4v\u00e4, t\u00e4m\u00e4 sein\u00e4hylly tuo tyyli\u00e4 ja voimaa mihin tahansa tilaan. Se tukee helposti raskaampia esineit\u00e4 ja lis\u00e4\u00e4 modernia ilmett\u00e4 huoneeseen.<\/li>\n<li><b>Tehokas kulma-asennus<\/b> T\u00e4m\u00e4 hylly on suunniteltu erityisesti kulmatilojen hy\u00f6dynt\u00e4miseen, mik\u00e4 tekee siit\u00e4 t\u00e4ydellisen pieniin huoneisiin. Sen nelj\u00e4nneksen muoto tarkoittaa, ett\u00e4 se voi olla k\u00e4yt\u00e4nn\u00f6ss\u00e4 miss\u00e4 tahansa kulmassa.<\/li>\n<li><b>Sile\u00e4 mattapinta<\/b> Matte pinta ei heijasta valoa ja sulautuu hyvin moderniin tyyliin. Se on my\u00f6s kest\u00e4v\u00e4 naarmuille, joten hylly pysyy kauniina pitk\u00e4\u00e4n.<\/li>\n<li><b>Monipuolinen huoneintegraatio<\/b> T\u00e4ydellinen k\u00e4ytett\u00e4v\u00e4ksi olohuoneissa, keitti\u00f6iss\u00e4, makuuhuoneissa tai ty\u00f6huoneissa. T\u00e4m\u00e4 hylly sopeutuu erilaisiin sisustustyyleihin ja tarpeisiin.<\/li>\n<li><b>Yksinkertainen yll\u00e4pito<\/b> Pyyhkiminen kostealla liinalla riitt\u00e4\u00e4. Helppo puhtaana pit\u00e4minen takaa, ett\u00e4 hylly pysyy luotettavana kumppanina nykyaikaisissa kodeissa.<\/li>\n<\/ul>\n<ul>\n<li>V\u00e4ri: Musta<\/li>\n<li>Viimeistely: Matta<\/li>\n<li>Yleiset mitat: 24 x 24 x 2 cm (P x L x K)<\/li>\n<li>Paino: 1,24 kg<\/li>\n<li>Kest\u00e4v\u00e4<\/li>\n<li>Kest\u00e4v\u00e4 rakenne<\/li>\n<li>Laaja k\u00e4ytt\u00f6mahdollisuus<\/li>\n<li>Tilaa s\u00e4\u00e4st\u00e4v\u00e4<\/li>\n<li>Helppo asentaa<\/li>\n<li>Helppo hoitaa<\/li>\n<li>Sopii kulmille<\/li>\n<li>Mukana 2 sein\u00e4kiinnitetyt hyllyt<\/li>\n<li>Enimm\u00e4ispaino: 10 kg per hylly<\/li>\n<li>Vain sis\u00e4k\u00e4ytt\u00f6\u00f6n<\/li>\n<li>Toimitus-:<\/li>\n<li>2 x Sein\u00e4hylly<\/li>\n<li>Kokoonpano vaaditaan: Kyll\u00e4<\/li>\n<\/ul>\n","protected":false},"excerpt":{"rendered":"<ul>\n<li>V\u00e4ri: Musta<\/li>\n<li>Viimeistely: Matta<\/li>\n<li>Yleiset mitat: 24 x 24 x 2 cm (P x L x K)<\/li>\n<li>Paino: 1,24 kg<\/li>\n<li>Kest\u00e4v\u00e4<\/li>\n<li>Kest\u00e4v\u00e4 rakenne<\/li>\n<li>Laaja k\u00e4ytt\u00f6mahdollisuus<\/li>\n<li>Tilaa s\u00e4\u00e4st\u00e4v\u00e4<\/li>\n<li>Helppo asentaa<\/li>\n<li>Helppo hoitaa<\/li>\n<li>Sopii kulmille<\/li>\n<li>Mukana 2 sein\u00e4kiinnitetyt hyllyt<\/li>\n<li>Enimm\u00e4ispaino: 10 kg per hylly<\/li>\n<li>Vain sis\u00e4k\u00e4ytt\u00f6\u00f6n<\/li>\n<li>Toimitus-:<\/li>\n<li>2 x Sein\u00e4hylly<\/li>\n<li>Kokoonpano vaaditaan: Kyll\u00e4<\/li>\n<\/ul>\n","protected":false},"featured_media":100000201613,"comment_status":"closed","ping_status":"closed","template":"","meta":[],"product_brand":[],"product_cat":[84,8634],"product_tag":[],"class_list":{"0":"post-201613","1":"product","2":"type-product","3":"status-publish","4":"has-post-thumbnail","6":"product_cat-huonekalut","7":"product_cat-seinahyllyt","9":"first","10":"instock","11":"taxable","12":"shipping-taxable","13":"purchasable","14":"product-type-simple"},"_links":{"self":[{"href":"https:\/\/www.otiumhome.fi\/index.php\/wp-json\/wp\/v2\/product\/201613","targetHints":{"allow":["GET"]}}],"collection":[{"href":"https:\/\/www.otiumhome.fi\/index.php\/wp-json\/wp\/v2\/product"}],"about":[{"href":"https:\/\/www.otiumhome.fi\/index.php\/wp-json\/wp\/v2\/types\/product"}],"replies":[{"embeddable":true,"href":"https:\/\/www.otiumhome.fi\/index.php\/wp-json\/wp\/v2\/comments?post=201613"}],"wp:featuredmedia":[{"embeddable":true,"href":"https:\/\/www.otiumhome.fi\/index.php\/wp-json\/"}],"wp:attachment":[{"href":"https:\/\/www.otiumhome.fi\/index.php\/wp-json\/wp\/v2\/media?parent=201613"}],"wp:term":[{"taxonomy":"product_brand","embeddable":true,"href":"https:\/\/www.otiumhome.fi\/index.php\/wp-json\/wp\/v2\/product_brand?post=201613"},{"taxonomy":"product_cat","embeddable":true,"href":"https:\/\/www.otiumhome.fi\/index.php\/wp-json\/wp\/v2\/product_cat?post=201613"},{"taxonomy":"product_tag","embeddable":true,"href":"https:\/\/www.otiumhome.fi\/index.php\/wp-json\/wp\/v2\/product_tag?post=201613"}],"curies":[{"name":"wp","href":"https:\/\/api.w.org\/{rel}","templated":true}]}}