{"id":201604,"date":"2025-12-26T01:33:47","date_gmt":"2025-12-26T01:33:47","guid":{"rendered":"https:\/\/www.otiumhome.fi\/?p=201604"},"modified":"2025-12-26T08:00:55","modified_gmt":"2025-12-26T08:00:55","slug":"tyyny-musta-50-x-50-x-30-cm","status":"publish","type":"product","link":"https:\/\/www.otiumhome.fi\/index.php\/tuote\/tyyny-musta-50-x-50-x-30-cm\/","title":{"rendered":"Tyyny Musta 50 x 50 x 30 cm"},"content":{"rendered":"<p>T\u00e4m\u00e4 Moderni Pouffe on pieni, mutta eritt\u00e4in mukava istuin, jonka pehme\u00e4 puuvillapinta takaa erinomaisen k\u00e4ytt\u00f6mukavuuden. Sen tyylik\u00e4s muotoilu, joka huokuu puhtaita linjoja ja hillitty\u00e4 koristelua, toimii t\u00e4ydellisen\u00e4 lis\u00e4n\u00e4 mihin tahansa olohuonekokonaisuuteen, lis\u00e4ten ripauksen eleganssia. Mukava materiaali kutsuu rentoutumaan, ja se sopii mainiosti jalkatueksi tai ylim\u00e4\u00e4r\u00e4iseksi istuimeksi kokoontumisten aikana.<\/p>\n<ul>\n<li><b>Suorakaiteen muoto:<\/b> T\u00e4m\u00e4 pouffe on muotoiltu suorakaiteen muotoiseksi, joten se integroituu helposti niin ahtaisiin kuin avariinkin olohuoneisiin. Monipuolinen muotoilu tekee siit\u00e4 valinnan, joka sopii mainiosti sek\u00e4 kulmaratkaisuihin ett\u00e4 avoimiin tiloihin.<\/li>\n<li><b>Puuvillamateriaali:<\/b> Pehme\u00e4 puuvillapinta tuo l\u00e4mpim\u00e4n fiiliksen, mik\u00e4 tekee siit\u00e4 ihanan kylmin\u00e4 talvikuukausina. Hengitt\u00e4v\u00e4 materiaali on hell\u00e4 iholle, tarjoten mukavuutta ja ripauksen luksusta. T\u00e4m\u00e4 kangasvalinta on loistava rentoutumiseen ja kokoontumisiin.<\/li>\n<li><b>Vain sis\u00e4k\u00e4ytt\u00f6\u00f6n:<\/b> Suunniteltu erityisesti sis\u00e4tiloihin, t\u00e4m\u00e4 pouffe lis\u00e4\u00e4 mukavuutta olohuoneessa. Se luo l\u00e4mpim\u00e4n tunnelman, joka houkuttelee nauttimaan illasta kirjojen tai lempisarjojen parissa.<\/li>\n<li><b>Kokoamista ei vaadita:<\/b> T\u00e4m\u00e4 pouffe tulee valmiina k\u00e4ytett\u00e4v\u00e4ksi, eik\u00e4 se kaipaa lis\u00e4asetuksia. Esikootun muotoilunsa ansiosta voit k\u00e4ytt\u00e4\u00e4 sit\u00e4 heti ilman, ett\u00e4 sinun tarvitsee kulkea l\u00e4pi monimutkaisten ohjeiden. Nyt voit vain rentoutua tai viihdytt\u00e4\u00e4 vieraitasi.<\/li>\n<li><b>Helppohoito:<\/b> Pouffen puhtaana pit\u00e4minen on superhelppoa, sill\u00e4 sen kangas on helppohoitoinen. Nopealla kuivalla liinalla pyyhkiminen riitt\u00e4\u00e4 huolenpitoon, mik\u00e4 tuo k\u00e4yt\u00e4nn\u00f6llisyytt\u00e4 kiireiseen arkeen.<\/li>\n<\/ul>\n<ul>\n<li>V\u00e4ri: Musta<\/li>\n<li>Yleiset mitat: 50 x 50 x 30 cm (P x L x K)<\/li>\n<li>Paino: 3,75 kg<\/li>\n<li>Kest\u00e4v\u00e4<\/li>\n<li>Vain sis\u00e4k\u00e4ytt\u00f6\u00f6n<\/li>\n<li>Toimitus-:<\/li>\n<li>1 x Tyyny<\/li>\n<\/ul>\n","protected":false},"excerpt":{"rendered":"<ul>\n<li>V\u00e4ri: Musta<\/li>\n<li>Yleiset mitat: 50 x 50 x 30 cm (P x L x K)<\/li>\n<li>Paino: 3,75 kg<\/li>\n<li>Kest\u00e4v\u00e4<\/li>\n<li>Vain sis\u00e4k\u00e4ytt\u00f6\u00f6n<\/li>\n<li>Toimitus-:<\/li>\n<li>1 x Tyyny<\/li>\n<\/ul>\n","protected":false},"featured_media":100000201604,"comment_status":"closed","ping_status":"closed","template":"","meta":[],"product_brand":[],"product_cat":[84],"product_tag":[],"class_list":{"0":"post-201604","1":"product","2":"type-product","3":"status-publish","4":"has-post-thumbnail","6":"product_cat-huonekalut","8":"first","9":"instock","10":"taxable","11":"shipping-taxable","12":"purchasable","13":"product-type-simple"},"_links":{"self":[{"href":"https:\/\/www.otiumhome.fi\/index.php\/wp-json\/wp\/v2\/product\/201604","targetHints":{"allow":["GET"]}}],"collection":[{"href":"https:\/\/www.otiumhome.fi\/index.php\/wp-json\/wp\/v2\/product"}],"about":[{"href":"https:\/\/www.otiumhome.fi\/index.php\/wp-json\/wp\/v2\/types\/product"}],"replies":[{"embeddable":true,"href":"https:\/\/www.otiumhome.fi\/index.php\/wp-json\/wp\/v2\/comments?post=201604"}],"wp:featuredmedia":[{"embeddable":true,"href":"https:\/\/www.otiumhome.fi\/index.php\/wp-json\/"}],"wp:attachment":[{"href":"https:\/\/www.otiumhome.fi\/index.php\/wp-json\/wp\/v2\/media?parent=201604"}],"wp:term":[{"taxonomy":"product_brand","embeddable":true,"href":"https:\/\/www.otiumhome.fi\/index.php\/wp-json\/wp\/v2\/product_brand?post=201604"},{"taxonomy":"product_cat","embeddable":true,"href":"https:\/\/www.otiumhome.fi\/index.php\/wp-json\/wp\/v2\/product_cat?post=201604"},{"taxonomy":"product_tag","embeddable":true,"href":"https:\/\/www.otiumhome.fi\/index.php\/wp-json\/wp\/v2\/product_tag?post=201604"}],"curies":[{"name":"wp","href":"https:\/\/api.w.org\/{rel}","templated":true}]}}