{"id":201489,"date":"2025-12-25T19:53:24","date_gmt":"2025-12-25T19:53:24","guid":{"rendered":"https:\/\/www.otiumhome.fi\/?p=201489"},"modified":"2026-01-19T03:18:42","modified_gmt":"2026-01-19T03:18:42","slug":"penkki-luonnollinen-100-x-29-x-435-cm-tiikkipuu","status":"publish","type":"product","link":"https:\/\/www.otiumhome.fi\/index.php\/tuote\/penkki-luonnollinen-100-x-29-x-435-cm-tiikkipuu\/","title":{"rendered":"Penkki Luonnollinen 100 x 29 x 43,5 cm Tiikkipuu"},"content":{"rendered":"<p>T\u00e4\u00e4 t\u00e4ysitiikkinen penkki yhdist\u00e4\u00e4 tosi hyvin retrotyylin ja modernin k\u00e4yt\u00e4nn\u00f6llisyyden, luoden saumattoman kokonaisuuden kotiin ja puutarhaan. Suorakaiteen muotoinen design tekee siit\u00e4 t\u00e4ydellisen lis\u00e4n mihin tahansa parvekkeeseen, puutarhaan tai terassille, tarjoten mukavuutta ja eleganssia. Tiikkipuun luonnollinen syykuvio antaa jokaiselle penkille oman tyylins\u00e4, mik\u00e4 tekee siit\u00e4 todella ainutlaatuisen. Ihan loistava sekunneille tai rauhoittumiseen, sen luonnollinen viimeistely sopii moneen ymp\u00e4rist\u00f6\u00f6n, modernista klassisiin.<\/p>\n<ul>\n<li><b>Materiaalit:<\/b> T\u00e4\u00e4 penkki, joka on valmistettu kokonaan t\u00e4ysist\u00e4 tiikkipuista, tuo esiin puuviilun luonnollisen vieh\u00e4tysvoiman, luoden rustiikkisen mutta pullollaan tyylikkyytt\u00e4. Materiaali tunnetaan sen kest\u00e4vyydest\u00e4, mink\u00e4 takia se sopii ulkok\u00e4ytt\u00f6\u00f6n ymp\u00e4ri vuoden, ja se tuo klassista tyyli\u00e4 sis\u00e4lle.<\/li>\n<li><b>Komponentit:<\/b> Siin\u00e4 on yksinkertainen, tukeva neli\u00f6jalka-muotoilu, joka tarjoaa luotettavuutta ja vakautta erilailla pinnoilla. Design korostaa retrotyyli\u00e4 puhtailla linjoilla ja tukevalla rungolla, joka on supermukava; se on t\u00e4ydellinen istumaan, kasveja pit\u00e4m\u00e4\u00e4n tai lis\u00e4\u00e4m\u00e4\u00e4n visuaalista ulottuvuutta tilaan.<\/li>\n<li><b>Ominaisuudet \/Toiminta \/Suunnittelu:<\/b> Penkin kest\u00e4v\u00e4 rakenne takaa pitk\u00e4ik\u00e4isyyden ja luotettavuuden monissa ymp\u00e4rist\u00f6iss\u00e4. Sen ainutlaatuinen syykuvio tuo siihen luonteenpiirteit\u00e4, kun taas selk\u00e4nojattomuus tarjoaa monipuolisia istumismahdollisuuksia laajoissa puutarhoissa ja tunnelmallisilla parvekkeilla.<\/li>\n<li><b>Suositellut k\u00e4ytt\u00f6tarkoitukset:<\/b> T\u00e4\u00e4 penkki on mahtava sek\u00e4 sis\u00e4ll\u00e4 ett\u00e4 ulkona, voi parantaa monia tiloja, kuten parvekkeet, puutarhat ja terassit. Sen luonnolliset s\u00e4vyt sopeutuu nopeasti erilaisiin sisustuksiin, mink\u00e4 takia se on tosi monik\u00e4ytt\u00f6inen koristeellisiin tai toiminnallisiin tarkoituksiin.<\/li>\n<li><b>Hoito &amp;Yll\u00e4pito:<\/b> Yksinkertaisilla hoito-ohjeilla, v\u00e4lttele liiallista hankaamista tai voimakkaita kemikaaleja s\u00e4ilytt\u00e4\u00e4ksesi sen luonnollisen kauneuden. S\u00e4\u00e4nn\u00f6llinen p\u00f6lynpoisto ja hell\u00e4varainen puhdistus auttaa s\u00e4ilytt\u00e4m\u00e4\u00e4n sen moitteettoman lookin ajan my\u00f6t\u00e4, varmistaen sen jatkuvan vieh\u00e4tyksen.<\/li>\n<\/ul>\n<ul>\n<li>V\u00e4ri: Luonnollinen<\/li>\n<li>Materiaali: Tiikkipuu<\/li>\n<li>Kehysmateriaali: T\u00e4ysi tiikki<\/li>\n<li>Jalat materiaali: T\u00e4ysi tiikki<\/li>\n<li>Yleiset mitat: 100 x 29 x 43,5 cm (P x L x K)<\/li>\n<li>Kest\u00e4v\u00e4<\/li>\n<li>Vakaa ja tukeva rakenne<\/li>\n<li>Luonnollinen ja ainutlaatuinen syy<\/li>\n<li>Helppo koota, puhdistaa ja huoltaa<\/li>\n<li>Kokoonpano vaaditaan: Kyll\u00e4<\/li>\n<li>Toimitus-:<\/li>\n<li>1 x penkki<\/li>\n<\/ul>\n","protected":false},"excerpt":{"rendered":"<ul>\n<li>V\u00e4ri: Luonnollinen<\/li>\n<li>Materiaali: Tiikkipuu<\/li>\n<li>Kehysmateriaali: T\u00e4ysi tiikki<\/li>\n<li>Jalat materiaali: T\u00e4ysi tiikki<\/li>\n<li>Yleiset mitat: 100 x 29 x 43,5 cm (P x L x K)<\/li>\n<li>Kest\u00e4v\u00e4<\/li>\n<li>Vakaa ja tukeva rakenne<\/li>\n<li>Luonnollinen ja ainutlaatuinen syy<\/li>\n<li>Helppo koota, puhdistaa ja huoltaa<\/li>\n<li>Kokoonpano vaaditaan: Kyll\u00e4<\/li>\n<li>Toimitus-:<\/li>\n<li>1 x penkki<\/li>\n<\/ul>\n","protected":false},"featured_media":100000201489,"comment_status":"closed","ping_status":"closed","template":"","meta":[],"product_brand":[],"product_cat":[84],"product_tag":[],"class_list":{"0":"post-201489","1":"product","2":"type-product","3":"status-publish","4":"has-post-thumbnail","6":"product_cat-huonekalut","8":"first","9":"instock","10":"taxable","11":"shipping-taxable","12":"purchasable","13":"product-type-simple"},"_links":{"self":[{"href":"https:\/\/www.otiumhome.fi\/index.php\/wp-json\/wp\/v2\/product\/201489","targetHints":{"allow":["GET"]}}],"collection":[{"href":"https:\/\/www.otiumhome.fi\/index.php\/wp-json\/wp\/v2\/product"}],"about":[{"href":"https:\/\/www.otiumhome.fi\/index.php\/wp-json\/wp\/v2\/types\/product"}],"replies":[{"embeddable":true,"href":"https:\/\/www.otiumhome.fi\/index.php\/wp-json\/wp\/v2\/comments?post=201489"}],"wp:featuredmedia":[{"embeddable":true,"href":"https:\/\/www.otiumhome.fi\/index.php\/wp-json\/"}],"wp:attachment":[{"href":"https:\/\/www.otiumhome.fi\/index.php\/wp-json\/wp\/v2\/media?parent=201489"}],"wp:term":[{"taxonomy":"product_brand","embeddable":true,"href":"https:\/\/www.otiumhome.fi\/index.php\/wp-json\/wp\/v2\/product_brand?post=201489"},{"taxonomy":"product_cat","embeddable":true,"href":"https:\/\/www.otiumhome.fi\/index.php\/wp-json\/wp\/v2\/product_cat?post=201489"},{"taxonomy":"product_tag","embeddable":true,"href":"https:\/\/www.otiumhome.fi\/index.php\/wp-json\/wp\/v2\/product_tag?post=201489"}],"curies":[{"name":"wp","href":"https:\/\/api.w.org\/{rel}","templated":true}]}}