{"id":201241,"date":"2025-12-25T11:35:55","date_gmt":"2025-12-25T11:35:55","guid":{"rendered":"https:\/\/www.otiumhome.fi\/?p=201241"},"modified":"2026-01-02T17:45:49","modified_gmt":"2026-01-02T17:45:49","slug":"pesuallaskaappi-vanha-puu-385-x-41-x-48-cm-tekninen-puu","status":"publish","type":"product","link":"https:\/\/www.otiumhome.fi\/index.php\/tuote\/pesuallaskaappi-vanha-puu-385-x-41-x-48-cm-tekninen-puu\/","title":{"rendered":"Pesuallaskaappi Vanha Puu 38,5 x 41 x 48 cm Tekninen puu"},"content":{"rendered":"<p>T\u00e4m\u00e4 rustiikkinen puinen pesukonse tuo kylpyhuoneeseesi luonnon s\u00e4vyj\u00e4 karun kauniin muotoilunsa ansiosta. Se on suunniteltu optimoimaan sek\u00e4 k\u00e4yt\u00e4nn\u00f6llisyytt\u00e4 ett\u00e4 tyyli\u00e4 ja sopii t\u00e4ydellisesti luonnon teemalla sisustettuihin tiloihin. Sen suorakaiteen muoto tekee siit\u00e4 monik\u00e4ytt\u00f6isen, olipa kylpyhuoneesi tyyli sitten moderni tai perinteinen. Pid\u00e4 kaikki tarvikkeet j\u00e4rjestyksess\u00e4 ja tuo lis\u00e4\u00e4 tyyli\u00e4 p\u00e4ivitt\u00e4isiin rutiineihisi t\u00e4m\u00e4n komeron avulla, joka tuo tilaan k\u00e4ytt\u00f6mukavuutta ja tyylikkyytt\u00e4.<\/p>\n<ul>\n<li><b>Tekninen puu rakenne:<\/b> Kaappi koostuu laadukkaasta teknisest\u00e4 puusta, mik\u00e4 tekee siit\u00e4 kest\u00e4v\u00e4n ja luotettavan. T\u00e4m\u00e4 materiaalivalinta tuo esiin ajattoman tyylin, joka sopii rustiikkiseen ymp\u00e4rist\u00f6\u00f6n. Se on kest\u00e4v\u00e4 kosteudelle ja kulutukselle, joten puinen runko s\u00e4ilyy vahvana k\u00e4yt\u00f6ss\u00e4.<\/li>\n<li><b>Sein\u00e4kiinnitett\u00e4v\u00e4 muotoilu:<\/b> Kaappi on suunniteltu s\u00e4\u00e4st\u00e4m\u00e4\u00e4n tilaa asentamalla se tukevasti sein\u00e4lle. T\u00e4m\u00e4 ei ainoastaan vapauta lattiatilaa, vaan antaa my\u00f6s siistin ja modernin ilmeen, joten se sopii ihanasti ahtaisiin tiloihin.<\/li>\n<li><b>Vaivaton puhdistus:<\/b> Kiitos teknisen puupinnan, kaappi on helppo pit\u00e4\u00e4 puhtaana. Sen pinnat voi pyyhki\u00e4 vaivattomasti kostealla liinalla, niin se pysyy kuin uutena.<\/li>\n<li><b>K\u00e4ytt\u00e4j\u00e4yst\u00e4v\u00e4llinen kokoaminen:<\/b> Kaappi on helppo koota, kunhan vain seuraat valmistajan ohjeita ja k\u00e4yt\u00e4t ruuvimeisseli\u00e4. Kokoaminen onnistuu kahdelta henkil\u00f6lle, joten saat sen varmasti asennettua tukevasti pitk\u00e4aikaista k\u00e4ytt\u00f6\u00e4 varten.<\/li>\n<li><b>Parannetut s\u00e4ilytysominaisuudet:<\/b> Kuulalaakerilla varustetut laatikot takaavat vaivattoman p\u00e4\u00e4syn kaikkiin tavaroihisi. T\u00e4m\u00e4 ominaisuus yhdess\u00e4 runsaiden s\u00e4ilytystilojen kanssa varmistaa, ett\u00e4 kaikki pysyy j\u00e4rjestyksess\u00e4 ja helposti saatavilla.<\/li>\n<\/ul>\n<ul>\n<li>V\u00e4ri: Vanha puu<\/li>\n<li>Materiaali: Tekninen puu<\/li>\n<li>Yleiset mitat: 41 x 38,5 x 48 cm (P x L x K)<\/li>\n<li>Paino: 9,48 kg<\/li>\n<li>Kest\u00e4v\u00e4<\/li>\n<li>Laatikot<\/li>\n<li>Runsaasti s\u00e4ilytystilaa<\/li>\n<li>Helppo puhdistus<\/li>\n<li>Laatikolla<\/li>\n<li>Kehysmateriaali: Tekninen puu<\/li>\n<li>Sis\u00e4- \/ ulkotiloissa: Vain sis\u00e4k\u00e4ytt\u00f6\u00f6n<\/li>\n<li>Toimitus-:<\/li>\n<li>1 x pesukonkaappi<\/li>\n<li>Kokoonpano vaaditaan: Kyll\u00e4<\/li>\n<\/ul>\n","protected":false},"excerpt":{"rendered":"<ul>\n<li>V\u00e4ri: Vanha puu<\/li>\n<li>Materiaali: Tekninen puu<\/li>\n<li>Yleiset mitat: 41 x 38,5 x 48 cm (P x L x K)<\/li>\n<li>Paino: 9,48 kg<\/li>\n<li>Kest\u00e4v\u00e4<\/li>\n<li>Laatikot<\/li>\n<li>Runsaasti s\u00e4ilytystilaa<\/li>\n<li>Helppo puhdistus<\/li>\n<li>Laatikolla<\/li>\n<li>Kehysmateriaali: Tekninen puu<\/li>\n<li>Sis\u00e4- \/ ulkotiloissa: Vain sis\u00e4k\u00e4ytt\u00f6\u00f6n<\/li>\n<li>Toimitus-:<\/li>\n<li>1 x pesukonkaappi<\/li>\n<li>Kokoonpano vaaditaan: Kyll\u00e4<\/li>\n<\/ul>\n","protected":false},"featured_media":100000201241,"comment_status":"closed","ping_status":"closed","template":"","meta":[],"product_brand":[],"product_cat":[84,8561,8562],"product_tag":[],"class_list":{"0":"post-201241","1":"product","2":"type-product","3":"status-publish","4":"has-post-thumbnail","6":"product_cat-huonekalut","7":"product_cat-kampauspoydat","8":"product_cat-kylpyhuoneen-kampauspoydat","10":"first","11":"instock","12":"taxable","13":"shipping-taxable","14":"purchasable","15":"product-type-simple"},"_links":{"self":[{"href":"https:\/\/www.otiumhome.fi\/index.php\/wp-json\/wp\/v2\/product\/201241","targetHints":{"allow":["GET"]}}],"collection":[{"href":"https:\/\/www.otiumhome.fi\/index.php\/wp-json\/wp\/v2\/product"}],"about":[{"href":"https:\/\/www.otiumhome.fi\/index.php\/wp-json\/wp\/v2\/types\/product"}],"replies":[{"embeddable":true,"href":"https:\/\/www.otiumhome.fi\/index.php\/wp-json\/wp\/v2\/comments?post=201241"}],"wp:featuredmedia":[{"embeddable":true,"href":"https:\/\/www.otiumhome.fi\/index.php\/wp-json\/"}],"wp:attachment":[{"href":"https:\/\/www.otiumhome.fi\/index.php\/wp-json\/wp\/v2\/media?parent=201241"}],"wp:term":[{"taxonomy":"product_brand","embeddable":true,"href":"https:\/\/www.otiumhome.fi\/index.php\/wp-json\/wp\/v2\/product_brand?post=201241"},{"taxonomy":"product_cat","embeddable":true,"href":"https:\/\/www.otiumhome.fi\/index.php\/wp-json\/wp\/v2\/product_cat?post=201241"},{"taxonomy":"product_tag","embeddable":true,"href":"https:\/\/www.otiumhome.fi\/index.php\/wp-json\/wp\/v2\/product_tag?post=201241"}],"curies":[{"name":"wp","href":"https:\/\/api.w.org\/{rel}","templated":true}]}}