{"id":201233,"date":"2025-12-25T11:35:51","date_gmt":"2025-12-25T11:35:51","guid":{"rendered":"https:\/\/www.otiumhome.fi\/?p=201233"},"modified":"2026-01-06T07:12:39","modified_gmt":"2026-01-06T07:12:39","slug":"kylpyhuoneen-kaappisetti-tulum-artisan-tammi-37-x-315-x-203-cm","status":"publish","type":"product","link":"https:\/\/www.otiumhome.fi\/index.php\/tuote\/kylpyhuoneen-kaappisetti-tulum-artisan-tammi-37-x-315-x-203-cm\/","title":{"rendered":"Kylpyhuoneen kaappisetti TULUM Artisan tammi 37 x 31,5 x 203 cm"},"content":{"rendered":"<p>T\u00e4m\u00e4 moderni kylpyhuonekaappisarja tuo kylpyhuoneeseesi tyylik\u00e4st\u00e4 ja selke\u00e4\u00e4 ilmett\u00e4. Se on suunniteltu yhdist\u00e4m\u00e4\u00e4n toiminnallisuus ja tyyli, hy\u00f6dynn\u00e4en teknist\u00e4 puuta kest\u00e4viin ja vakaisiin s\u00e4ilytysratkaisuihin. Kaappisarja sopii erinomaisesti eri ymp\u00e4rist\u00f6ihin ja tarjoaa runsaasti tilaa perustarvikkeiden s\u00e4ilytt\u00e4miseen. Sile\u00e4 ja matta viimeistely lis\u00e4\u00e4 eleganssia, ja kaappi toimii t\u00e4ydellisesti kaiken kokoisissa ja tyyppisiss\u00e4 kylpyhuoneissa.<\/p>\n<ul>\n<li><b>Tekninen puu<\/b> T\u00e4m\u00e4 kaappisarja on tehty teknisest\u00e4 puusta, joka takaa kest\u00e4vyyden ja pitk\u00e4ik\u00e4isyyden. Sile\u00e4pintainen rakenne tuo kaappeihin hienostuneen ilmeen ja varmistaa, ett\u00e4 ne pysyv\u00e4t kunnossa pitk\u00e4\u00e4n.<\/li>\n<li><b>Runsas s\u00e4ilytyskapasiteetti<\/b> Sarjassa on avarat lokeroita, joissa voit j\u00e4rjest\u00e4\u00e4 kylpyhuoneen tarpeita, kuten pyyhkeit\u00e4 ja hygieniatuotteita. N\u00e4in saat nopean ja k\u00e4tev\u00e4n p\u00e4\u00e4syn tavaroihin, pit\u00e4en tilasi siistin\u00e4 ja j\u00e4rjestettyn\u00e4.<\/li>\n<li><b>Matta viimeistely<\/b> Kaapilta modernin mattapintaisuuden ansiosta se tuo mukanaan ajattoman ja tyylikk\u00e4\u00e4n ilmeen. T\u00e4m\u00e4 viimeistely korostaa designia, sopien saumattomasti erilaisiin kylpyhuonekoristeisiin.<\/li>\n<li><b>Yksinkertaiset hoito-ohjeet<\/b> Kaappisarjan yll\u00e4pito on todella helppoa; puhtaanapitoon tarvitaan vain kostea liina. T\u00e4m\u00e4 tekee kaapin hoitamisesta vaivatonta ja takaa sen pysyv\u00e4n kauniina pitk\u00e4\u00e4n.<\/li>\n<li><b>Kokoaminen vaaditaan<\/b> Kaappisarja tarvitsee kahden henkil\u00f6n apua kokoamisessa ja ruuvimeisselin. T\u00e4m\u00e4 prosessi on helppo ja herkullinen, ja mahdollistaa uuden kaappisarjan asentamisen tehokkaasti.<\/li>\n<\/ul>\n<ul>\n<li>V\u00e4ri: Artisan tammi<\/li>\n<li>Materiaali: Tekninen puu<\/li>\n<li>Viimeistely: Matta<\/li>\n<li>Yleiset mitat: 37 x 31,5 x 203 cm (P x L x K)<\/li>\n<li>Paino: 28,09 kg<\/li>\n<li>Kest\u00e4v\u00e4<\/li>\n<li>Runsaasti s\u00e4ilytystilaa<\/li>\n<li>Vain sis\u00e4k\u00e4ytt\u00f6\u00f6n<\/li>\n<li>Toimitus-:<\/li>\n<li>1 x Korkea kaappi<\/li>\n<li>Kokoonpano vaaditaan: Kyll\u00e4<\/li>\n<li>Alueen nimi: Tulum<\/li>\n<\/ul>\n","protected":false},"excerpt":{"rendered":"<ul>\n<li>V\u00e4ri: Artisan tammi<\/li>\n<li>Materiaali: Tekninen puu<\/li>\n<li>Viimeistely: Matta<\/li>\n<li>Yleiset mitat: 37 x 31,5 x 203 cm (P x L x K)<\/li>\n<li>Paino: 28,09 kg<\/li>\n<li>Kest\u00e4v\u00e4<\/li>\n<li>Runsaasti s\u00e4ilytystilaa<\/li>\n<li>Vain sis\u00e4k\u00e4ytt\u00f6\u00f6n<\/li>\n<li>Toimitus-:<\/li>\n<li>1 x Korkea kaappi<\/li>\n<li>Kokoonpano vaaditaan: Kyll\u00e4<\/li>\n<li>Alueen nimi: Tulum<\/li>\n<\/ul>\n","protected":false},"featured_media":100000201233,"comment_status":"closed","ping_status":"closed","template":"","meta":[],"product_brand":[],"product_cat":[84,8561,8562],"product_tag":[],"class_list":{"0":"post-201233","1":"product","2":"type-product","3":"status-publish","4":"has-post-thumbnail","6":"product_cat-huonekalut","7":"product_cat-kampauspoydat","8":"product_cat-kylpyhuoneen-kampauspoydat","10":"first","11":"instock","12":"taxable","13":"shipping-taxable","14":"purchasable","15":"product-type-simple"},"_links":{"self":[{"href":"https:\/\/www.otiumhome.fi\/index.php\/wp-json\/wp\/v2\/product\/201233","targetHints":{"allow":["GET"]}}],"collection":[{"href":"https:\/\/www.otiumhome.fi\/index.php\/wp-json\/wp\/v2\/product"}],"about":[{"href":"https:\/\/www.otiumhome.fi\/index.php\/wp-json\/wp\/v2\/types\/product"}],"replies":[{"embeddable":true,"href":"https:\/\/www.otiumhome.fi\/index.php\/wp-json\/wp\/v2\/comments?post=201233"}],"wp:featuredmedia":[{"embeddable":true,"href":"https:\/\/www.otiumhome.fi\/index.php\/wp-json\/"}],"wp:attachment":[{"href":"https:\/\/www.otiumhome.fi\/index.php\/wp-json\/wp\/v2\/media?parent=201233"}],"wp:term":[{"taxonomy":"product_brand","embeddable":true,"href":"https:\/\/www.otiumhome.fi\/index.php\/wp-json\/wp\/v2\/product_brand?post=201233"},{"taxonomy":"product_cat","embeddable":true,"href":"https:\/\/www.otiumhome.fi\/index.php\/wp-json\/wp\/v2\/product_cat?post=201233"},{"taxonomy":"product_tag","embeddable":true,"href":"https:\/\/www.otiumhome.fi\/index.php\/wp-json\/wp\/v2\/product_tag?post=201233"}],"curies":[{"name":"wp","href":"https:\/\/api.w.org\/{rel}","templated":true}]}}