{"id":201192,"date":"2025-12-25T10:45:38","date_gmt":"2025-12-25T10:45:38","guid":{"rendered":"https:\/\/www.otiumhome.fi\/?p=201192"},"modified":"2026-01-02T16:37:30","modified_gmt":"2026-01-02T16:37:30","slug":"peilikaappi-artisan-tammi-60-x-315-x-62-cm-tekninen-puu","status":"publish","type":"product","link":"https:\/\/www.otiumhome.fi\/index.php\/tuote\/peilikaappi-artisan-tammi-60-x-315-x-62-cm-tekninen-puu\/","title":{"rendered":"Peilikaappi Artisan tammi 60 x 31,5 x 62 cm Tekninen puu"},"content":{"rendered":"<p>T\u00e4m\u00e4 Led Peilikaappi on moderni ja tyylik\u00e4s s\u00e4ilytysratkaisu kylpyhuoneisiin. Suorakulmainen muoto ja sein\u00e4kiinnitys tekev\u00e4t siit\u00e4 erottuvan. Techninen puu yhdist\u00e4\u00e4 k\u00e4yt\u00e4nn\u00f6llisyyden ja hyv\u00e4n ulkon\u00e4\u00f6n, t\u00e4ydent\u00e4en nykyaikaista sisustusta. Sis\u00e4\u00e4nrakennettu valaistus ja fiksut hyllyt maksimoivat tilank\u00e4yt\u00f6n arkip\u00e4iv\u00e4n tarpeille.<\/p>\n<ul>\n<li><b>Materiaalit:<\/b> Kest\u00e4v\u00e4 tekninen puu tekee peilikaapista visuaalisesti miellytt\u00e4v\u00e4n ja moderniin sisustukseen hyvin sopivan. Puun laatu takaa, ett\u00e4 kaappi kest\u00e4\u00e4 p\u00e4ivitt\u00e4iset kylpyhuonetarpeet.<\/li>\n<li><b>Mukana tulevat osat:<\/b> Hyllyt tarjoavat riitt\u00e4v\u00e4sti tilaa kylpyhuoneen tavaroille. Integroitu peilivalaistus parantaa n\u00e4kyvyytt\u00e4, ja sile\u00e4 takapinta piilottaa rumat kiinnitykset, tehden siit\u00e4 t\u00e4ydellisen osan tyylik\u00e4st\u00e4 sisustusta.<\/li>\n<li><b>Ominaisuudet \/ Toiminta \/ Suunnittelu:<\/b> Sis\u00e4\u00e4nrakennettu valaistus valaisee tilasi, eik\u00e4 lis\u00e4vailluminen ole tarpeen. Kaapin muotoilu yhdistelee yksinkertaisuutta ja k\u00e4yt\u00e4nn\u00f6llisyytt\u00e4, ja siistit linjat sopivat moderniin sisustukseen. USB-portti tuo mukautuvuutta ja energiatehokkuutta.<\/li>\n<li><b>Suositellut k\u00e4ytt\u00f6tarkoitukset:<\/b> T\u00e4m\u00e4 tyylik\u00e4s sein\u00e4kiinnitett\u00e4v\u00e4 peilikaappi sopii hyvin kylpyhuoneisiin, parantaen tilank\u00e4ytt\u00f6\u00e4 ja k\u00e4yt\u00e4nn\u00f6llisyytt\u00e4. Erityisesti pieniin asuntoihin ja huoneisiin, joissa tilan maksimointi on t\u00e4rke\u00e4\u00e4 ja tyylikk\u00e4\u00e4t ratkaisut ovat  t\u00e4rkeit\u00e4.<\/li>\n<li><b>Hoito &amp; Yll\u00e4pito:<\/b> Pid\u00e4 kaappi hyv\u00e4ss\u00e4 kunnossa pyyhkim\u00e4ll\u00e4 sen pinnat s\u00e4\u00e4nn\u00f6llisesti kuivalla liinalla. V\u00e4lt\u00e4 voimakkaita kemikaaleja, jotka voivat vahingoittaa pintaa. T\u00e4m\u00e4 yksinkertainen hoitorutiini pit\u00e4\u00e4 kaapin kiilt\u00e4v\u00e4n\u00e4 ja toimintakunnossa.<\/li>\n<\/ul>\n<p><strong>T\u00e4rke\u00e4\u00e4 tiet\u00e4\u00e4:<\/strong><\/p>\n<ul>\n<li>Tuotteessa on USB-liit\u00e4nt\u00e4, mutta varmistettu 5V USB-virtal\u00e4hde ei sis\u00e4lly pakettiin<\/li>\n<\/ul>\n<ul>\n<li>V\u00e4ri: Artisan tammi<\/li>\n<li>Materiaali: Tekninen puu<\/li>\n<li>Yleiset mitat: 60 x 31,5 x 62 cm (P x L x K)<\/li>\n<li>Paino: 10,75 kg<\/li>\n<li>Sis\u00e4\u00e4nrakennettu valaistus<\/li>\n<li>S\u00e4ilytystila<\/li>\n<li>Virtal\u00e4hde: USB<\/li>\n<li>Valotyyppi: Peilivalot<\/li>\n<li>Peilill\u00e4<\/li>\n<li>Mukana 3 levyhyllyt<\/li>\n<li>Kehysmateriaali: Tekninen puu<\/li>\n<li>Vain sis\u00e4k\u00e4ytt\u00f6\u00f6n<\/li>\n<li>Toimitus-:<\/li>\n<li>1 x peilikaappi<\/li>\n<li>Kokoonpano vaaditaan: Kyll\u00e4<\/li>\n<\/ul>\n","protected":false},"excerpt":{"rendered":"<ul>\n<li>V\u00e4ri: Artisan tammi<\/li>\n<li>Materiaali: Tekninen puu<\/li>\n<li>Yleiset mitat: 60 x 31,5 x 62 cm (P x L x K)<\/li>\n<li>Paino: 10,75 kg<\/li>\n<li>Sis\u00e4\u00e4nrakennettu valaistus<\/li>\n<li>S\u00e4ilytystila<\/li>\n<li>Virtal\u00e4hde: USB<\/li>\n<li>Valotyyppi: Peilivalot<\/li>\n<li>Peilill\u00e4<\/li>\n<li>Mukana 3 levyhyllyt<\/li>\n<li>Kehysmateriaali: Tekninen puu<\/li>\n<li>Vain sis\u00e4k\u00e4ytt\u00f6\u00f6n<\/li>\n<li>Toimitus-:<\/li>\n<li>1 x peilikaappi<\/li>\n<li>Kokoonpano vaaditaan: Kyll\u00e4<\/li>\n<\/ul>\n","protected":false},"featured_media":100000201192,"comment_status":"closed","ping_status":"closed","template":"","meta":[],"product_brand":[],"product_cat":[84,8561,8562],"product_tag":[],"class_list":{"0":"post-201192","1":"product","2":"type-product","3":"status-publish","4":"has-post-thumbnail","6":"product_cat-huonekalut","7":"product_cat-kampauspoydat","8":"product_cat-kylpyhuoneen-kampauspoydat","10":"first","11":"instock","12":"taxable","13":"shipping-taxable","14":"purchasable","15":"product-type-simple"},"_links":{"self":[{"href":"https:\/\/www.otiumhome.fi\/index.php\/wp-json\/wp\/v2\/product\/201192","targetHints":{"allow":["GET"]}}],"collection":[{"href":"https:\/\/www.otiumhome.fi\/index.php\/wp-json\/wp\/v2\/product"}],"about":[{"href":"https:\/\/www.otiumhome.fi\/index.php\/wp-json\/wp\/v2\/types\/product"}],"replies":[{"embeddable":true,"href":"https:\/\/www.otiumhome.fi\/index.php\/wp-json\/wp\/v2\/comments?post=201192"}],"wp:featuredmedia":[{"embeddable":true,"href":"https:\/\/www.otiumhome.fi\/index.php\/wp-json\/"}],"wp:attachment":[{"href":"https:\/\/www.otiumhome.fi\/index.php\/wp-json\/wp\/v2\/media?parent=201192"}],"wp:term":[{"taxonomy":"product_brand","embeddable":true,"href":"https:\/\/www.otiumhome.fi\/index.php\/wp-json\/wp\/v2\/product_brand?post=201192"},{"taxonomy":"product_cat","embeddable":true,"href":"https:\/\/www.otiumhome.fi\/index.php\/wp-json\/wp\/v2\/product_cat?post=201192"},{"taxonomy":"product_tag","embeddable":true,"href":"https:\/\/www.otiumhome.fi\/index.php\/wp-json\/wp\/v2\/product_tag?post=201192"}],"curies":[{"name":"wp","href":"https:\/\/api.w.org\/{rel}","templated":true}]}}